{"id":11285,"date":"2018-01-09T11:30:03","date_gmt":"2018-01-09T10:30:03","guid":{"rendered":"http:\/\/futurelab-aachen.de\/en\/event\/beratungstage-6\/"},"modified":"2018-01-09T11:30:03","modified_gmt":"2018-01-09T10:30:03","slug":"beratungstage-6","status":"publish","type":"tribe_events","link":"https:\/\/futurelab-aachen.de\/en\/event\/beratungstage-6\/","title":{"rendered":"Beratungstage"},"content":{"rendered":"<p>&#8220;Wei\u00dft du schon, was du studieren willst?&#8221; &#8211; Unter diesem Motto veranstaltet die RWTH Aachen vom 30. Januar bis 1. Februar 2018 Beratungstage f\u00fcr Sch\u00fclerinnen und Sch\u00fcler sowie Studieninteressierte. Jeder Tag hat dabei einen inhaltlichen Schwerpunkt: Am Dienstag, 30. Januar stehen die Ingenieurwissenschaften im Fokus. Mittwoch, 31. Januar ist Tag der Naturwissenschaften, Informatik, Mathematik, Geowissenschaften und Medizin. Am Donnerstag, 1. Februar geht es um Studieng\u00e4nge der Geistes-, Sozial- und Wirtschaftswissenschaften.<\/p>\n<p>Vormittags k\u00f6nnen sich Besucherinnen und Besucher im H\u00f6rsaalzentrum C.A.R.L., Cla\u00dfenstra\u00dfe 11, in Vortr\u00e4gen, Pr\u00e4sentationen sowie Infost\u00e4nden \u00fcber die Studieng\u00e4nge und weitere studienrelevante Themen informieren. Nachmittags werden Probevorlesungen, Fachvortr\u00e4ge und Institutsbesichtigungen auf dem Hochschulgel\u00e4nde angeboten. Hierzu ist teilweise morgens eine Anmeldung an den Beratungsst\u00e4nden erforderlich. Das Programm ist unter <a href=\"http:\/\/www.rwth-aachen.de\/beratungstage\">www.rwth-aachen.de\/beratungstage<\/a> abrufbar.<\/p>\n<p>&nbsp;<\/p>\n<p><a href=\"https:\/\/futurelab-aachen.de\/wp-content\/uploads\/2016\/01\/sw__0016_rwth_schwarz_grau_rgb.png\"><img decoding=\"async\" class=\"size-full wp-image-3087\" src=\"https:\/\/futurelab-aachen.de\/wp-content\/uploads\/2016\/01\/sw__0016_rwth_schwarz_grau_rgb.png\" alt=\"\" width=\"212\" height=\"59\" \/><\/a><\/p>\n","protected":false},"excerpt":{"rendered":"<p>&#8220;Wei\u00dft du schon, was du studieren willst?&#8221; &#8211; Unter diesem Motto veranstaltet die RWTH Aachen vom 30. Januar [&hellip;]<\/p>\n","protected":false},"author":7,"featured_media":0,"template":"","meta":{"_acf_changed":false,"_lmt_disableupdate":"","_lmt_disable":"","_tribe_events_status":"","_tribe_events_status_reason":"","footnotes":""},"tags":[],"tribe_events_cat":[53],"class_list":["post-11285","tribe_events","type-tribe_events","status-publish","hentry","tribe_events_cat-info-en","cat_info-en"],"acf":[],"yoast_head":"<!-- This site is optimized with the Yoast SEO plugin v26.9 - https:\/\/yoast.com\/product\/yoast-seo-wordpress\/ -->\n<title>Beratungstage - Future Lab Aachen<\/title>\n<meta name=\"robots\" content=\"index, follow, max-snippet:-1, max-image-preview:large, max-video-preview:-1\" \/>\n<link rel=\"canonical\" href=\"https:\/\/futurelab-aachen.de\/en\/event\/beratungstage-6\/\" \/>\n<meta property=\"og:locale\" content=\"en_US\" \/>\n<meta property=\"og:type\" content=\"article\" \/>\n<meta property=\"og:title\" content=\"Beratungstage - Future Lab Aachen\" \/>\n<meta property=\"og:description\" content=\"&#8220;Wei\u00dft du schon, was du studieren willst?&#8221; &#8211; Unter diesem Motto veranstaltet die RWTH Aachen vom 30. Januar [&hellip;]\" \/>\n<meta property=\"og:url\" content=\"https:\/\/futurelab-aachen.de\/en\/event\/beratungstage-6\/\" \/>\n<meta property=\"og:site_name\" content=\"Future Lab Aachen\" \/>\n<meta property=\"og:image\" content=\"https:\/\/futurelab-aachen.de\/wp-content\/uploads\/2016\/01\/sw__0016_rwth_schwarz_grau_rgb.png\" \/>\n<meta name=\"twitter:card\" content=\"summary_large_image\" \/>\n<meta name=\"twitter:label1\" content=\"Est. reading time\" \/>\n\t<meta name=\"twitter:data1\" content=\"1 minute\" \/>\n<script type=\"application\/ld+json\" class=\"yoast-schema-graph\">{\"@context\":\"https:\/\/schema.org\",\"@graph\":[{\"@type\":\"WebPage\",\"@id\":\"https:\/\/futurelab-aachen.de\/en\/event\/beratungstage-6\/\",\"url\":\"https:\/\/futurelab-aachen.de\/en\/event\/beratungstage-6\/\",\"name\":\"Beratungstage - Future Lab Aachen\",\"isPartOf\":{\"@id\":\"https:\/\/futurelab-aachen.de\/#website\"},\"primaryImageOfPage\":{\"@id\":\"https:\/\/futurelab-aachen.de\/en\/event\/beratungstage-6\/#primaryimage\"},\"image\":{\"@id\":\"https:\/\/futurelab-aachen.de\/en\/event\/beratungstage-6\/#primaryimage\"},\"thumbnailUrl\":\"https:\/\/futurelab-aachen.de\/wp-content\/uploads\/2016\/01\/sw__0016_rwth_schwarz_grau_rgb.png\",\"datePublished\":\"2018-01-09T10:30:03+00:00\",\"breadcrumb\":{\"@id\":\"https:\/\/futurelab-aachen.de\/en\/event\/beratungstage-6\/#breadcrumb\"},\"inLanguage\":\"en-US\",\"potentialAction\":[{\"@type\":\"ReadAction\",\"target\":[\"https:\/\/futurelab-aachen.de\/en\/event\/beratungstage-6\/\"]}]},{\"@type\":\"ImageObject\",\"inLanguage\":\"en-US\",\"@id\":\"https:\/\/futurelab-aachen.de\/en\/event\/beratungstage-6\/#primaryimage\",\"url\":\"https:\/\/futurelab-aachen.de\/wp-content\/uploads\/2016\/01\/sw__0016_rwth_schwarz_grau_rgb.png\",\"contentUrl\":\"https:\/\/futurelab-aachen.de\/wp-content\/uploads\/2016\/01\/sw__0016_rwth_schwarz_grau_rgb.png\"},{\"@type\":\"BreadcrumbList\",\"@id\":\"https:\/\/futurelab-aachen.de\/en\/event\/beratungstage-6\/#breadcrumb\",\"itemListElement\":[{\"@type\":\"ListItem\",\"position\":1,\"name\":\"Startseite\",\"item\":\"https:\/\/futurelab-aachen.de\/en\/\"},{\"@type\":\"ListItem\",\"position\":2,\"name\":\"Veranstaltungen\",\"item\":\"https:\/\/futurelab-aachen.de\/event\/\"},{\"@type\":\"ListItem\",\"position\":3,\"name\":\"Beratungstage\"}]},{\"@type\":\"WebSite\",\"@id\":\"https:\/\/futurelab-aachen.de\/#website\",\"url\":\"https:\/\/futurelab-aachen.de\/\",\"name\":\"Future Lab Aachen\",\"description\":\"Kunst des Fortschritts\",\"publisher\":{\"@id\":\"https:\/\/futurelab-aachen.de\/#organization\"},\"potentialAction\":[{\"@type\":\"SearchAction\",\"target\":{\"@type\":\"EntryPoint\",\"urlTemplate\":\"https:\/\/futurelab-aachen.de\/?s={search_term_string}\"},\"query-input\":{\"@type\":\"PropertyValueSpecification\",\"valueRequired\":true,\"valueName\":\"search_term_string\"}}],\"inLanguage\":\"en-US\"},{\"@type\":\"Organization\",\"@id\":\"https:\/\/futurelab-aachen.de\/#organization\",\"name\":\"Future Lab Aachen\",\"url\":\"https:\/\/futurelab-aachen.de\/\",\"logo\":{\"@type\":\"ImageObject\",\"inLanguage\":\"en-US\",\"@id\":\"https:\/\/futurelab-aachen.de\/#\/schema\/logo\/image\/\",\"url\":\"\",\"contentUrl\":\"\",\"caption\":\"Future Lab Aachen\"},\"image\":{\"@id\":\"https:\/\/futurelab-aachen.de\/#\/schema\/logo\/image\/\"}}]}<\/script>\n<!-- \/ Yoast SEO plugin. -->","yoast_head_json":{"title":"Beratungstage - Future Lab Aachen","robots":{"index":"index","follow":"follow","max-snippet":"max-snippet:-1","max-image-preview":"max-image-preview:large","max-video-preview":"max-video-preview:-1"},"canonical":"https:\/\/futurelab-aachen.de\/en\/event\/beratungstage-6\/","og_locale":"en_US","og_type":"article","og_title":"Beratungstage - Future Lab Aachen","og_description":"&#8220;Wei\u00dft du schon, was du studieren willst?&#8221; &#8211; Unter diesem Motto veranstaltet die RWTH Aachen vom 30. Januar [&hellip;]","og_url":"https:\/\/futurelab-aachen.de\/en\/event\/beratungstage-6\/","og_site_name":"Future Lab Aachen","og_image":[{"url":"https:\/\/futurelab-aachen.de\/wp-content\/uploads\/2016\/01\/sw__0016_rwth_schwarz_grau_rgb.png","type":"","width":"","height":""}],"twitter_card":"summary_large_image","twitter_misc":{"Est. reading time":"1 minute"},"schema":{"@context":"https:\/\/schema.org","@graph":[{"@type":"WebPage","@id":"https:\/\/futurelab-aachen.de\/en\/event\/beratungstage-6\/","url":"https:\/\/futurelab-aachen.de\/en\/event\/beratungstage-6\/","name":"Beratungstage - Future Lab Aachen","isPartOf":{"@id":"https:\/\/futurelab-aachen.de\/#website"},"primaryImageOfPage":{"@id":"https:\/\/futurelab-aachen.de\/en\/event\/beratungstage-6\/#primaryimage"},"image":{"@id":"https:\/\/futurelab-aachen.de\/en\/event\/beratungstage-6\/#primaryimage"},"thumbnailUrl":"https:\/\/futurelab-aachen.de\/wp-content\/uploads\/2016\/01\/sw__0016_rwth_schwarz_grau_rgb.png","datePublished":"2018-01-09T10:30:03+00:00","breadcrumb":{"@id":"https:\/\/futurelab-aachen.de\/en\/event\/beratungstage-6\/#breadcrumb"},"inLanguage":"en-US","potentialAction":[{"@type":"ReadAction","target":["https:\/\/futurelab-aachen.de\/en\/event\/beratungstage-6\/"]}]},{"@type":"ImageObject","inLanguage":"en-US","@id":"https:\/\/futurelab-aachen.de\/en\/event\/beratungstage-6\/#primaryimage","url":"https:\/\/futurelab-aachen.de\/wp-content\/uploads\/2016\/01\/sw__0016_rwth_schwarz_grau_rgb.png","contentUrl":"https:\/\/futurelab-aachen.de\/wp-content\/uploads\/2016\/01\/sw__0016_rwth_schwarz_grau_rgb.png"},{"@type":"BreadcrumbList","@id":"https:\/\/futurelab-aachen.de\/en\/event\/beratungstage-6\/#breadcrumb","itemListElement":[{"@type":"ListItem","position":1,"name":"Startseite","item":"https:\/\/futurelab-aachen.de\/en\/"},{"@type":"ListItem","position":2,"name":"Veranstaltungen","item":"https:\/\/futurelab-aachen.de\/event\/"},{"@type":"ListItem","position":3,"name":"Beratungstage"}]},{"@type":"WebSite","@id":"https:\/\/futurelab-aachen.de\/#website","url":"https:\/\/futurelab-aachen.de\/","name":"Future Lab Aachen","description":"Kunst des Fortschritts","publisher":{"@id":"https:\/\/futurelab-aachen.de\/#organization"},"potentialAction":[{"@type":"SearchAction","target":{"@type":"EntryPoint","urlTemplate":"https:\/\/futurelab-aachen.de\/?s={search_term_string}"},"query-input":{"@type":"PropertyValueSpecification","valueRequired":true,"valueName":"search_term_string"}}],"inLanguage":"en-US"},{"@type":"Organization","@id":"https:\/\/futurelab-aachen.de\/#organization","name":"Future Lab Aachen","url":"https:\/\/futurelab-aachen.de\/","logo":{"@type":"ImageObject","inLanguage":"en-US","@id":"https:\/\/futurelab-aachen.de\/#\/schema\/logo\/image\/","url":"","contentUrl":"","caption":"Future Lab Aachen"},"image":{"@id":"https:\/\/futurelab-aachen.de\/#\/schema\/logo\/image\/"}}]}},"_links":{"self":[{"href":"https:\/\/futurelab-aachen.de\/en\/wp-json\/wp\/v2\/tribe_events\/11285","targetHints":{"allow":["GET"]}}],"collection":[{"href":"https:\/\/futurelab-aachen.de\/en\/wp-json\/wp\/v2\/tribe_events"}],"about":[{"href":"https:\/\/futurelab-aachen.de\/en\/wp-json\/wp\/v2\/types\/tribe_events"}],"author":[{"embeddable":true,"href":"https:\/\/futurelab-aachen.de\/en\/wp-json\/wp\/v2\/users\/7"}],"version-history":[{"count":0,"href":"https:\/\/futurelab-aachen.de\/en\/wp-json\/wp\/v2\/tribe_events\/11285\/revisions"}],"wp:attachment":[{"href":"https:\/\/futurelab-aachen.de\/en\/wp-json\/wp\/v2\/media?parent=11285"}],"wp:term":[{"taxonomy":"post_tag","embeddable":true,"href":"https:\/\/futurelab-aachen.de\/en\/wp-json\/wp\/v2\/tags?post=11285"},{"taxonomy":"tribe_events_cat","embeddable":true,"href":"https:\/\/futurelab-aachen.de\/en\/wp-json\/wp\/v2\/tribe_events_cat?post=11285"}],"curies":[{"name":"wp","href":"https:\/\/api.w.org\/{rel}","templated":true}]}}

<p>&#8220;Weißt du schon, was du studieren willst?&#8221; &#8211; Unter diesem Motto veranstaltet die RWTH Aachen vom 30. Januar bis 1. Februar 2018 Beratungstage für Schülerinnen und Schüler sowie Studieninteressierte. Jeder Tag hat dabei einen inhaltlichen Schwerpunkt: Am Dienstag, 30. Januar stehen die Ingenieurwissenschaften im Fokus. Mittwoch, 31. Januar ist Tag der Naturwissenschaften, Informatik, Mathematik, Geowissenschaften und Medizin. Am Donnerstag, 1. Februar geht es um Studiengänge der Geistes-, Sozial- und Wirtschaftswissenschaften.</p>
<p>Vormittags können sich Besucherinnen und Besucher im Hörsaalzentrum C.A.R.L., Claßenstraße 11, in Vorträgen, Präsentationen sowie Infoständen über die Studiengänge und weitere studienrelevante Themen informieren. Nachmittags werden Probevorlesungen, Fachvorträge und Institutsbesichtigungen auf dem Hochschulgelände angeboten. Hierzu ist teilweise morgens eine Anmeldung an den Beratungsständen erforderlich. Das Programm ist unter <a href="http://www.rwth-aachen.de/beratungstage">www.rwth-aachen.de/beratungstage</a> abrufbar.</p>
<p>&nbsp;</p>
<p><a href="https://futurelab-aachen.de/wp-content/uploads/2016/01/sw__0016_rwth_schwarz_grau_rgb.png"><img decoding="async" class="size-full wp-image-3087" src="https://futurelab-aachen.de/wp-content/uploads/2016/01/sw__0016_rwth_schwarz_grau_rgb.png" alt="" width="212" height="59" /></a></p>

<p>&#8220;Weißt du schon, was du studieren willst?&#8221; &#8211; Unter diesem Motto veranstaltet die RWTH Aachen vom 30. Januar [&hellip;]</p>

<!-- This site is optimized with the Yoast SEO plugin v26.9 - https://yoast.com/product/yoast-seo-wordpress/ -->
<title>Beratungstage - Future Lab Aachen</title>
<meta name="robots" content="index, follow, max-snippet:-1, max-image-preview:large, max-video-preview:-1" />
<link rel="canonical" href="https://futurelab-aachen.de/en/event/beratungstage-6/" />
<meta property="og:locale" content="en_US" />
<meta property="og:type" content="article" />
<meta property="og:title" content="Beratungstage - Future Lab Aachen" />
<meta property="og:description" content="&#8220;Weißt du schon, was du studieren willst?&#8221; &#8211; Unter diesem Motto veranstaltet die RWTH Aachen vom 30. Januar [&hellip;]" />
<meta property="og:url" content="https://futurelab-aachen.de/en/event/beratungstage-6/" />
<meta property="og:site_name" content="Future Lab Aachen" />
<meta property="og:image" content="https://futurelab-aachen.de/wp-content/uploads/2016/01/sw__0016_rwth_schwarz_grau_rgb.png" />
<meta name="twitter:card" content="summary_large_image" />
<meta name="twitter:label1" content="Est. reading time" />
	<meta name="twitter:data1" content="1 minute" />
<script type="application/ld+json" class="yoast-schema-graph">{"@context":"https://schema.org","@graph":[{"@type":"WebPage","@id":"https://futurelab-aachen.de/en/event/beratungstage-6/","url":"https://futurelab-aachen.de/en/event/beratungstage-6/","name":"Beratungstage - Future Lab Aachen","isPartOf":{"@id":"https://futurelab-aachen.de/#website"},"primaryImageOfPage":{"@id":"https://futurelab-aachen.de/en/event/beratungstage-6/#primaryimage"},"image":{"@id":"https://futurelab-aachen.de/en/event/beratungstage-6/#primaryimage"},"thumbnailUrl":"https://futurelab-aachen.de/wp-content/uploads/2016/01/sw__0016_rwth_schwarz_grau_rgb.png","datePublished":"2018-01-09T10:30:03+00:00","breadcrumb":{"@id":"https://futurelab-aachen.de/en/event/beratungstage-6/#breadcrumb"},"inLanguage":"en-US","potentialAction":[{"@type":"ReadAction","target":["https://futurelab-aachen.de/en/event/beratungstage-6/"]}]},{"@type":"ImageObject","inLanguage":"en-US","@id":"https://futurelab-aachen.de/en/event/beratungstage-6/#primaryimage","url":"https://futurelab-aachen.de/wp-content/uploads/2016/01/sw__0016_rwth_schwarz_grau_rgb.png","contentUrl":"https://futurelab-aachen.de/wp-content/uploads/2016/01/sw__0016_rwth_schwarz_grau_rgb.png"},{"@type":"BreadcrumbList","@id":"https://futurelab-aachen.de/en/event/beratungstage-6/#breadcrumb","itemListElement":[{"@type":"ListItem","position":1,"name":"Startseite","item":"https://futurelab-aachen.de/en/"},{"@type":"ListItem","position":2,"name":"Veranstaltungen","item":"https://futurelab-aachen.de/event/"},{"@type":"ListItem","position":3,"name":"Beratungstage"}]},{"@type":"WebSite","@id":"https://futurelab-aachen.de/#website","url":"https://futurelab-aachen.de/","name":"Future Lab Aachen","description":"Kunst des Fortschritts","publisher":{"@id":"https://futurelab-aachen.de/#organization"},"potentialAction":[{"@type":"SearchAction","target":{"@type":"EntryPoint","urlTemplate":"https://futurelab-aachen.de/?s={search_term_string}"},"query-input":{"@type":"PropertyValueSpecification","valueRequired":true,"valueName":"search_term_string"}}],"inLanguage":"en-US"},{"@type":"Organization","@id":"https://futurelab-aachen.de/#organization","name":"Future Lab Aachen","url":"https://futurelab-aachen.de/","logo":{"@type":"ImageObject","inLanguage":"en-US","@id":"https://futurelab-aachen.de/#/schema/logo/image/","url":"","contentUrl":"","caption":"Future Lab Aachen"},"image":{"@id":"https://futurelab-aachen.de/#/schema/logo/image/"}}]}</script>
<!-- / Yoast SEO plugin. -->

&#8220;Weißt du schon, was du studieren willst?&#8221; &#8211; Unter diesem Motto veranstaltet die RWTH Aachen vom 30. Januar [&hellip;]
