{"id":4998,"date":"2016-03-21T11:39:23","date_gmt":"2016-03-21T10:39:23","guid":{"rendered":"http:\/\/futurelab-aachen.de\/event\/tag-der-offenen-gartentuer-2\/"},"modified":"2016-03-21T11:39:23","modified_gmt":"2016-03-21T10:39:23","slug":"tag-der-offenen-gartentuer","status":"publish","type":"tribe_events","link":"https:\/\/futurelab-aachen.de\/en\/event\/tag-der-offenen-gartentuer\/","title":{"rendered":"Tag der offenen Gartent\u00fcr"},"content":{"rendered":"<p>Der 21. Juni gibt dem Deutsch-Franz\u00f6sischen Kulturinstitut Aachen gleich zwei Anl\u00e4sse zum Feiern: den Tag der offenen Gartent\u00fcr und die F\u00eate de la musique im Garten(saal).<\/p>\n<p>18 G\u00e4rten werden in Aachen und der Umgebung ge\u00f6ffnet sein, um die Aktion \u201cAachener Kindern den Tisch decken\u201c zu unterst\u00fctzen. Zu entdecken gibt es im Haus Matth\u00e9y den Garten, der mit seiner Skulptur, seiner biedermeierlichen Brunnenecke und den hinter der Gartenmauer hoch aufragenden B\u00e4umen an vergangene Pracht erinnert. Dar\u00fcber hinaus findet ein Flohmarkt mit B\u00fcchern rund um Frankreich, die franz\u00f6sische Literatur und Kultur statt!<\/p>\n<p>Am sp\u00e4teren Nachmittag veranstaltet das DFKI die F\u00eate de la Musique, die 1982 vom damaligen franz\u00f6sischen Kulturminister Jack Lang eingef\u00fchrt wurde. Immer am ersten Sommertag wird die Musik gefeiert und das in Deutschland allein in 42 St\u00e4dten!<\/p>\n<p>Professionelle Musiker sowie Amateure aller Musikgenres sind unter dem Motto \u201eFaites de la Musique\u201c eingeladen, Musik zu spielen, aber auch als Zuh\u00f6rer daran teilzunehmen.<\/p>\n<p>Das Programm und mehr Infos auf der Seite des <a href=\"https:\/\/aachen.institutfrancais.de\/kalender\/veranstaltung\/tag-der-offenen-gartentuer-fete-de-la-musique\" target=\"_blank\">DFKI<\/a>.<\/p>\n","protected":false},"excerpt":{"rendered":"<p>Der 21. Juni gibt dem Deutsch-Franz\u00f6sischen Kulturinstitut Aachen gleich zwei Anl\u00e4sse zum Feiern: den Tag der offenen Gartent\u00fcr [&hellip;]<\/p>\n","protected":false},"author":3,"featured_media":4872,"template":"","meta":{"_acf_changed":false,"_lmt_disableupdate":"","_lmt_disable":"","_tribe_events_status":"","_tribe_events_status_reason":"","footnotes":""},"tags":[],"tribe_events_cat":[50],"class_list":["post-4998","tribe_events","type-tribe_events","status-publish","has-post-thumbnail","hentry","tribe_events_cat-performance-en","cat_performance-en"],"acf":[],"yoast_head":"<!-- This site is optimized with the Yoast SEO plugin v26.9 - https:\/\/yoast.com\/product\/yoast-seo-wordpress\/ -->\n<title>Tag der offenen Gartent\u00fcr - Future Lab Aachen<\/title>\n<meta name=\"robots\" content=\"index, follow, max-snippet:-1, max-image-preview:large, max-video-preview:-1\" \/>\n<link rel=\"canonical\" href=\"https:\/\/futurelab-aachen.de\/en\/event\/tag-der-offenen-gartentuer\/\" \/>\n<meta property=\"og:locale\" content=\"en_US\" \/>\n<meta property=\"og:type\" content=\"article\" \/>\n<meta property=\"og:title\" content=\"Tag der offenen Gartent\u00fcr - Future Lab Aachen\" \/>\n<meta property=\"og:description\" content=\"Der 21. Juni gibt dem Deutsch-Franz\u00f6sischen Kulturinstitut Aachen gleich zwei Anl\u00e4sse zum Feiern: den Tag der offenen Gartent\u00fcr [&hellip;]\" \/>\n<meta property=\"og:url\" content=\"https:\/\/futurelab-aachen.de\/en\/event\/tag-der-offenen-gartentuer\/\" \/>\n<meta property=\"og:site_name\" content=\"Future Lab Aachen\" \/>\n<meta property=\"og:image\" content=\"https:\/\/futurelab-aachen.de\/wp-content\/uploads\/2016\/03\/Wissenschaftsjahr_Illus_Flapp_Preis.jpeg\" \/>\n\t<meta property=\"og:image:width\" content=\"720\" \/>\n\t<meta property=\"og:image:height\" content=\"480\" \/>\n\t<meta property=\"og:image:type\" content=\"image\/jpeg\" \/>\n<meta name=\"twitter:card\" content=\"summary_large_image\" \/>\n<meta name=\"twitter:label1\" content=\"Est. reading time\" \/>\n\t<meta name=\"twitter:data1\" content=\"1 minute\" \/>\n<script type=\"application\/ld+json\" class=\"yoast-schema-graph\">{\"@context\":\"https:\/\/schema.org\",\"@graph\":[{\"@type\":\"WebPage\",\"@id\":\"https:\/\/futurelab-aachen.de\/en\/event\/tag-der-offenen-gartentuer\/\",\"url\":\"https:\/\/futurelab-aachen.de\/en\/event\/tag-der-offenen-gartentuer\/\",\"name\":\"Tag der offenen Gartent\u00fcr - Future Lab Aachen\",\"isPartOf\":{\"@id\":\"https:\/\/futurelab-aachen.de\/#website\"},\"primaryImageOfPage\":{\"@id\":\"https:\/\/futurelab-aachen.de\/en\/event\/tag-der-offenen-gartentuer\/#primaryimage\"},\"image\":{\"@id\":\"https:\/\/futurelab-aachen.de\/en\/event\/tag-der-offenen-gartentuer\/#primaryimage\"},\"thumbnailUrl\":\"https:\/\/futurelab-aachen.de\/wp-content\/uploads\/2016\/03\/Wissenschaftsjahr_Illus_Flapp_Preis.jpeg\",\"datePublished\":\"2016-03-21T10:39:23+00:00\",\"breadcrumb\":{\"@id\":\"https:\/\/futurelab-aachen.de\/en\/event\/tag-der-offenen-gartentuer\/#breadcrumb\"},\"inLanguage\":\"en-US\",\"potentialAction\":[{\"@type\":\"ReadAction\",\"target\":[\"https:\/\/futurelab-aachen.de\/en\/event\/tag-der-offenen-gartentuer\/\"]}]},{\"@type\":\"ImageObject\",\"inLanguage\":\"en-US\",\"@id\":\"https:\/\/futurelab-aachen.de\/en\/event\/tag-der-offenen-gartentuer\/#primaryimage\",\"url\":\"https:\/\/futurelab-aachen.de\/wp-content\/uploads\/2016\/03\/Wissenschaftsjahr_Illus_Flapp_Preis.jpeg\",\"contentUrl\":\"https:\/\/futurelab-aachen.de\/wp-content\/uploads\/2016\/03\/Wissenschaftsjahr_Illus_Flapp_Preis.jpeg\",\"width\":720,\"height\":480,\"caption\":\"Future Lab_Preis_wesentlich\"},{\"@type\":\"BreadcrumbList\",\"@id\":\"https:\/\/futurelab-aachen.de\/en\/event\/tag-der-offenen-gartentuer\/#breadcrumb\",\"itemListElement\":[{\"@type\":\"ListItem\",\"position\":1,\"name\":\"Startseite\",\"item\":\"https:\/\/futurelab-aachen.de\/en\/\"},{\"@type\":\"ListItem\",\"position\":2,\"name\":\"Veranstaltungen\",\"item\":\"https:\/\/futurelab-aachen.de\/event\/\"},{\"@type\":\"ListItem\",\"position\":3,\"name\":\"Tag der offenen Gartent\u00fcr\"}]},{\"@type\":\"WebSite\",\"@id\":\"https:\/\/futurelab-aachen.de\/#website\",\"url\":\"https:\/\/futurelab-aachen.de\/\",\"name\":\"Future Lab Aachen\",\"description\":\"Kunst des Fortschritts\",\"publisher\":{\"@id\":\"https:\/\/futurelab-aachen.de\/#organization\"},\"potentialAction\":[{\"@type\":\"SearchAction\",\"target\":{\"@type\":\"EntryPoint\",\"urlTemplate\":\"https:\/\/futurelab-aachen.de\/?s={search_term_string}\"},\"query-input\":{\"@type\":\"PropertyValueSpecification\",\"valueRequired\":true,\"valueName\":\"search_term_string\"}}],\"inLanguage\":\"en-US\"},{\"@type\":\"Organization\",\"@id\":\"https:\/\/futurelab-aachen.de\/#organization\",\"name\":\"Future Lab Aachen\",\"url\":\"https:\/\/futurelab-aachen.de\/\",\"logo\":{\"@type\":\"ImageObject\",\"inLanguage\":\"en-US\",\"@id\":\"https:\/\/futurelab-aachen.de\/#\/schema\/logo\/image\/\",\"url\":\"\",\"contentUrl\":\"\",\"caption\":\"Future Lab Aachen\"},\"image\":{\"@id\":\"https:\/\/futurelab-aachen.de\/#\/schema\/logo\/image\/\"}}]}<\/script>\n<!-- \/ Yoast SEO plugin. -->","yoast_head_json":{"title":"Tag der offenen Gartent\u00fcr - Future Lab Aachen","robots":{"index":"index","follow":"follow","max-snippet":"max-snippet:-1","max-image-preview":"max-image-preview:large","max-video-preview":"max-video-preview:-1"},"canonical":"https:\/\/futurelab-aachen.de\/en\/event\/tag-der-offenen-gartentuer\/","og_locale":"en_US","og_type":"article","og_title":"Tag der offenen Gartent\u00fcr - Future Lab Aachen","og_description":"Der 21. Juni gibt dem Deutsch-Franz\u00f6sischen Kulturinstitut Aachen gleich zwei Anl\u00e4sse zum Feiern: den Tag der offenen Gartent\u00fcr [&hellip;]","og_url":"https:\/\/futurelab-aachen.de\/en\/event\/tag-der-offenen-gartentuer\/","og_site_name":"Future Lab Aachen","og_image":[{"width":720,"height":480,"url":"https:\/\/futurelab-aachen.de\/wp-content\/uploads\/2016\/03\/Wissenschaftsjahr_Illus_Flapp_Preis.jpeg","type":"image\/jpeg"}],"twitter_card":"summary_large_image","twitter_misc":{"Est. reading time":"1 minute"},"schema":{"@context":"https:\/\/schema.org","@graph":[{"@type":"WebPage","@id":"https:\/\/futurelab-aachen.de\/en\/event\/tag-der-offenen-gartentuer\/","url":"https:\/\/futurelab-aachen.de\/en\/event\/tag-der-offenen-gartentuer\/","name":"Tag der offenen Gartent\u00fcr - Future Lab Aachen","isPartOf":{"@id":"https:\/\/futurelab-aachen.de\/#website"},"primaryImageOfPage":{"@id":"https:\/\/futurelab-aachen.de\/en\/event\/tag-der-offenen-gartentuer\/#primaryimage"},"image":{"@id":"https:\/\/futurelab-aachen.de\/en\/event\/tag-der-offenen-gartentuer\/#primaryimage"},"thumbnailUrl":"https:\/\/futurelab-aachen.de\/wp-content\/uploads\/2016\/03\/Wissenschaftsjahr_Illus_Flapp_Preis.jpeg","datePublished":"2016-03-21T10:39:23+00:00","breadcrumb":{"@id":"https:\/\/futurelab-aachen.de\/en\/event\/tag-der-offenen-gartentuer\/#breadcrumb"},"inLanguage":"en-US","potentialAction":[{"@type":"ReadAction","target":["https:\/\/futurelab-aachen.de\/en\/event\/tag-der-offenen-gartentuer\/"]}]},{"@type":"ImageObject","inLanguage":"en-US","@id":"https:\/\/futurelab-aachen.de\/en\/event\/tag-der-offenen-gartentuer\/#primaryimage","url":"https:\/\/futurelab-aachen.de\/wp-content\/uploads\/2016\/03\/Wissenschaftsjahr_Illus_Flapp_Preis.jpeg","contentUrl":"https:\/\/futurelab-aachen.de\/wp-content\/uploads\/2016\/03\/Wissenschaftsjahr_Illus_Flapp_Preis.jpeg","width":720,"height":480,"caption":"Future Lab_Preis_wesentlich"},{"@type":"BreadcrumbList","@id":"https:\/\/futurelab-aachen.de\/en\/event\/tag-der-offenen-gartentuer\/#breadcrumb","itemListElement":[{"@type":"ListItem","position":1,"name":"Startseite","item":"https:\/\/futurelab-aachen.de\/en\/"},{"@type":"ListItem","position":2,"name":"Veranstaltungen","item":"https:\/\/futurelab-aachen.de\/event\/"},{"@type":"ListItem","position":3,"name":"Tag der offenen Gartent\u00fcr"}]},{"@type":"WebSite","@id":"https:\/\/futurelab-aachen.de\/#website","url":"https:\/\/futurelab-aachen.de\/","name":"Future Lab Aachen","description":"Kunst des Fortschritts","publisher":{"@id":"https:\/\/futurelab-aachen.de\/#organization"},"potentialAction":[{"@type":"SearchAction","target":{"@type":"EntryPoint","urlTemplate":"https:\/\/futurelab-aachen.de\/?s={search_term_string}"},"query-input":{"@type":"PropertyValueSpecification","valueRequired":true,"valueName":"search_term_string"}}],"inLanguage":"en-US"},{"@type":"Organization","@id":"https:\/\/futurelab-aachen.de\/#organization","name":"Future Lab Aachen","url":"https:\/\/futurelab-aachen.de\/","logo":{"@type":"ImageObject","inLanguage":"en-US","@id":"https:\/\/futurelab-aachen.de\/#\/schema\/logo\/image\/","url":"","contentUrl":"","caption":"Future Lab Aachen"},"image":{"@id":"https:\/\/futurelab-aachen.de\/#\/schema\/logo\/image\/"}}]}},"_links":{"self":[{"href":"https:\/\/futurelab-aachen.de\/en\/wp-json\/wp\/v2\/tribe_events\/4998","targetHints":{"allow":["GET"]}}],"collection":[{"href":"https:\/\/futurelab-aachen.de\/en\/wp-json\/wp\/v2\/tribe_events"}],"about":[{"href":"https:\/\/futurelab-aachen.de\/en\/wp-json\/wp\/v2\/types\/tribe_events"}],"author":[{"embeddable":true,"href":"https:\/\/futurelab-aachen.de\/en\/wp-json\/wp\/v2\/users\/3"}],"version-history":[{"count":0,"href":"https:\/\/futurelab-aachen.de\/en\/wp-json\/wp\/v2\/tribe_events\/4998\/revisions"}],"wp:featuredmedia":[{"embeddable":true,"href":"https:\/\/futurelab-aachen.de\/en\/wp-json\/wp\/v2\/media\/4872"}],"wp:attachment":[{"href":"https:\/\/futurelab-aachen.de\/en\/wp-json\/wp\/v2\/media?parent=4998"}],"wp:term":[{"taxonomy":"post_tag","embeddable":true,"href":"https:\/\/futurelab-aachen.de\/en\/wp-json\/wp\/v2\/tags?post=4998"},{"taxonomy":"tribe_events_cat","embeddable":true,"href":"https:\/\/futurelab-aachen.de\/en\/wp-json\/wp\/v2\/tribe_events_cat?post=4998"}],"curies":[{"name":"wp","href":"https:\/\/api.w.org\/{rel}","templated":true}]}}

Tag der offenen Gartentür

<p>Der 21. Juni gibt dem Deutsch-Französischen Kulturinstitut Aachen gleich zwei Anlässe zum Feiern: den Tag der offenen Gartentür und die Fête de la musique im Garten(saal).</p>
<p>18 Gärten werden in Aachen und der Umgebung geöffnet sein, um die Aktion “Aachener Kindern den Tisch decken“ zu unterstützen. Zu entdecken gibt es im Haus Matthéy den Garten, der mit seiner Skulptur, seiner biedermeierlichen Brunnenecke und den hinter der Gartenmauer hoch aufragenden Bäumen an vergangene Pracht erinnert. Darüber hinaus findet ein Flohmarkt mit Büchern rund um Frankreich, die französische Literatur und Kultur statt!</p>
<p>Am späteren Nachmittag veranstaltet das DFKI die Fête de la Musique, die 1982 vom damaligen französischen Kulturminister Jack Lang eingeführt wurde. Immer am ersten Sommertag wird die Musik gefeiert und das in Deutschland allein in 42 Städten!</p>
<p>Professionelle Musiker sowie Amateure aller Musikgenres sind unter dem Motto „Faites de la Musique“ eingeladen, Musik zu spielen, aber auch als Zuhörer daran teilzunehmen.</p>
<p>Das Programm und mehr Infos auf der Seite des <a href="https://aachen.institutfrancais.de/kalender/veranstaltung/tag-der-offenen-gartentuer-fete-de-la-musique" target="_blank">DFKI</a>.</p>

<p>Der 21. Juni gibt dem Deutsch-Französischen Kulturinstitut Aachen gleich zwei Anlässe zum Feiern: den Tag der offenen Gartentür [&hellip;]</p>

<!-- This site is optimized with the Yoast SEO plugin v26.9 - https://yoast.com/product/yoast-seo-wordpress/ -->
<title>Tag der offenen Gartentür - Future Lab Aachen</title>
<meta name="robots" content="index, follow, max-snippet:-1, max-image-preview:large, max-video-preview:-1" />
<link rel="canonical" href="https://futurelab-aachen.de/en/event/tag-der-offenen-gartentuer/" />
<meta property="og:locale" content="en_US" />
<meta property="og:type" content="article" />
<meta property="og:title" content="Tag der offenen Gartentür - Future Lab Aachen" />
<meta property="og:description" content="Der 21. Juni gibt dem Deutsch-Französischen Kulturinstitut Aachen gleich zwei Anlässe zum Feiern: den Tag der offenen Gartentür [&hellip;]" />
<meta property="og:url" content="https://futurelab-aachen.de/en/event/tag-der-offenen-gartentuer/" />
<meta property="og:site_name" content="Future Lab Aachen" />
<meta property="og:image" content="https://futurelab-aachen.de/wp-content/uploads/2016/03/Wissenschaftsjahr_Illus_Flapp_Preis.jpeg" />
	<meta property="og:image:width" content="720" />
	<meta property="og:image:height" content="480" />
	<meta property="og:image:type" content="image/jpeg" />
<meta name="twitter:card" content="summary_large_image" />
<meta name="twitter:label1" content="Est. reading time" />
	<meta name="twitter:data1" content="1 minute" />
<script type="application/ld+json" class="yoast-schema-graph">{"@context":"https://schema.org","@graph":[{"@type":"WebPage","@id":"https://futurelab-aachen.de/en/event/tag-der-offenen-gartentuer/","url":"https://futurelab-aachen.de/en/event/tag-der-offenen-gartentuer/","name":"Tag der offenen Gartentür - Future Lab Aachen","isPartOf":{"@id":"https://futurelab-aachen.de/#website"},"primaryImageOfPage":{"@id":"https://futurelab-aachen.de/en/event/tag-der-offenen-gartentuer/#primaryimage"},"image":{"@id":"https://futurelab-aachen.de/en/event/tag-der-offenen-gartentuer/#primaryimage"},"thumbnailUrl":"https://futurelab-aachen.de/wp-content/uploads/2016/03/Wissenschaftsjahr_Illus_Flapp_Preis.jpeg","datePublished":"2016-03-21T10:39:23+00:00","breadcrumb":{"@id":"https://futurelab-aachen.de/en/event/tag-der-offenen-gartentuer/#breadcrumb"},"inLanguage":"en-US","potentialAction":[{"@type":"ReadAction","target":["https://futurelab-aachen.de/en/event/tag-der-offenen-gartentuer/"]}]},{"@type":"ImageObject","inLanguage":"en-US","@id":"https://futurelab-aachen.de/en/event/tag-der-offenen-gartentuer/#primaryimage","url":"https://futurelab-aachen.de/wp-content/uploads/2016/03/Wissenschaftsjahr_Illus_Flapp_Preis.jpeg","contentUrl":"https://futurelab-aachen.de/wp-content/uploads/2016/03/Wissenschaftsjahr_Illus_Flapp_Preis.jpeg","width":720,"height":480,"caption":"Future Lab_Preis_wesentlich"},{"@type":"BreadcrumbList","@id":"https://futurelab-aachen.de/en/event/tag-der-offenen-gartentuer/#breadcrumb","itemListElement":[{"@type":"ListItem","position":1,"name":"Startseite","item":"https://futurelab-aachen.de/en/"},{"@type":"ListItem","position":2,"name":"Veranstaltungen","item":"https://futurelab-aachen.de/event/"},{"@type":"ListItem","position":3,"name":"Tag der offenen Gartentür"}]},{"@type":"WebSite","@id":"https://futurelab-aachen.de/#website","url":"https://futurelab-aachen.de/","name":"Future Lab Aachen","description":"Kunst des Fortschritts","publisher":{"@id":"https://futurelab-aachen.de/#organization"},"potentialAction":[{"@type":"SearchAction","target":{"@type":"EntryPoint","urlTemplate":"https://futurelab-aachen.de/?s={search_term_string}"},"query-input":{"@type":"PropertyValueSpecification","valueRequired":true,"valueName":"search_term_string"}}],"inLanguage":"en-US"},{"@type":"Organization","@id":"https://futurelab-aachen.de/#organization","name":"Future Lab Aachen","url":"https://futurelab-aachen.de/","logo":{"@type":"ImageObject","inLanguage":"en-US","@id":"https://futurelab-aachen.de/#/schema/logo/image/","url":"","contentUrl":"","caption":"Future Lab Aachen"},"image":{"@id":"https://futurelab-aachen.de/#/schema/logo/image/"}}]}</script>
<!-- / Yoast SEO plugin. -->

Tag der offenen Gartentür - Future Lab Aachen

Der 21. Juni gibt dem Deutsch-Französischen Kulturinstitut Aachen gleich zwei Anlässe zum Feiern: den Tag der offenen Gartentür [&hellip;]
