{"id":5000,"date":"2016-03-21T11:30:13","date_gmt":"2016-03-21T10:30:13","guid":{"rendered":"http:\/\/futurelab-aachen.de\/event\/deutschland-und-frankreich-nach-dem-klimagipfel-2\/"},"modified":"2016-03-21T11:30:13","modified_gmt":"2016-03-21T10:30:13","slug":"deutschland-und-frankreich-nach-dem-klimagipfel","status":"publish","type":"tribe_events","link":"https:\/\/futurelab-aachen.de\/en\/event\/deutschland-und-frankreich-nach-dem-klimagipfel\/","title":{"rendered":"Deutschland und Frankreich nach dem Klimagipfel"},"content":{"rendered":"<p>Internationale Vorgaben bestimmen zunehmend die nationale Energie- und Klimaschutzpolitik in Deutschland und Frankreich. Nach der Einrichtung einer Europ\u00e4ischen Energieunion einigten sich im Dezember 2015 196 Staaten auf einen historischen Klimavertrag. Dennoch k\u00f6nnten die nationalen Antworten auf diese st\u00e4rkere internationale Koordinierung kaum unterschiedlicher sein. Was bedeutet das f\u00fcr Deutschland und Frankreich als Partner in der EU? Sind die \u201eEnergiewende\u201c und die \u201etransition energ\u00e9tique\u201c nationale Alleing\u00e4nge, die eine europ\u00e4ische Koordinierung erschweren? Oder gibt es angesichts der sehr unterschiedlichen nationalen Interessen beider L\u00e4nder letztlich \u00fcberhaupt keinen gemeinsamen Weg?<\/p>\n<p>Der Referent Dr. Marc Ringel ist Professor f\u00fcr Energiewirtschaft an der Hochschule f\u00fcr Wirtschaft und Umwelt in Geislingen, zudem Gastdozent an den Universit\u00e4ten von Aix-en- Provence-Marseille und Strasbourg. Er wird die internationale Energie- und Klimaschutzpolitik mit dem Fokus auf Deutschland und Frankreich beleuchten.<\/p>\n<p>Der Vortrag wird in Zusammenarbeit mit dem Europe Direct Informationsb\u00fcro der Stadt Aachen organisiert und wird in deutscher Sprache gehalten.<\/p>\n<p>Eintritt frei.<\/p>\n<p><a href=\"https:\/\/aachen.institutfrancais.de\/kalender\/veranstaltung\/2016-05-11t170000-2016-05-11t190000-11-05-vortrag-prof-dr-marc-ringel\" target=\"_blank\">Mehr Infos hier.<\/a><\/p>\n","protected":false},"excerpt":{"rendered":"<p>Internationale Vorgaben bestimmen zunehmend die nationale Energie- und Klimaschutzpolitik in Deutschland und Frankreich. Nach der Einrichtung einer Europ\u00e4ischen [&hellip;]<\/p>\n","protected":false},"author":3,"featured_media":3570,"template":"","meta":{"_acf_changed":false,"_lmt_disableupdate":"","_lmt_disable":"","_tribe_events_status":"","_tribe_events_status_reason":"","footnotes":""},"tags":[],"tribe_events_cat":[85],"class_list":["post-5000","tribe_events","type-tribe_events","status-publish","has-post-thumbnail","hentry","tribe_events_cat-vorlesung-en","cat_vorlesung-en"],"acf":[],"yoast_head":"<!-- This site is optimized with the Yoast SEO plugin v26.9 - https:\/\/yoast.com\/product\/yoast-seo-wordpress\/ -->\n<title>Deutschland und Frankreich nach dem Klimagipfel - Future Lab Aachen<\/title>\n<meta name=\"robots\" content=\"index, follow, max-snippet:-1, max-image-preview:large, max-video-preview:-1\" \/>\n<link rel=\"canonical\" href=\"https:\/\/futurelab-aachen.de\/en\/event\/deutschland-und-frankreich-nach-dem-klimagipfel\/\" \/>\n<meta property=\"og:locale\" content=\"en_US\" \/>\n<meta property=\"og:type\" content=\"article\" \/>\n<meta property=\"og:title\" content=\"Deutschland und Frankreich nach dem Klimagipfel - Future Lab Aachen\" \/>\n<meta property=\"og:description\" content=\"Internationale Vorgaben bestimmen zunehmend die nationale Energie- und Klimaschutzpolitik in Deutschland und Frankreich. Nach der Einrichtung einer Europ\u00e4ischen [&hellip;]\" \/>\n<meta property=\"og:url\" content=\"https:\/\/futurelab-aachen.de\/en\/event\/deutschland-und-frankreich-nach-dem-klimagipfel\/\" \/>\n<meta property=\"og:site_name\" content=\"Future Lab Aachen\" \/>\n<meta property=\"og:image\" content=\"https:\/\/futurelab-aachen.de\/wp-content\/uploads\/2016\/01\/Wissenschaftsjahr_Illus_Flapp_Event1.jpg\" \/>\n\t<meta property=\"og:image:width\" content=\"720\" \/>\n\t<meta property=\"og:image:height\" content=\"480\" \/>\n\t<meta property=\"og:image:type\" content=\"image\/jpeg\" \/>\n<meta name=\"twitter:card\" content=\"summary_large_image\" \/>\n<meta name=\"twitter:label1\" content=\"Est. reading time\" \/>\n\t<meta name=\"twitter:data1\" content=\"1 minute\" \/>\n<script type=\"application\/ld+json\" class=\"yoast-schema-graph\">{\"@context\":\"https:\/\/schema.org\",\"@graph\":[{\"@type\":\"WebPage\",\"@id\":\"https:\/\/futurelab-aachen.de\/en\/event\/deutschland-und-frankreich-nach-dem-klimagipfel\/\",\"url\":\"https:\/\/futurelab-aachen.de\/en\/event\/deutschland-und-frankreich-nach-dem-klimagipfel\/\",\"name\":\"Deutschland und Frankreich nach dem Klimagipfel - Future Lab Aachen\",\"isPartOf\":{\"@id\":\"https:\/\/futurelab-aachen.de\/#website\"},\"primaryImageOfPage\":{\"@id\":\"https:\/\/futurelab-aachen.de\/en\/event\/deutschland-und-frankreich-nach-dem-klimagipfel\/#primaryimage\"},\"image\":{\"@id\":\"https:\/\/futurelab-aachen.de\/en\/event\/deutschland-und-frankreich-nach-dem-klimagipfel\/#primaryimage\"},\"thumbnailUrl\":\"https:\/\/futurelab-aachen.de\/wp-content\/uploads\/2016\/01\/Wissenschaftsjahr_Illus_Flapp_Event1.jpg\",\"datePublished\":\"2016-03-21T10:30:13+00:00\",\"breadcrumb\":{\"@id\":\"https:\/\/futurelab-aachen.de\/en\/event\/deutschland-und-frankreich-nach-dem-klimagipfel\/#breadcrumb\"},\"inLanguage\":\"en-US\",\"potentialAction\":[{\"@type\":\"ReadAction\",\"target\":[\"https:\/\/futurelab-aachen.de\/en\/event\/deutschland-und-frankreich-nach-dem-klimagipfel\/\"]}]},{\"@type\":\"ImageObject\",\"inLanguage\":\"en-US\",\"@id\":\"https:\/\/futurelab-aachen.de\/en\/event\/deutschland-und-frankreich-nach-dem-klimagipfel\/#primaryimage\",\"url\":\"https:\/\/futurelab-aachen.de\/wp-content\/uploads\/2016\/01\/Wissenschaftsjahr_Illus_Flapp_Event1.jpg\",\"contentUrl\":\"https:\/\/futurelab-aachen.de\/wp-content\/uploads\/2016\/01\/Wissenschaftsjahr_Illus_Flapp_Event1.jpg\",\"width\":720,\"height\":480,\"caption\":\"agentur wesentlich_Logo Future Lab\"},{\"@type\":\"BreadcrumbList\",\"@id\":\"https:\/\/futurelab-aachen.de\/en\/event\/deutschland-und-frankreich-nach-dem-klimagipfel\/#breadcrumb\",\"itemListElement\":[{\"@type\":\"ListItem\",\"position\":1,\"name\":\"Startseite\",\"item\":\"https:\/\/futurelab-aachen.de\/en\/\"},{\"@type\":\"ListItem\",\"position\":2,\"name\":\"Veranstaltungen\",\"item\":\"https:\/\/futurelab-aachen.de\/event\/\"},{\"@type\":\"ListItem\",\"position\":3,\"name\":\"Deutschland und Frankreich nach dem Klimagipfel\"}]},{\"@type\":\"WebSite\",\"@id\":\"https:\/\/futurelab-aachen.de\/#website\",\"url\":\"https:\/\/futurelab-aachen.de\/\",\"name\":\"Future Lab Aachen\",\"description\":\"Kunst des Fortschritts\",\"publisher\":{\"@id\":\"https:\/\/futurelab-aachen.de\/#organization\"},\"potentialAction\":[{\"@type\":\"SearchAction\",\"target\":{\"@type\":\"EntryPoint\",\"urlTemplate\":\"https:\/\/futurelab-aachen.de\/?s={search_term_string}\"},\"query-input\":{\"@type\":\"PropertyValueSpecification\",\"valueRequired\":true,\"valueName\":\"search_term_string\"}}],\"inLanguage\":\"en-US\"},{\"@type\":\"Organization\",\"@id\":\"https:\/\/futurelab-aachen.de\/#organization\",\"name\":\"Future Lab Aachen\",\"url\":\"https:\/\/futurelab-aachen.de\/\",\"logo\":{\"@type\":\"ImageObject\",\"inLanguage\":\"en-US\",\"@id\":\"https:\/\/futurelab-aachen.de\/#\/schema\/logo\/image\/\",\"url\":\"\",\"contentUrl\":\"\",\"caption\":\"Future Lab Aachen\"},\"image\":{\"@id\":\"https:\/\/futurelab-aachen.de\/#\/schema\/logo\/image\/\"}}]}<\/script>\n<!-- \/ Yoast SEO plugin. -->","yoast_head_json":{"title":"Deutschland und Frankreich nach dem Klimagipfel - Future Lab Aachen","robots":{"index":"index","follow":"follow","max-snippet":"max-snippet:-1","max-image-preview":"max-image-preview:large","max-video-preview":"max-video-preview:-1"},"canonical":"https:\/\/futurelab-aachen.de\/en\/event\/deutschland-und-frankreich-nach-dem-klimagipfel\/","og_locale":"en_US","og_type":"article","og_title":"Deutschland und Frankreich nach dem Klimagipfel - Future Lab Aachen","og_description":"Internationale Vorgaben bestimmen zunehmend die nationale Energie- und Klimaschutzpolitik in Deutschland und Frankreich. Nach der Einrichtung einer Europ\u00e4ischen [&hellip;]","og_url":"https:\/\/futurelab-aachen.de\/en\/event\/deutschland-und-frankreich-nach-dem-klimagipfel\/","og_site_name":"Future Lab Aachen","og_image":[{"width":720,"height":480,"url":"https:\/\/futurelab-aachen.de\/wp-content\/uploads\/2016\/01\/Wissenschaftsjahr_Illus_Flapp_Event1.jpg","type":"image\/jpeg"}],"twitter_card":"summary_large_image","twitter_misc":{"Est. reading time":"1 minute"},"schema":{"@context":"https:\/\/schema.org","@graph":[{"@type":"WebPage","@id":"https:\/\/futurelab-aachen.de\/en\/event\/deutschland-und-frankreich-nach-dem-klimagipfel\/","url":"https:\/\/futurelab-aachen.de\/en\/event\/deutschland-und-frankreich-nach-dem-klimagipfel\/","name":"Deutschland und Frankreich nach dem Klimagipfel - Future Lab Aachen","isPartOf":{"@id":"https:\/\/futurelab-aachen.de\/#website"},"primaryImageOfPage":{"@id":"https:\/\/futurelab-aachen.de\/en\/event\/deutschland-und-frankreich-nach-dem-klimagipfel\/#primaryimage"},"image":{"@id":"https:\/\/futurelab-aachen.de\/en\/event\/deutschland-und-frankreich-nach-dem-klimagipfel\/#primaryimage"},"thumbnailUrl":"https:\/\/futurelab-aachen.de\/wp-content\/uploads\/2016\/01\/Wissenschaftsjahr_Illus_Flapp_Event1.jpg","datePublished":"2016-03-21T10:30:13+00:00","breadcrumb":{"@id":"https:\/\/futurelab-aachen.de\/en\/event\/deutschland-und-frankreich-nach-dem-klimagipfel\/#breadcrumb"},"inLanguage":"en-US","potentialAction":[{"@type":"ReadAction","target":["https:\/\/futurelab-aachen.de\/en\/event\/deutschland-und-frankreich-nach-dem-klimagipfel\/"]}]},{"@type":"ImageObject","inLanguage":"en-US","@id":"https:\/\/futurelab-aachen.de\/en\/event\/deutschland-und-frankreich-nach-dem-klimagipfel\/#primaryimage","url":"https:\/\/futurelab-aachen.de\/wp-content\/uploads\/2016\/01\/Wissenschaftsjahr_Illus_Flapp_Event1.jpg","contentUrl":"https:\/\/futurelab-aachen.de\/wp-content\/uploads\/2016\/01\/Wissenschaftsjahr_Illus_Flapp_Event1.jpg","width":720,"height":480,"caption":"agentur wesentlich_Logo Future Lab"},{"@type":"BreadcrumbList","@id":"https:\/\/futurelab-aachen.de\/en\/event\/deutschland-und-frankreich-nach-dem-klimagipfel\/#breadcrumb","itemListElement":[{"@type":"ListItem","position":1,"name":"Startseite","item":"https:\/\/futurelab-aachen.de\/en\/"},{"@type":"ListItem","position":2,"name":"Veranstaltungen","item":"https:\/\/futurelab-aachen.de\/event\/"},{"@type":"ListItem","position":3,"name":"Deutschland und Frankreich nach dem Klimagipfel"}]},{"@type":"WebSite","@id":"https:\/\/futurelab-aachen.de\/#website","url":"https:\/\/futurelab-aachen.de\/","name":"Future Lab Aachen","description":"Kunst des Fortschritts","publisher":{"@id":"https:\/\/futurelab-aachen.de\/#organization"},"potentialAction":[{"@type":"SearchAction","target":{"@type":"EntryPoint","urlTemplate":"https:\/\/futurelab-aachen.de\/?s={search_term_string}"},"query-input":{"@type":"PropertyValueSpecification","valueRequired":true,"valueName":"search_term_string"}}],"inLanguage":"en-US"},{"@type":"Organization","@id":"https:\/\/futurelab-aachen.de\/#organization","name":"Future Lab Aachen","url":"https:\/\/futurelab-aachen.de\/","logo":{"@type":"ImageObject","inLanguage":"en-US","@id":"https:\/\/futurelab-aachen.de\/#\/schema\/logo\/image\/","url":"","contentUrl":"","caption":"Future Lab Aachen"},"image":{"@id":"https:\/\/futurelab-aachen.de\/#\/schema\/logo\/image\/"}}]}},"_links":{"self":[{"href":"https:\/\/futurelab-aachen.de\/en\/wp-json\/wp\/v2\/tribe_events\/5000","targetHints":{"allow":["GET"]}}],"collection":[{"href":"https:\/\/futurelab-aachen.de\/en\/wp-json\/wp\/v2\/tribe_events"}],"about":[{"href":"https:\/\/futurelab-aachen.de\/en\/wp-json\/wp\/v2\/types\/tribe_events"}],"author":[{"embeddable":true,"href":"https:\/\/futurelab-aachen.de\/en\/wp-json\/wp\/v2\/users\/3"}],"version-history":[{"count":0,"href":"https:\/\/futurelab-aachen.de\/en\/wp-json\/wp\/v2\/tribe_events\/5000\/revisions"}],"wp:featuredmedia":[{"embeddable":true,"href":"https:\/\/futurelab-aachen.de\/en\/wp-json\/wp\/v2\/media\/3570"}],"wp:attachment":[{"href":"https:\/\/futurelab-aachen.de\/en\/wp-json\/wp\/v2\/media?parent=5000"}],"wp:term":[{"taxonomy":"post_tag","embeddable":true,"href":"https:\/\/futurelab-aachen.de\/en\/wp-json\/wp\/v2\/tags?post=5000"},{"taxonomy":"tribe_events_cat","embeddable":true,"href":"https:\/\/futurelab-aachen.de\/en\/wp-json\/wp\/v2\/tribe_events_cat?post=5000"}],"curies":[{"name":"wp","href":"https:\/\/api.w.org\/{rel}","templated":true}]}}

<p>Internationale Vorgaben bestimmen zunehmend die nationale Energie- und Klimaschutzpolitik in Deutschland und Frankreich. Nach der Einrichtung einer Europäischen Energieunion einigten sich im Dezember 2015 196 Staaten auf einen historischen Klimavertrag. Dennoch könnten die nationalen Antworten auf diese stärkere internationale Koordinierung kaum unterschiedlicher sein. Was bedeutet das für Deutschland und Frankreich als Partner in der EU? Sind die „Energiewende“ und die „transition energétique“ nationale Alleingänge, die eine europäische Koordinierung erschweren? Oder gibt es angesichts der sehr unterschiedlichen nationalen Interessen beider Länder letztlich überhaupt keinen gemeinsamen Weg?</p>
<p>Der Referent Dr. Marc Ringel ist Professor für Energiewirtschaft an der Hochschule für Wirtschaft und Umwelt in Geislingen, zudem Gastdozent an den Universitäten von Aix-en- Provence-Marseille und Strasbourg. Er wird die internationale Energie- und Klimaschutzpolitik mit dem Fokus auf Deutschland und Frankreich beleuchten.</p>
<p>Der Vortrag wird in Zusammenarbeit mit dem Europe Direct Informationsbüro der Stadt Aachen organisiert und wird in deutscher Sprache gehalten.</p>
<p>Eintritt frei.</p>
<p><a href="https://aachen.institutfrancais.de/kalender/veranstaltung/2016-05-11t170000-2016-05-11t190000-11-05-vortrag-prof-dr-marc-ringel" target="_blank">Mehr Infos hier.</a></p>

<p>Internationale Vorgaben bestimmen zunehmend die nationale Energie- und Klimaschutzpolitik in Deutschland und Frankreich. Nach der Einrichtung einer Europäischen [&hellip;]</p>

<!-- This site is optimized with the Yoast SEO plugin v26.9 - https://yoast.com/product/yoast-seo-wordpress/ -->
<title>Deutschland und Frankreich nach dem Klimagipfel - Future Lab Aachen</title>
<meta name="robots" content="index, follow, max-snippet:-1, max-image-preview:large, max-video-preview:-1" />
<link rel="canonical" href="https://futurelab-aachen.de/en/event/deutschland-und-frankreich-nach-dem-klimagipfel/" />
<meta property="og:locale" content="en_US" />
<meta property="og:type" content="article" />
<meta property="og:title" content="Deutschland und Frankreich nach dem Klimagipfel - Future Lab Aachen" />
<meta property="og:description" content="Internationale Vorgaben bestimmen zunehmend die nationale Energie- und Klimaschutzpolitik in Deutschland und Frankreich. Nach der Einrichtung einer Europäischen [&hellip;]" />
<meta property="og:url" content="https://futurelab-aachen.de/en/event/deutschland-und-frankreich-nach-dem-klimagipfel/" />
<meta property="og:site_name" content="Future Lab Aachen" />
<meta property="og:image" content="https://futurelab-aachen.de/wp-content/uploads/2016/01/Wissenschaftsjahr_Illus_Flapp_Event1.jpg" />
	<meta property="og:image:width" content="720" />
	<meta property="og:image:height" content="480" />
	<meta property="og:image:type" content="image/jpeg" />
<meta name="twitter:card" content="summary_large_image" />
<meta name="twitter:label1" content="Est. reading time" />
	<meta name="twitter:data1" content="1 minute" />
<script type="application/ld+json" class="yoast-schema-graph">{"@context":"https://schema.org","@graph":[{"@type":"WebPage","@id":"https://futurelab-aachen.de/en/event/deutschland-und-frankreich-nach-dem-klimagipfel/","url":"https://futurelab-aachen.de/en/event/deutschland-und-frankreich-nach-dem-klimagipfel/","name":"Deutschland und Frankreich nach dem Klimagipfel - Future Lab Aachen","isPartOf":{"@id":"https://futurelab-aachen.de/#website"},"primaryImageOfPage":{"@id":"https://futurelab-aachen.de/en/event/deutschland-und-frankreich-nach-dem-klimagipfel/#primaryimage"},"image":{"@id":"https://futurelab-aachen.de/en/event/deutschland-und-frankreich-nach-dem-klimagipfel/#primaryimage"},"thumbnailUrl":"https://futurelab-aachen.de/wp-content/uploads/2016/01/Wissenschaftsjahr_Illus_Flapp_Event1.jpg","datePublished":"2016-03-21T10:30:13+00:00","breadcrumb":{"@id":"https://futurelab-aachen.de/en/event/deutschland-und-frankreich-nach-dem-klimagipfel/#breadcrumb"},"inLanguage":"en-US","potentialAction":[{"@type":"ReadAction","target":["https://futurelab-aachen.de/en/event/deutschland-und-frankreich-nach-dem-klimagipfel/"]}]},{"@type":"ImageObject","inLanguage":"en-US","@id":"https://futurelab-aachen.de/en/event/deutschland-und-frankreich-nach-dem-klimagipfel/#primaryimage","url":"https://futurelab-aachen.de/wp-content/uploads/2016/01/Wissenschaftsjahr_Illus_Flapp_Event1.jpg","contentUrl":"https://futurelab-aachen.de/wp-content/uploads/2016/01/Wissenschaftsjahr_Illus_Flapp_Event1.jpg","width":720,"height":480,"caption":"agentur wesentlich_Logo Future Lab"},{"@type":"BreadcrumbList","@id":"https://futurelab-aachen.de/en/event/deutschland-und-frankreich-nach-dem-klimagipfel/#breadcrumb","itemListElement":[{"@type":"ListItem","position":1,"name":"Startseite","item":"https://futurelab-aachen.de/en/"},{"@type":"ListItem","position":2,"name":"Veranstaltungen","item":"https://futurelab-aachen.de/event/"},{"@type":"ListItem","position":3,"name":"Deutschland und Frankreich nach dem Klimagipfel"}]},{"@type":"WebSite","@id":"https://futurelab-aachen.de/#website","url":"https://futurelab-aachen.de/","name":"Future Lab Aachen","description":"Kunst des Fortschritts","publisher":{"@id":"https://futurelab-aachen.de/#organization"},"potentialAction":[{"@type":"SearchAction","target":{"@type":"EntryPoint","urlTemplate":"https://futurelab-aachen.de/?s={search_term_string}"},"query-input":{"@type":"PropertyValueSpecification","valueRequired":true,"valueName":"search_term_string"}}],"inLanguage":"en-US"},{"@type":"Organization","@id":"https://futurelab-aachen.de/#organization","name":"Future Lab Aachen","url":"https://futurelab-aachen.de/","logo":{"@type":"ImageObject","inLanguage":"en-US","@id":"https://futurelab-aachen.de/#/schema/logo/image/","url":"","contentUrl":"","caption":"Future Lab Aachen"},"image":{"@id":"https://futurelab-aachen.de/#/schema/logo/image/"}}]}</script>
<!-- / Yoast SEO plugin. -->

Internationale Vorgaben bestimmen zunehmend die nationale Energie- und Klimaschutzpolitik in Deutschland und Frankreich. Nach der Einrichtung einer Europäischen [&hellip;]
