{"id":5007,"date":"2016-02-26T10:19:46","date_gmt":"2016-02-26T09:19:46","guid":{"rendered":"http:\/\/futurelab-aachen.de\/event\/in-geschichte-stoebern-2\/"},"modified":"2016-02-26T10:19:46","modified_gmt":"2016-02-26T09:19:46","slug":"in-geschichte-stoebern","status":"publish","type":"tribe_events","link":"https:\/\/futurelab-aachen.de\/en\/event\/in-geschichte-stoebern\/","title":{"rendered":"In Geschichte st\u00f6bern"},"content":{"rendered":"<p>Unter dem Motto &#8220;Mobilit\u00e4t im Wandel&#8221; \u00f6ffnen viele deutsche Archive ihre Pforten \u2013 so auch das Aachener Archiv.<\/p>\n<p>Das Stadtarchiv Aachen, das bisch\u00f6fliches Di\u00f6zesanarchiv Aachen, das Domarchiv Aachen und das Hochschularchiv der RWTH Aachen zeigen von 12 bis 17 Uhr\u00a0 Informationsst\u00e4nde mit Archivalien und B\u00fcchern zur Aachener Mobilit\u00e4t im Wandel. Au\u00dferdem wird es ein Quiz zur Aachener Verkehrsgeschichte geben, Mal- und Schreib-Aktionen f\u00fcr Kinder, sowie Kurzf\u00fchrungen durch das Stadtarchiv.<\/p>\n<p>Das Hochschularchiv der RWTH bietet um 17 Uhr eine gesonderte F\u00fchrung am Theaterplatz 14, 1. Obergeschoss, an. Und das Kaleidoskop Filmforum Aachen e. V. zeigt den Film &#8220;&#8230;immer die Nase vorn \u2013 Aachener Waldrennen 1948\/49&#8221;.<\/p>\n<p>Mehr zum Tag der Archive <a href=\"http:\/\/www.aachen.de\/de\/kultur_freizeit\/kultur\/stadtarchiv\/tag_der_archive.html\" target=\"_blank\">hier<\/a><\/p>\n","protected":false},"excerpt":{"rendered":"<p>Unter dem Motto &#8220;Mobilit\u00e4t im Wandel&#8221; \u00f6ffnen viele deutsche Archive ihre Pforten \u2013 so auch das Aachener Archiv. [&hellip;]<\/p>\n","protected":false},"author":7,"featured_media":4805,"template":"","meta":{"_acf_changed":false,"_lmt_disableupdate":"","_lmt_disable":"","_tribe_events_status":"","_tribe_events_status_reason":"","footnotes":""},"tags":[],"tribe_events_cat":[53],"class_list":["post-5007","tribe_events","type-tribe_events","status-publish","has-post-thumbnail","hentry","tribe_events_cat-info-en","cat_info-en"],"acf":[],"yoast_head":"<!-- This site is optimized with the Yoast SEO plugin v26.9 - https:\/\/yoast.com\/product\/yoast-seo-wordpress\/ -->\n<title>In Geschichte st\u00f6bern - Future Lab Aachen<\/title>\n<meta name=\"robots\" content=\"index, follow, max-snippet:-1, max-image-preview:large, max-video-preview:-1\" \/>\n<link rel=\"canonical\" href=\"https:\/\/futurelab-aachen.de\/en\/event\/in-geschichte-stoebern\/\" \/>\n<meta property=\"og:locale\" content=\"en_US\" \/>\n<meta property=\"og:type\" content=\"article\" \/>\n<meta property=\"og:title\" content=\"In Geschichte st\u00f6bern - Future Lab Aachen\" \/>\n<meta property=\"og:description\" content=\"Unter dem Motto &#8220;Mobilit\u00e4t im Wandel&#8221; \u00f6ffnen viele deutsche Archive ihre Pforten \u2013 so auch das Aachener Archiv. [&hellip;]\" \/>\n<meta property=\"og:url\" content=\"https:\/\/futurelab-aachen.de\/en\/event\/in-geschichte-stoebern\/\" \/>\n<meta property=\"og:site_name\" content=\"Future Lab Aachen\" \/>\n<meta property=\"og:image\" content=\"https:\/\/futurelab-aachen.de\/wp-content\/uploads\/2016\/02\/Nadelfabrik-mit-Stadtarchiv-Aachen-original.jpg\" \/>\n\t<meta property=\"og:image:width\" content=\"1189\" \/>\n\t<meta property=\"og:image:height\" content=\"800\" \/>\n\t<meta property=\"og:image:type\" content=\"image\/jpeg\" \/>\n<meta name=\"twitter:card\" content=\"summary_large_image\" \/>\n<meta name=\"twitter:label1\" content=\"Est. reading time\" \/>\n\t<meta name=\"twitter:data1\" content=\"1 minute\" \/>\n<script type=\"application\/ld+json\" class=\"yoast-schema-graph\">{\"@context\":\"https:\/\/schema.org\",\"@graph\":[{\"@type\":\"WebPage\",\"@id\":\"https:\/\/futurelab-aachen.de\/en\/event\/in-geschichte-stoebern\/\",\"url\":\"https:\/\/futurelab-aachen.de\/en\/event\/in-geschichte-stoebern\/\",\"name\":\"In Geschichte st\u00f6bern - Future Lab Aachen\",\"isPartOf\":{\"@id\":\"https:\/\/futurelab-aachen.de\/#website\"},\"primaryImageOfPage\":{\"@id\":\"https:\/\/futurelab-aachen.de\/en\/event\/in-geschichte-stoebern\/#primaryimage\"},\"image\":{\"@id\":\"https:\/\/futurelab-aachen.de\/en\/event\/in-geschichte-stoebern\/#primaryimage\"},\"thumbnailUrl\":\"https:\/\/futurelab-aachen.de\/wp-content\/uploads\/2016\/02\/Nadelfabrik-mit-Stadtarchiv-Aachen-original.jpg\",\"datePublished\":\"2016-02-26T09:19:46+00:00\",\"breadcrumb\":{\"@id\":\"https:\/\/futurelab-aachen.de\/en\/event\/in-geschichte-stoebern\/#breadcrumb\"},\"inLanguage\":\"en-US\",\"potentialAction\":[{\"@type\":\"ReadAction\",\"target\":[\"https:\/\/futurelab-aachen.de\/en\/event\/in-geschichte-stoebern\/\"]}]},{\"@type\":\"ImageObject\",\"inLanguage\":\"en-US\",\"@id\":\"https:\/\/futurelab-aachen.de\/en\/event\/in-geschichte-stoebern\/#primaryimage\",\"url\":\"https:\/\/futurelab-aachen.de\/wp-content\/uploads\/2016\/02\/Nadelfabrik-mit-Stadtarchiv-Aachen-original.jpg\",\"contentUrl\":\"https:\/\/futurelab-aachen.de\/wp-content\/uploads\/2016\/02\/Nadelfabrik-mit-Stadtarchiv-Aachen-original.jpg\",\"width\":1189,\"height\":800,\"caption\":\"Stadt Aachen_Peter Hinschl\u00e4ger\"},{\"@type\":\"BreadcrumbList\",\"@id\":\"https:\/\/futurelab-aachen.de\/en\/event\/in-geschichte-stoebern\/#breadcrumb\",\"itemListElement\":[{\"@type\":\"ListItem\",\"position\":1,\"name\":\"Startseite\",\"item\":\"https:\/\/futurelab-aachen.de\/en\/\"},{\"@type\":\"ListItem\",\"position\":2,\"name\":\"Veranstaltungen\",\"item\":\"https:\/\/futurelab-aachen.de\/event\/\"},{\"@type\":\"ListItem\",\"position\":3,\"name\":\"In Geschichte st\u00f6bern\"}]},{\"@type\":\"WebSite\",\"@id\":\"https:\/\/futurelab-aachen.de\/#website\",\"url\":\"https:\/\/futurelab-aachen.de\/\",\"name\":\"Future Lab Aachen\",\"description\":\"Kunst des Fortschritts\",\"publisher\":{\"@id\":\"https:\/\/futurelab-aachen.de\/#organization\"},\"potentialAction\":[{\"@type\":\"SearchAction\",\"target\":{\"@type\":\"EntryPoint\",\"urlTemplate\":\"https:\/\/futurelab-aachen.de\/?s={search_term_string}\"},\"query-input\":{\"@type\":\"PropertyValueSpecification\",\"valueRequired\":true,\"valueName\":\"search_term_string\"}}],\"inLanguage\":\"en-US\"},{\"@type\":\"Organization\",\"@id\":\"https:\/\/futurelab-aachen.de\/#organization\",\"name\":\"Future Lab Aachen\",\"url\":\"https:\/\/futurelab-aachen.de\/\",\"logo\":{\"@type\":\"ImageObject\",\"inLanguage\":\"en-US\",\"@id\":\"https:\/\/futurelab-aachen.de\/#\/schema\/logo\/image\/\",\"url\":\"\",\"contentUrl\":\"\",\"caption\":\"Future Lab Aachen\"},\"image\":{\"@id\":\"https:\/\/futurelab-aachen.de\/#\/schema\/logo\/image\/\"}}]}<\/script>\n<!-- \/ Yoast SEO plugin. -->","yoast_head_json":{"title":"In Geschichte st\u00f6bern - Future Lab Aachen","robots":{"index":"index","follow":"follow","max-snippet":"max-snippet:-1","max-image-preview":"max-image-preview:large","max-video-preview":"max-video-preview:-1"},"canonical":"https:\/\/futurelab-aachen.de\/en\/event\/in-geschichte-stoebern\/","og_locale":"en_US","og_type":"article","og_title":"In Geschichte st\u00f6bern - Future Lab Aachen","og_description":"Unter dem Motto &#8220;Mobilit\u00e4t im Wandel&#8221; \u00f6ffnen viele deutsche Archive ihre Pforten \u2013 so auch das Aachener Archiv. [&hellip;]","og_url":"https:\/\/futurelab-aachen.de\/en\/event\/in-geschichte-stoebern\/","og_site_name":"Future Lab Aachen","og_image":[{"width":1189,"height":800,"url":"https:\/\/futurelab-aachen.de\/wp-content\/uploads\/2016\/02\/Nadelfabrik-mit-Stadtarchiv-Aachen-original.jpg","type":"image\/jpeg"}],"twitter_card":"summary_large_image","twitter_misc":{"Est. reading time":"1 minute"},"schema":{"@context":"https:\/\/schema.org","@graph":[{"@type":"WebPage","@id":"https:\/\/futurelab-aachen.de\/en\/event\/in-geschichte-stoebern\/","url":"https:\/\/futurelab-aachen.de\/en\/event\/in-geschichte-stoebern\/","name":"In Geschichte st\u00f6bern - Future Lab Aachen","isPartOf":{"@id":"https:\/\/futurelab-aachen.de\/#website"},"primaryImageOfPage":{"@id":"https:\/\/futurelab-aachen.de\/en\/event\/in-geschichte-stoebern\/#primaryimage"},"image":{"@id":"https:\/\/futurelab-aachen.de\/en\/event\/in-geschichte-stoebern\/#primaryimage"},"thumbnailUrl":"https:\/\/futurelab-aachen.de\/wp-content\/uploads\/2016\/02\/Nadelfabrik-mit-Stadtarchiv-Aachen-original.jpg","datePublished":"2016-02-26T09:19:46+00:00","breadcrumb":{"@id":"https:\/\/futurelab-aachen.de\/en\/event\/in-geschichte-stoebern\/#breadcrumb"},"inLanguage":"en-US","potentialAction":[{"@type":"ReadAction","target":["https:\/\/futurelab-aachen.de\/en\/event\/in-geschichte-stoebern\/"]}]},{"@type":"ImageObject","inLanguage":"en-US","@id":"https:\/\/futurelab-aachen.de\/en\/event\/in-geschichte-stoebern\/#primaryimage","url":"https:\/\/futurelab-aachen.de\/wp-content\/uploads\/2016\/02\/Nadelfabrik-mit-Stadtarchiv-Aachen-original.jpg","contentUrl":"https:\/\/futurelab-aachen.de\/wp-content\/uploads\/2016\/02\/Nadelfabrik-mit-Stadtarchiv-Aachen-original.jpg","width":1189,"height":800,"caption":"Stadt Aachen_Peter Hinschl\u00e4ger"},{"@type":"BreadcrumbList","@id":"https:\/\/futurelab-aachen.de\/en\/event\/in-geschichte-stoebern\/#breadcrumb","itemListElement":[{"@type":"ListItem","position":1,"name":"Startseite","item":"https:\/\/futurelab-aachen.de\/en\/"},{"@type":"ListItem","position":2,"name":"Veranstaltungen","item":"https:\/\/futurelab-aachen.de\/event\/"},{"@type":"ListItem","position":3,"name":"In Geschichte st\u00f6bern"}]},{"@type":"WebSite","@id":"https:\/\/futurelab-aachen.de\/#website","url":"https:\/\/futurelab-aachen.de\/","name":"Future Lab Aachen","description":"Kunst des Fortschritts","publisher":{"@id":"https:\/\/futurelab-aachen.de\/#organization"},"potentialAction":[{"@type":"SearchAction","target":{"@type":"EntryPoint","urlTemplate":"https:\/\/futurelab-aachen.de\/?s={search_term_string}"},"query-input":{"@type":"PropertyValueSpecification","valueRequired":true,"valueName":"search_term_string"}}],"inLanguage":"en-US"},{"@type":"Organization","@id":"https:\/\/futurelab-aachen.de\/#organization","name":"Future Lab Aachen","url":"https:\/\/futurelab-aachen.de\/","logo":{"@type":"ImageObject","inLanguage":"en-US","@id":"https:\/\/futurelab-aachen.de\/#\/schema\/logo\/image\/","url":"","contentUrl":"","caption":"Future Lab Aachen"},"image":{"@id":"https:\/\/futurelab-aachen.de\/#\/schema\/logo\/image\/"}}]}},"_links":{"self":[{"href":"https:\/\/futurelab-aachen.de\/en\/wp-json\/wp\/v2\/tribe_events\/5007","targetHints":{"allow":["GET"]}}],"collection":[{"href":"https:\/\/futurelab-aachen.de\/en\/wp-json\/wp\/v2\/tribe_events"}],"about":[{"href":"https:\/\/futurelab-aachen.de\/en\/wp-json\/wp\/v2\/types\/tribe_events"}],"author":[{"embeddable":true,"href":"https:\/\/futurelab-aachen.de\/en\/wp-json\/wp\/v2\/users\/7"}],"version-history":[{"count":0,"href":"https:\/\/futurelab-aachen.de\/en\/wp-json\/wp\/v2\/tribe_events\/5007\/revisions"}],"wp:featuredmedia":[{"embeddable":true,"href":"https:\/\/futurelab-aachen.de\/en\/wp-json\/wp\/v2\/media\/4805"}],"wp:attachment":[{"href":"https:\/\/futurelab-aachen.de\/en\/wp-json\/wp\/v2\/media?parent=5007"}],"wp:term":[{"taxonomy":"post_tag","embeddable":true,"href":"https:\/\/futurelab-aachen.de\/en\/wp-json\/wp\/v2\/tags?post=5007"},{"taxonomy":"tribe_events_cat","embeddable":true,"href":"https:\/\/futurelab-aachen.de\/en\/wp-json\/wp\/v2\/tribe_events_cat?post=5007"}],"curies":[{"name":"wp","href":"https:\/\/api.w.org\/{rel}","templated":true}]}}

In Geschichte stöbern

<p>Unter dem Motto &#8220;Mobilität im Wandel&#8221; öffnen viele deutsche Archive ihre Pforten – so auch das Aachener Archiv.</p>
<p>Das Stadtarchiv Aachen, das bischöfliches Diözesanarchiv Aachen, das Domarchiv Aachen und das Hochschularchiv der RWTH Aachen zeigen von 12 bis 17 Uhr  Informationsstände mit Archivalien und Büchern zur Aachener Mobilität im Wandel. Außerdem wird es ein Quiz zur Aachener Verkehrsgeschichte geben, Mal- und Schreib-Aktionen für Kinder, sowie Kurzführungen durch das Stadtarchiv.</p>
<p>Das Hochschularchiv der RWTH bietet um 17 Uhr eine gesonderte Führung am Theaterplatz 14, 1. Obergeschoss, an. Und das Kaleidoskop Filmforum Aachen e. V. zeigt den Film &#8220;&#8230;immer die Nase vorn – Aachener Waldrennen 1948/49&#8221;.</p>
<p>Mehr zum Tag der Archive <a href="http://www.aachen.de/de/kultur_freizeit/kultur/stadtarchiv/tag_der_archive.html" target="_blank">hier</a></p>

<p>Unter dem Motto &#8220;Mobilität im Wandel&#8221; öffnen viele deutsche Archive ihre Pforten – so auch das Aachener Archiv. [&hellip;]</p>

<!-- This site is optimized with the Yoast SEO plugin v26.9 - https://yoast.com/product/yoast-seo-wordpress/ -->
<title>In Geschichte stöbern - Future Lab Aachen</title>
<meta name="robots" content="index, follow, max-snippet:-1, max-image-preview:large, max-video-preview:-1" />
<link rel="canonical" href="https://futurelab-aachen.de/en/event/in-geschichte-stoebern/" />
<meta property="og:locale" content="en_US" />
<meta property="og:type" content="article" />
<meta property="og:title" content="In Geschichte stöbern - Future Lab Aachen" />
<meta property="og:description" content="Unter dem Motto &#8220;Mobilität im Wandel&#8221; öffnen viele deutsche Archive ihre Pforten – so auch das Aachener Archiv. [&hellip;]" />
<meta property="og:url" content="https://futurelab-aachen.de/en/event/in-geschichte-stoebern/" />
<meta property="og:site_name" content="Future Lab Aachen" />
<meta property="og:image" content="https://futurelab-aachen.de/wp-content/uploads/2016/02/Nadelfabrik-mit-Stadtarchiv-Aachen-original.jpg" />
	<meta property="og:image:width" content="1189" />
	<meta property="og:image:height" content="800" />
	<meta property="og:image:type" content="image/jpeg" />
<meta name="twitter:card" content="summary_large_image" />
<meta name="twitter:label1" content="Est. reading time" />
	<meta name="twitter:data1" content="1 minute" />
<script type="application/ld+json" class="yoast-schema-graph">{"@context":"https://schema.org","@graph":[{"@type":"WebPage","@id":"https://futurelab-aachen.de/en/event/in-geschichte-stoebern/","url":"https://futurelab-aachen.de/en/event/in-geschichte-stoebern/","name":"In Geschichte stöbern - Future Lab Aachen","isPartOf":{"@id":"https://futurelab-aachen.de/#website"},"primaryImageOfPage":{"@id":"https://futurelab-aachen.de/en/event/in-geschichte-stoebern/#primaryimage"},"image":{"@id":"https://futurelab-aachen.de/en/event/in-geschichte-stoebern/#primaryimage"},"thumbnailUrl":"https://futurelab-aachen.de/wp-content/uploads/2016/02/Nadelfabrik-mit-Stadtarchiv-Aachen-original.jpg","datePublished":"2016-02-26T09:19:46+00:00","breadcrumb":{"@id":"https://futurelab-aachen.de/en/event/in-geschichte-stoebern/#breadcrumb"},"inLanguage":"en-US","potentialAction":[{"@type":"ReadAction","target":["https://futurelab-aachen.de/en/event/in-geschichte-stoebern/"]}]},{"@type":"ImageObject","inLanguage":"en-US","@id":"https://futurelab-aachen.de/en/event/in-geschichte-stoebern/#primaryimage","url":"https://futurelab-aachen.de/wp-content/uploads/2016/02/Nadelfabrik-mit-Stadtarchiv-Aachen-original.jpg","contentUrl":"https://futurelab-aachen.de/wp-content/uploads/2016/02/Nadelfabrik-mit-Stadtarchiv-Aachen-original.jpg","width":1189,"height":800,"caption":"Stadt Aachen_Peter Hinschläger"},{"@type":"BreadcrumbList","@id":"https://futurelab-aachen.de/en/event/in-geschichte-stoebern/#breadcrumb","itemListElement":[{"@type":"ListItem","position":1,"name":"Startseite","item":"https://futurelab-aachen.de/en/"},{"@type":"ListItem","position":2,"name":"Veranstaltungen","item":"https://futurelab-aachen.de/event/"},{"@type":"ListItem","position":3,"name":"In Geschichte stöbern"}]},{"@type":"WebSite","@id":"https://futurelab-aachen.de/#website","url":"https://futurelab-aachen.de/","name":"Future Lab Aachen","description":"Kunst des Fortschritts","publisher":{"@id":"https://futurelab-aachen.de/#organization"},"potentialAction":[{"@type":"SearchAction","target":{"@type":"EntryPoint","urlTemplate":"https://futurelab-aachen.de/?s={search_term_string}"},"query-input":{"@type":"PropertyValueSpecification","valueRequired":true,"valueName":"search_term_string"}}],"inLanguage":"en-US"},{"@type":"Organization","@id":"https://futurelab-aachen.de/#organization","name":"Future Lab Aachen","url":"https://futurelab-aachen.de/","logo":{"@type":"ImageObject","inLanguage":"en-US","@id":"https://futurelab-aachen.de/#/schema/logo/image/","url":"","contentUrl":"","caption":"Future Lab Aachen"},"image":{"@id":"https://futurelab-aachen.de/#/schema/logo/image/"}}]}</script>
<!-- / Yoast SEO plugin. -->

In Geschichte stöbern - Future Lab Aachen

Unter dem Motto &#8220;Mobilität im Wandel&#8221; öffnen viele deutsche Archive ihre Pforten – so auch das Aachener Archiv. [&hellip;]

Stadt Aachen_Peter Hinschläger
