{"id":5024,"date":"2016-02-18T12:34:29","date_gmt":"2016-02-18T11:34:29","guid":{"rendered":"http:\/\/futurelab-aachen.de\/event\/das-nullte-semester-2-2\/"},"modified":"2016-02-18T12:34:29","modified_gmt":"2016-02-18T11:34:29","slug":"das-nullte-semester-2","status":"publish","type":"tribe_events","link":"https:\/\/futurelab-aachen.de\/en\/event\/das-nullte-semester-2\/","title":{"rendered":"Das nullte Semester"},"content":{"rendered":"<p>RWTH Aachen und FH Aachen l\u00e4uten gemeinsam das &#8220;nullte Semester&#8221; ein, in dem Abiturientinnen und Abiturienten nach dem Schulabschluss sofort ins Studium der Ingenieurwissenschaften einsteigen k\u00f6nnen \u2013 und zwar an beiden Hochschulen gleichzeitig. Erst zum beginnenden Wintersemester 2016\/17 m\u00fcssen sich die Studierenden auf Probe f\u00fcr ein Studium an RWTH oder FH entscheiden.<\/p>\n<p>Das Projekt &#8220;Guter Studienstart im Ingenieurbereich&#8221; beinhaltet ein Grundlagenprogramm und Praktika in Mathe, Physik und Informatik, ein Rahmenprogramm mit studentischen Tutorien und Lerngruppen sowie ein Wahlprogramm mit regul\u00e4ren Angeboten aus den beteiligten Ingenieurstudieng\u00e4ngen. Es stehen 200 Pl\u00e4tze zur Verf\u00fcgung.<\/p>\n<p>Der Vorteil liegt auf der Hand: Im Sommersemster kann man sofort nach dem Abitur ins Studium einsteigen, Lehrinhalte und Praxisweisen der beiden Hochschulen sowie m\u00f6gliche\u00a0Kommilitoninnen und Kommilitonen kennenlernen.<\/p>\n<p>Weitere gute Gr\u00fcnde f\u00fcr den &#8220;guten Start im Ingenieurbereich&#8221; bietet der Info-Abend mit Vortr\u00e4gen und einer Fragerunde.<\/p>\n<p class=\"Quellenangabe\">Eine Anmeldung ist nicht erforderlich. Weitere Informationen auf der <a href=\"http:\/\/www.guterstudienstart.de\" target=\"_blank\">Webseite<\/a>.<\/p>\n<p>&nbsp;<\/p>\n<p><a href=\"https:\/\/futurelab-aachen.de\/wp-content\/uploads\/2016\/01\/sw__0016_rwth_schwarz_grau_rgb.png\"><img decoding=\"async\" class=\"size-full wp-image-3087\" src=\"https:\/\/futurelab-aachen.de\/wp-content\/uploads\/2016\/01\/sw__0016_rwth_schwarz_grau_rgb.png\" alt=\"RWTH Aachen_Logo RWTH Aachen\" width=\"212\" height=\"59\" \/><\/a><\/p>\n<table style=\"height: 15px\" width=\"5\">\n<tbody>\n<tr>\n<th><\/th>\n<td>&nbsp;<\/p>\n<p><a href=\"https:\/\/futurelab-aachen.de\/wp-content\/uploads\/2016\/01\/sw__0006_FHAAC_RGB_rgb.png\"><img decoding=\"async\" class=\"size-full wp-image-3077\" src=\"https:\/\/futurelab-aachen.de\/wp-content\/uploads\/2016\/01\/sw__0006_FHAAC_RGB_rgb.png\" alt=\"FH Aachen_Logo FH Aachen\" width=\"28\" height=\"85\" \/><\/a><\/td>\n<\/tr>\n<tr class=\"odd\">\n<th><\/th>\n<td><\/td>\n<\/tr>\n<tr>\n<th><\/th>\n<td><\/td>\n<\/tr>\n<tr class=\"odd\">\n<th><\/th>\n<td><\/td>\n<\/tr>\n<\/tbody>\n<\/table>\n<p>&nbsp;<\/p>\n<p>&nbsp;<\/p>\n","protected":false},"excerpt":{"rendered":"<p>RWTH Aachen und FH Aachen l\u00e4uten gemeinsam das &#8220;nullte Semester&#8221; ein, in dem Abiturientinnen und Abiturienten nach dem [&hellip;]<\/p>\n","protected":false},"author":7,"featured_media":3570,"template":"","meta":{"_acf_changed":false,"_lmt_disableupdate":"","_lmt_disable":"","_tribe_events_status":"","_tribe_events_status_reason":"","footnotes":""},"tags":[],"tribe_events_cat":[53],"class_list":["post-5024","tribe_events","type-tribe_events","status-publish","has-post-thumbnail","hentry","tribe_events_cat-info-en","cat_info-en"],"acf":[],"yoast_head":"<!-- This site is optimized with the Yoast SEO plugin v26.9 - https:\/\/yoast.com\/product\/yoast-seo-wordpress\/ -->\n<title>Das nullte Semester - Future Lab Aachen<\/title>\n<meta name=\"robots\" content=\"index, follow, max-snippet:-1, max-image-preview:large, max-video-preview:-1\" \/>\n<link rel=\"canonical\" href=\"https:\/\/futurelab-aachen.de\/en\/event\/das-nullte-semester-2\/\" \/>\n<meta property=\"og:locale\" content=\"en_US\" \/>\n<meta property=\"og:type\" content=\"article\" \/>\n<meta property=\"og:title\" content=\"Das nullte Semester - Future Lab Aachen\" \/>\n<meta property=\"og:description\" content=\"RWTH Aachen und FH Aachen l\u00e4uten gemeinsam das &#8220;nullte Semester&#8221; ein, in dem Abiturientinnen und Abiturienten nach dem [&hellip;]\" \/>\n<meta property=\"og:url\" content=\"https:\/\/futurelab-aachen.de\/en\/event\/das-nullte-semester-2\/\" \/>\n<meta property=\"og:site_name\" content=\"Future Lab Aachen\" \/>\n<meta property=\"og:image\" content=\"https:\/\/futurelab-aachen.de\/wp-content\/uploads\/2016\/01\/Wissenschaftsjahr_Illus_Flapp_Event1.jpg\" \/>\n\t<meta property=\"og:image:width\" content=\"720\" \/>\n\t<meta property=\"og:image:height\" content=\"480\" \/>\n\t<meta property=\"og:image:type\" content=\"image\/jpeg\" \/>\n<meta name=\"twitter:card\" content=\"summary_large_image\" \/>\n<meta name=\"twitter:label1\" content=\"Est. reading time\" \/>\n\t<meta name=\"twitter:data1\" content=\"1 minute\" \/>\n<script type=\"application\/ld+json\" class=\"yoast-schema-graph\">{\"@context\":\"https:\/\/schema.org\",\"@graph\":[{\"@type\":\"WebPage\",\"@id\":\"https:\/\/futurelab-aachen.de\/en\/event\/das-nullte-semester-2\/\",\"url\":\"https:\/\/futurelab-aachen.de\/en\/event\/das-nullte-semester-2\/\",\"name\":\"Das nullte Semester - Future Lab Aachen\",\"isPartOf\":{\"@id\":\"https:\/\/futurelab-aachen.de\/#website\"},\"primaryImageOfPage\":{\"@id\":\"https:\/\/futurelab-aachen.de\/en\/event\/das-nullte-semester-2\/#primaryimage\"},\"image\":{\"@id\":\"https:\/\/futurelab-aachen.de\/en\/event\/das-nullte-semester-2\/#primaryimage\"},\"thumbnailUrl\":\"https:\/\/futurelab-aachen.de\/wp-content\/uploads\/2016\/01\/Wissenschaftsjahr_Illus_Flapp_Event1.jpg\",\"datePublished\":\"2016-02-18T11:34:29+00:00\",\"breadcrumb\":{\"@id\":\"https:\/\/futurelab-aachen.de\/en\/event\/das-nullte-semester-2\/#breadcrumb\"},\"inLanguage\":\"en-US\",\"potentialAction\":[{\"@type\":\"ReadAction\",\"target\":[\"https:\/\/futurelab-aachen.de\/en\/event\/das-nullte-semester-2\/\"]}]},{\"@type\":\"ImageObject\",\"inLanguage\":\"en-US\",\"@id\":\"https:\/\/futurelab-aachen.de\/en\/event\/das-nullte-semester-2\/#primaryimage\",\"url\":\"https:\/\/futurelab-aachen.de\/wp-content\/uploads\/2016\/01\/Wissenschaftsjahr_Illus_Flapp_Event1.jpg\",\"contentUrl\":\"https:\/\/futurelab-aachen.de\/wp-content\/uploads\/2016\/01\/Wissenschaftsjahr_Illus_Flapp_Event1.jpg\",\"width\":720,\"height\":480,\"caption\":\"agentur wesentlich_Logo Future Lab\"},{\"@type\":\"BreadcrumbList\",\"@id\":\"https:\/\/futurelab-aachen.de\/en\/event\/das-nullte-semester-2\/#breadcrumb\",\"itemListElement\":[{\"@type\":\"ListItem\",\"position\":1,\"name\":\"Startseite\",\"item\":\"https:\/\/futurelab-aachen.de\/en\/\"},{\"@type\":\"ListItem\",\"position\":2,\"name\":\"Veranstaltungen\",\"item\":\"https:\/\/futurelab-aachen.de\/event\/\"},{\"@type\":\"ListItem\",\"position\":3,\"name\":\"Das nullte Semester\"}]},{\"@type\":\"WebSite\",\"@id\":\"https:\/\/futurelab-aachen.de\/#website\",\"url\":\"https:\/\/futurelab-aachen.de\/\",\"name\":\"Future Lab Aachen\",\"description\":\"Kunst des Fortschritts\",\"publisher\":{\"@id\":\"https:\/\/futurelab-aachen.de\/#organization\"},\"potentialAction\":[{\"@type\":\"SearchAction\",\"target\":{\"@type\":\"EntryPoint\",\"urlTemplate\":\"https:\/\/futurelab-aachen.de\/?s={search_term_string}\"},\"query-input\":{\"@type\":\"PropertyValueSpecification\",\"valueRequired\":true,\"valueName\":\"search_term_string\"}}],\"inLanguage\":\"en-US\"},{\"@type\":\"Organization\",\"@id\":\"https:\/\/futurelab-aachen.de\/#organization\",\"name\":\"Future Lab Aachen\",\"url\":\"https:\/\/futurelab-aachen.de\/\",\"logo\":{\"@type\":\"ImageObject\",\"inLanguage\":\"en-US\",\"@id\":\"https:\/\/futurelab-aachen.de\/#\/schema\/logo\/image\/\",\"url\":\"\",\"contentUrl\":\"\",\"caption\":\"Future Lab Aachen\"},\"image\":{\"@id\":\"https:\/\/futurelab-aachen.de\/#\/schema\/logo\/image\/\"}}]}<\/script>\n<!-- \/ Yoast SEO plugin. -->","yoast_head_json":{"title":"Das nullte Semester - Future Lab Aachen","robots":{"index":"index","follow":"follow","max-snippet":"max-snippet:-1","max-image-preview":"max-image-preview:large","max-video-preview":"max-video-preview:-1"},"canonical":"https:\/\/futurelab-aachen.de\/en\/event\/das-nullte-semester-2\/","og_locale":"en_US","og_type":"article","og_title":"Das nullte Semester - Future Lab Aachen","og_description":"RWTH Aachen und FH Aachen l\u00e4uten gemeinsam das &#8220;nullte Semester&#8221; ein, in dem Abiturientinnen und Abiturienten nach dem [&hellip;]","og_url":"https:\/\/futurelab-aachen.de\/en\/event\/das-nullte-semester-2\/","og_site_name":"Future Lab Aachen","og_image":[{"width":720,"height":480,"url":"https:\/\/futurelab-aachen.de\/wp-content\/uploads\/2016\/01\/Wissenschaftsjahr_Illus_Flapp_Event1.jpg","type":"image\/jpeg"}],"twitter_card":"summary_large_image","twitter_misc":{"Est. reading time":"1 minute"},"schema":{"@context":"https:\/\/schema.org","@graph":[{"@type":"WebPage","@id":"https:\/\/futurelab-aachen.de\/en\/event\/das-nullte-semester-2\/","url":"https:\/\/futurelab-aachen.de\/en\/event\/das-nullte-semester-2\/","name":"Das nullte Semester - Future Lab Aachen","isPartOf":{"@id":"https:\/\/futurelab-aachen.de\/#website"},"primaryImageOfPage":{"@id":"https:\/\/futurelab-aachen.de\/en\/event\/das-nullte-semester-2\/#primaryimage"},"image":{"@id":"https:\/\/futurelab-aachen.de\/en\/event\/das-nullte-semester-2\/#primaryimage"},"thumbnailUrl":"https:\/\/futurelab-aachen.de\/wp-content\/uploads\/2016\/01\/Wissenschaftsjahr_Illus_Flapp_Event1.jpg","datePublished":"2016-02-18T11:34:29+00:00","breadcrumb":{"@id":"https:\/\/futurelab-aachen.de\/en\/event\/das-nullte-semester-2\/#breadcrumb"},"inLanguage":"en-US","potentialAction":[{"@type":"ReadAction","target":["https:\/\/futurelab-aachen.de\/en\/event\/das-nullte-semester-2\/"]}]},{"@type":"ImageObject","inLanguage":"en-US","@id":"https:\/\/futurelab-aachen.de\/en\/event\/das-nullte-semester-2\/#primaryimage","url":"https:\/\/futurelab-aachen.de\/wp-content\/uploads\/2016\/01\/Wissenschaftsjahr_Illus_Flapp_Event1.jpg","contentUrl":"https:\/\/futurelab-aachen.de\/wp-content\/uploads\/2016\/01\/Wissenschaftsjahr_Illus_Flapp_Event1.jpg","width":720,"height":480,"caption":"agentur wesentlich_Logo Future Lab"},{"@type":"BreadcrumbList","@id":"https:\/\/futurelab-aachen.de\/en\/event\/das-nullte-semester-2\/#breadcrumb","itemListElement":[{"@type":"ListItem","position":1,"name":"Startseite","item":"https:\/\/futurelab-aachen.de\/en\/"},{"@type":"ListItem","position":2,"name":"Veranstaltungen","item":"https:\/\/futurelab-aachen.de\/event\/"},{"@type":"ListItem","position":3,"name":"Das nullte Semester"}]},{"@type":"WebSite","@id":"https:\/\/futurelab-aachen.de\/#website","url":"https:\/\/futurelab-aachen.de\/","name":"Future Lab Aachen","description":"Kunst des Fortschritts","publisher":{"@id":"https:\/\/futurelab-aachen.de\/#organization"},"potentialAction":[{"@type":"SearchAction","target":{"@type":"EntryPoint","urlTemplate":"https:\/\/futurelab-aachen.de\/?s={search_term_string}"},"query-input":{"@type":"PropertyValueSpecification","valueRequired":true,"valueName":"search_term_string"}}],"inLanguage":"en-US"},{"@type":"Organization","@id":"https:\/\/futurelab-aachen.de\/#organization","name":"Future Lab Aachen","url":"https:\/\/futurelab-aachen.de\/","logo":{"@type":"ImageObject","inLanguage":"en-US","@id":"https:\/\/futurelab-aachen.de\/#\/schema\/logo\/image\/","url":"","contentUrl":"","caption":"Future Lab Aachen"},"image":{"@id":"https:\/\/futurelab-aachen.de\/#\/schema\/logo\/image\/"}}]}},"_links":{"self":[{"href":"https:\/\/futurelab-aachen.de\/en\/wp-json\/wp\/v2\/tribe_events\/5024","targetHints":{"allow":["GET"]}}],"collection":[{"href":"https:\/\/futurelab-aachen.de\/en\/wp-json\/wp\/v2\/tribe_events"}],"about":[{"href":"https:\/\/futurelab-aachen.de\/en\/wp-json\/wp\/v2\/types\/tribe_events"}],"author":[{"embeddable":true,"href":"https:\/\/futurelab-aachen.de\/en\/wp-json\/wp\/v2\/users\/7"}],"version-history":[{"count":0,"href":"https:\/\/futurelab-aachen.de\/en\/wp-json\/wp\/v2\/tribe_events\/5024\/revisions"}],"wp:featuredmedia":[{"embeddable":true,"href":"https:\/\/futurelab-aachen.de\/en\/wp-json\/wp\/v2\/media\/3570"}],"wp:attachment":[{"href":"https:\/\/futurelab-aachen.de\/en\/wp-json\/wp\/v2\/media?parent=5024"}],"wp:term":[{"taxonomy":"post_tag","embeddable":true,"href":"https:\/\/futurelab-aachen.de\/en\/wp-json\/wp\/v2\/tags?post=5024"},{"taxonomy":"tribe_events_cat","embeddable":true,"href":"https:\/\/futurelab-aachen.de\/en\/wp-json\/wp\/v2\/tribe_events_cat?post=5024"}],"curies":[{"name":"wp","href":"https:\/\/api.w.org\/{rel}","templated":true}]}}

<p>RWTH Aachen und FH Aachen läuten gemeinsam das &#8220;nullte Semester&#8221; ein, in dem Abiturientinnen und Abiturienten nach dem Schulabschluss sofort ins Studium der Ingenieurwissenschaften einsteigen können – und zwar an beiden Hochschulen gleichzeitig. Erst zum beginnenden Wintersemester 2016/17 müssen sich die Studierenden auf Probe für ein Studium an RWTH oder FH entscheiden.</p>
<p>Das Projekt &#8220;Guter Studienstart im Ingenieurbereich&#8221; beinhaltet ein Grundlagenprogramm und Praktika in Mathe, Physik und Informatik, ein Rahmenprogramm mit studentischen Tutorien und Lerngruppen sowie ein Wahlprogramm mit regulären Angeboten aus den beteiligten Ingenieurstudiengängen. Es stehen 200 Plätze zur Verfügung.</p>
<p>Der Vorteil liegt auf der Hand: Im Sommersemster kann man sofort nach dem Abitur ins Studium einsteigen, Lehrinhalte und Praxisweisen der beiden Hochschulen sowie mögliche Kommilitoninnen und Kommilitonen kennenlernen.</p>
<p>Weitere gute Gründe für den &#8220;guten Start im Ingenieurbereich&#8221; bietet der Info-Abend mit Vorträgen und einer Fragerunde.</p>
<p class="Quellenangabe">Eine Anmeldung ist nicht erforderlich. Weitere Informationen auf der <a href="http://www.guterstudienstart.de" target="_blank">Webseite</a>.</p>
<p>&nbsp;</p>
<p><a href="https://futurelab-aachen.de/wp-content/uploads/2016/01/sw__0016_rwth_schwarz_grau_rgb.png"><img decoding="async" class="size-full wp-image-3087" src="https://futurelab-aachen.de/wp-content/uploads/2016/01/sw__0016_rwth_schwarz_grau_rgb.png" alt="RWTH Aachen_Logo RWTH Aachen" width="212" height="59" /></a></p>
<table style="height: 15px" width="5">
<tbody>
<tr>
<th></th>
<td>&nbsp;</p>
<p><a href="https://futurelab-aachen.de/wp-content/uploads/2016/01/sw__0006_FHAAC_RGB_rgb.png"><img decoding="async" class="size-full wp-image-3077" src="https://futurelab-aachen.de/wp-content/uploads/2016/01/sw__0006_FHAAC_RGB_rgb.png" alt="FH Aachen_Logo FH Aachen" width="28" height="85" /></a></td>
</tr>
<tr class="odd">
<th></th>
<td></td>
</tr>
<tr>
<th></th>
<td></td>
</tr>
<tr class="odd">
<th></th>
<td></td>
</tr>
</tbody>
</table>
<p>&nbsp;</p>
<p>&nbsp;</p>

<p>RWTH Aachen und FH Aachen läuten gemeinsam das &#8220;nullte Semester&#8221; ein, in dem Abiturientinnen und Abiturienten nach dem [&hellip;]</p>

<!-- This site is optimized with the Yoast SEO plugin v26.9 - https://yoast.com/product/yoast-seo-wordpress/ -->
<title>Das nullte Semester - Future Lab Aachen</title>
<meta name="robots" content="index, follow, max-snippet:-1, max-image-preview:large, max-video-preview:-1" />
<link rel="canonical" href="https://futurelab-aachen.de/en/event/das-nullte-semester-2/" />
<meta property="og:locale" content="en_US" />
<meta property="og:type" content="article" />
<meta property="og:title" content="Das nullte Semester - Future Lab Aachen" />
<meta property="og:description" content="RWTH Aachen und FH Aachen läuten gemeinsam das &#8220;nullte Semester&#8221; ein, in dem Abiturientinnen und Abiturienten nach dem [&hellip;]" />
<meta property="og:url" content="https://futurelab-aachen.de/en/event/das-nullte-semester-2/" />
<meta property="og:site_name" content="Future Lab Aachen" />
<meta property="og:image" content="https://futurelab-aachen.de/wp-content/uploads/2016/01/Wissenschaftsjahr_Illus_Flapp_Event1.jpg" />
	<meta property="og:image:width" content="720" />
	<meta property="og:image:height" content="480" />
	<meta property="og:image:type" content="image/jpeg" />
<meta name="twitter:card" content="summary_large_image" />
<meta name="twitter:label1" content="Est. reading time" />
	<meta name="twitter:data1" content="1 minute" />
<script type="application/ld+json" class="yoast-schema-graph">{"@context":"https://schema.org","@graph":[{"@type":"WebPage","@id":"https://futurelab-aachen.de/en/event/das-nullte-semester-2/","url":"https://futurelab-aachen.de/en/event/das-nullte-semester-2/","name":"Das nullte Semester - Future Lab Aachen","isPartOf":{"@id":"https://futurelab-aachen.de/#website"},"primaryImageOfPage":{"@id":"https://futurelab-aachen.de/en/event/das-nullte-semester-2/#primaryimage"},"image":{"@id":"https://futurelab-aachen.de/en/event/das-nullte-semester-2/#primaryimage"},"thumbnailUrl":"https://futurelab-aachen.de/wp-content/uploads/2016/01/Wissenschaftsjahr_Illus_Flapp_Event1.jpg","datePublished":"2016-02-18T11:34:29+00:00","breadcrumb":{"@id":"https://futurelab-aachen.de/en/event/das-nullte-semester-2/#breadcrumb"},"inLanguage":"en-US","potentialAction":[{"@type":"ReadAction","target":["https://futurelab-aachen.de/en/event/das-nullte-semester-2/"]}]},{"@type":"ImageObject","inLanguage":"en-US","@id":"https://futurelab-aachen.de/en/event/das-nullte-semester-2/#primaryimage","url":"https://futurelab-aachen.de/wp-content/uploads/2016/01/Wissenschaftsjahr_Illus_Flapp_Event1.jpg","contentUrl":"https://futurelab-aachen.de/wp-content/uploads/2016/01/Wissenschaftsjahr_Illus_Flapp_Event1.jpg","width":720,"height":480,"caption":"agentur wesentlich_Logo Future Lab"},{"@type":"BreadcrumbList","@id":"https://futurelab-aachen.de/en/event/das-nullte-semester-2/#breadcrumb","itemListElement":[{"@type":"ListItem","position":1,"name":"Startseite","item":"https://futurelab-aachen.de/en/"},{"@type":"ListItem","position":2,"name":"Veranstaltungen","item":"https://futurelab-aachen.de/event/"},{"@type":"ListItem","position":3,"name":"Das nullte Semester"}]},{"@type":"WebSite","@id":"https://futurelab-aachen.de/#website","url":"https://futurelab-aachen.de/","name":"Future Lab Aachen","description":"Kunst des Fortschritts","publisher":{"@id":"https://futurelab-aachen.de/#organization"},"potentialAction":[{"@type":"SearchAction","target":{"@type":"EntryPoint","urlTemplate":"https://futurelab-aachen.de/?s={search_term_string}"},"query-input":{"@type":"PropertyValueSpecification","valueRequired":true,"valueName":"search_term_string"}}],"inLanguage":"en-US"},{"@type":"Organization","@id":"https://futurelab-aachen.de/#organization","name":"Future Lab Aachen","url":"https://futurelab-aachen.de/","logo":{"@type":"ImageObject","inLanguage":"en-US","@id":"https://futurelab-aachen.de/#/schema/logo/image/","url":"","contentUrl":"","caption":"Future Lab Aachen"},"image":{"@id":"https://futurelab-aachen.de/#/schema/logo/image/"}}]}</script>
<!-- / Yoast SEO plugin. -->

RWTH Aachen und FH Aachen läuten gemeinsam das &#8220;nullte Semester&#8221; ein, in dem Abiturientinnen und Abiturienten nach dem [&hellip;]
