{"id":5034,"date":"2016-02-03T13:20:50","date_gmt":"2016-02-03T12:20:50","guid":{"rendered":"http:\/\/futurelab-aachen.de\/event\/die-digitalisierung-der-stadt-3\/"},"modified":"2016-02-03T13:20:50","modified_gmt":"2016-02-03T12:20:50","slug":"die-digitalisierung-der-stadt","status":"publish","type":"tribe_events","link":"https:\/\/futurelab-aachen.de\/en\/event\/die-digitalisierung-der-stadt\/","title":{"rendered":"Smart City Slam"},"content":{"rendered":"<p>Der F\u00f6rderverein &#8220;aachen fenster_raum f\u00fcr bauen und kultur&#8221; besch\u00e4ftigt sich in der Veranstaltungsreihe<br \/>\n\u201cDie Digitalisierung der Stadt &#8211; wie viel Smartness will sich Aachen leisten?\u201c mit den Auswirkungen, die<br \/>\ntechnische Erneuerungen auf das urbane Leben und den Stadtraum haben.<br \/>\nWenn laut dem Bev\u00f6lkerungsfond der Vereinten Nationen im Jahr 2030 f\u00fcnf Mrd. Menschen in St\u00e4dten<br \/>\nleben werden, wird das ohne Smart-City-Technologien nicht m\u00f6glich sein; versprechen diese doch eine<br \/>\nVerbesserung der Lebensqualit\u00e4t und eine Erh\u00f6hung der Ressourceneffizienz. Aber was bedeutet das und wof\u00fcr<br \/>\ngenau steht der Begriff &#8220;Smart-City&#8221;? Welche Chancen und Risiken bringen &#8220;Intelligente Stadtsysteme<br \/>\nmit modernster IT-Technik&#8221;, wie sie an den Hochschulen in Aachen erforscht und marktreif entwickelt werden?<\/p>\n<p>Diesen Fragen wird im &#8220;Smart City Slam&#8221; als neue Form der Interaktion zwischen Experten und Laien nachgegangen. Die interessierten Besucher der Veranstaltung k\u00f6nnen die vier unterschiedlichen Positionen der \u201cSlammer\u201c mit Hinweisen und Ideen anreichern. In 30 Sekunden Redezeit werden antreten:<\/p>\n<ul>\n<li>Steffen Braun, Leiter des &#8220;Competence Center f\u00fcr urbane Systemgestaltung&#8221; am Fraunhofer-Institut f\u00fcr Arbeitswirtschaft und Organisation IAO, Stuttgart<\/li>\n<li>Dietmar K\u00f6ring,\u00a0Dipl. Ing. Architekt, MArch, *ARPHENOTYPE<\/li>\n<li>Marcel Philipp, Oberb\u00fcrgermeister der Stadt Aachen<\/li>\n<li>Hilmar von Lojewski, Beigeordneter des Deutschen St\u00e4dtetages und St\u00e4dtetages NRW, Leiter des Dezernats Stadtentwicklung, Bauen, Wohnen und Verkehr<\/li>\n<\/ul>\n<p>Moderation: Ina-Marie Orawiec<br \/>\nDer Eintritt ist frei.<\/p>\n<p><a href=\"http:\/\/www.aachenfenster.de\/\" target=\"_blank\">Mehr Infos auf der Webseite<\/a><\/p>\n<p><a href=\"https:\/\/futurelab-aachen.de\/wp-content\/uploads\/2016\/02\/Ank\u00fcndigung-Digitalisierung-der-Stadt-Smart-City-16.2.pdf\" target=\"_blank\">Flyer Smart City Slam<\/a><\/p>\n","protected":false},"excerpt":{"rendered":"<p>Der F\u00f6rderverein &#8220;aachen fenster_raum f\u00fcr bauen und kultur&#8221; besch\u00e4ftigt sich in der Veranstaltungsreihe \u201cDie Digitalisierung der Stadt &#8211; [&hellip;]<\/p>\n","protected":false},"author":7,"featured_media":4169,"template":"","meta":{"_acf_changed":false,"_lmt_disableupdate":"","_lmt_disable":"","_tribe_events_status":"","_tribe_events_status_reason":"","footnotes":""},"tags":[],"tribe_events_cat":[85],"class_list":["post-5034","tribe_events","type-tribe_events","status-publish","has-post-thumbnail","hentry","tribe_events_cat-vorlesung-en","cat_vorlesung-en"],"acf":[],"yoast_head":"<!-- This site is optimized with the Yoast SEO plugin v26.9 - https:\/\/yoast.com\/product\/yoast-seo-wordpress\/ -->\n<title>Smart City Slam - Future Lab Aachen<\/title>\n<meta name=\"robots\" content=\"index, follow, max-snippet:-1, max-image-preview:large, max-video-preview:-1\" \/>\n<link rel=\"canonical\" href=\"https:\/\/futurelab-aachen.de\/en\/event\/die-digitalisierung-der-stadt\/\" \/>\n<meta property=\"og:locale\" content=\"en_US\" \/>\n<meta property=\"og:type\" content=\"article\" \/>\n<meta property=\"og:title\" content=\"Smart City Slam - Future Lab Aachen\" \/>\n<meta property=\"og:description\" content=\"Der F\u00f6rderverein &#8220;aachen fenster_raum f\u00fcr bauen und kultur&#8221; besch\u00e4ftigt sich in der Veranstaltungsreihe \u201cDie Digitalisierung der Stadt &#8211; [&hellip;]\" \/>\n<meta property=\"og:url\" content=\"https:\/\/futurelab-aachen.de\/en\/event\/die-digitalisierung-der-stadt\/\" \/>\n<meta property=\"og:site_name\" content=\"Future Lab Aachen\" \/>\n<meta property=\"og:image\" content=\"https:\/\/futurelab-aachen.de\/wp-content\/uploads\/2016\/02\/aachen-fenster.jpg\" \/>\n\t<meta property=\"og:image:width\" content=\"2560\" \/>\n\t<meta property=\"og:image:height\" content=\"1600\" \/>\n\t<meta property=\"og:image:type\" content=\"image\/jpeg\" \/>\n<meta name=\"twitter:card\" content=\"summary_large_image\" \/>\n<meta name=\"twitter:label1\" content=\"Est. reading time\" \/>\n\t<meta name=\"twitter:data1\" content=\"1 minute\" \/>\n<script type=\"application\/ld+json\" class=\"yoast-schema-graph\">{\"@context\":\"https:\/\/schema.org\",\"@graph\":[{\"@type\":\"WebPage\",\"@id\":\"https:\/\/futurelab-aachen.de\/en\/event\/die-digitalisierung-der-stadt\/\",\"url\":\"https:\/\/futurelab-aachen.de\/en\/event\/die-digitalisierung-der-stadt\/\",\"name\":\"Smart City Slam - Future Lab Aachen\",\"isPartOf\":{\"@id\":\"https:\/\/futurelab-aachen.de\/#website\"},\"primaryImageOfPage\":{\"@id\":\"https:\/\/futurelab-aachen.de\/en\/event\/die-digitalisierung-der-stadt\/#primaryimage\"},\"image\":{\"@id\":\"https:\/\/futurelab-aachen.de\/en\/event\/die-digitalisierung-der-stadt\/#primaryimage\"},\"thumbnailUrl\":\"https:\/\/futurelab-aachen.de\/wp-content\/uploads\/2016\/02\/aachen-fenster.jpg\",\"datePublished\":\"2016-02-03T12:20:50+00:00\",\"breadcrumb\":{\"@id\":\"https:\/\/futurelab-aachen.de\/en\/event\/die-digitalisierung-der-stadt\/#breadcrumb\"},\"inLanguage\":\"en-US\",\"potentialAction\":[{\"@type\":\"ReadAction\",\"target\":[\"https:\/\/futurelab-aachen.de\/en\/event\/die-digitalisierung-der-stadt\/\"]}]},{\"@type\":\"ImageObject\",\"inLanguage\":\"en-US\",\"@id\":\"https:\/\/futurelab-aachen.de\/en\/event\/die-digitalisierung-der-stadt\/#primaryimage\",\"url\":\"https:\/\/futurelab-aachen.de\/wp-content\/uploads\/2016\/02\/aachen-fenster.jpg\",\"contentUrl\":\"https:\/\/futurelab-aachen.de\/wp-content\/uploads\/2016\/02\/aachen-fenster.jpg\",\"width\":2080,\"height\":1300,\"caption\":\"aachen fenster\"},{\"@type\":\"BreadcrumbList\",\"@id\":\"https:\/\/futurelab-aachen.de\/en\/event\/die-digitalisierung-der-stadt\/#breadcrumb\",\"itemListElement\":[{\"@type\":\"ListItem\",\"position\":1,\"name\":\"Startseite\",\"item\":\"https:\/\/futurelab-aachen.de\/en\/\"},{\"@type\":\"ListItem\",\"position\":2,\"name\":\"Veranstaltungen\",\"item\":\"https:\/\/futurelab-aachen.de\/event\/\"},{\"@type\":\"ListItem\",\"position\":3,\"name\":\"Smart City Slam\"}]},{\"@type\":\"WebSite\",\"@id\":\"https:\/\/futurelab-aachen.de\/#website\",\"url\":\"https:\/\/futurelab-aachen.de\/\",\"name\":\"Future Lab Aachen\",\"description\":\"Kunst des Fortschritts\",\"publisher\":{\"@id\":\"https:\/\/futurelab-aachen.de\/#organization\"},\"potentialAction\":[{\"@type\":\"SearchAction\",\"target\":{\"@type\":\"EntryPoint\",\"urlTemplate\":\"https:\/\/futurelab-aachen.de\/?s={search_term_string}\"},\"query-input\":{\"@type\":\"PropertyValueSpecification\",\"valueRequired\":true,\"valueName\":\"search_term_string\"}}],\"inLanguage\":\"en-US\"},{\"@type\":\"Organization\",\"@id\":\"https:\/\/futurelab-aachen.de\/#organization\",\"name\":\"Future Lab Aachen\",\"url\":\"https:\/\/futurelab-aachen.de\/\",\"logo\":{\"@type\":\"ImageObject\",\"inLanguage\":\"en-US\",\"@id\":\"https:\/\/futurelab-aachen.de\/#\/schema\/logo\/image\/\",\"url\":\"\",\"contentUrl\":\"\",\"caption\":\"Future Lab Aachen\"},\"image\":{\"@id\":\"https:\/\/futurelab-aachen.de\/#\/schema\/logo\/image\/\"}}]}<\/script>\n<!-- \/ Yoast SEO plugin. -->","yoast_head_json":{"title":"Smart City Slam - Future Lab Aachen","robots":{"index":"index","follow":"follow","max-snippet":"max-snippet:-1","max-image-preview":"max-image-preview:large","max-video-preview":"max-video-preview:-1"},"canonical":"https:\/\/futurelab-aachen.de\/en\/event\/die-digitalisierung-der-stadt\/","og_locale":"en_US","og_type":"article","og_title":"Smart City Slam - Future Lab Aachen","og_description":"Der F\u00f6rderverein &#8220;aachen fenster_raum f\u00fcr bauen und kultur&#8221; besch\u00e4ftigt sich in der Veranstaltungsreihe \u201cDie Digitalisierung der Stadt &#8211; [&hellip;]","og_url":"https:\/\/futurelab-aachen.de\/en\/event\/die-digitalisierung-der-stadt\/","og_site_name":"Future Lab Aachen","og_image":[{"width":2560,"height":1600,"url":"https:\/\/futurelab-aachen.de\/wp-content\/uploads\/2016\/02\/aachen-fenster.jpg","type":"image\/jpeg"}],"twitter_card":"summary_large_image","twitter_misc":{"Est. reading time":"1 minute"},"schema":{"@context":"https:\/\/schema.org","@graph":[{"@type":"WebPage","@id":"https:\/\/futurelab-aachen.de\/en\/event\/die-digitalisierung-der-stadt\/","url":"https:\/\/futurelab-aachen.de\/en\/event\/die-digitalisierung-der-stadt\/","name":"Smart City Slam - Future Lab Aachen","isPartOf":{"@id":"https:\/\/futurelab-aachen.de\/#website"},"primaryImageOfPage":{"@id":"https:\/\/futurelab-aachen.de\/en\/event\/die-digitalisierung-der-stadt\/#primaryimage"},"image":{"@id":"https:\/\/futurelab-aachen.de\/en\/event\/die-digitalisierung-der-stadt\/#primaryimage"},"thumbnailUrl":"https:\/\/futurelab-aachen.de\/wp-content\/uploads\/2016\/02\/aachen-fenster.jpg","datePublished":"2016-02-03T12:20:50+00:00","breadcrumb":{"@id":"https:\/\/futurelab-aachen.de\/en\/event\/die-digitalisierung-der-stadt\/#breadcrumb"},"inLanguage":"en-US","potentialAction":[{"@type":"ReadAction","target":["https:\/\/futurelab-aachen.de\/en\/event\/die-digitalisierung-der-stadt\/"]}]},{"@type":"ImageObject","inLanguage":"en-US","@id":"https:\/\/futurelab-aachen.de\/en\/event\/die-digitalisierung-der-stadt\/#primaryimage","url":"https:\/\/futurelab-aachen.de\/wp-content\/uploads\/2016\/02\/aachen-fenster.jpg","contentUrl":"https:\/\/futurelab-aachen.de\/wp-content\/uploads\/2016\/02\/aachen-fenster.jpg","width":2080,"height":1300,"caption":"aachen fenster"},{"@type":"BreadcrumbList","@id":"https:\/\/futurelab-aachen.de\/en\/event\/die-digitalisierung-der-stadt\/#breadcrumb","itemListElement":[{"@type":"ListItem","position":1,"name":"Startseite","item":"https:\/\/futurelab-aachen.de\/en\/"},{"@type":"ListItem","position":2,"name":"Veranstaltungen","item":"https:\/\/futurelab-aachen.de\/event\/"},{"@type":"ListItem","position":3,"name":"Smart City Slam"}]},{"@type":"WebSite","@id":"https:\/\/futurelab-aachen.de\/#website","url":"https:\/\/futurelab-aachen.de\/","name":"Future Lab Aachen","description":"Kunst des Fortschritts","publisher":{"@id":"https:\/\/futurelab-aachen.de\/#organization"},"potentialAction":[{"@type":"SearchAction","target":{"@type":"EntryPoint","urlTemplate":"https:\/\/futurelab-aachen.de\/?s={search_term_string}"},"query-input":{"@type":"PropertyValueSpecification","valueRequired":true,"valueName":"search_term_string"}}],"inLanguage":"en-US"},{"@type":"Organization","@id":"https:\/\/futurelab-aachen.de\/#organization","name":"Future Lab Aachen","url":"https:\/\/futurelab-aachen.de\/","logo":{"@type":"ImageObject","inLanguage":"en-US","@id":"https:\/\/futurelab-aachen.de\/#\/schema\/logo\/image\/","url":"","contentUrl":"","caption":"Future Lab Aachen"},"image":{"@id":"https:\/\/futurelab-aachen.de\/#\/schema\/logo\/image\/"}}]}},"_links":{"self":[{"href":"https:\/\/futurelab-aachen.de\/en\/wp-json\/wp\/v2\/tribe_events\/5034","targetHints":{"allow":["GET"]}}],"collection":[{"href":"https:\/\/futurelab-aachen.de\/en\/wp-json\/wp\/v2\/tribe_events"}],"about":[{"href":"https:\/\/futurelab-aachen.de\/en\/wp-json\/wp\/v2\/types\/tribe_events"}],"author":[{"embeddable":true,"href":"https:\/\/futurelab-aachen.de\/en\/wp-json\/wp\/v2\/users\/7"}],"version-history":[{"count":0,"href":"https:\/\/futurelab-aachen.de\/en\/wp-json\/wp\/v2\/tribe_events\/5034\/revisions"}],"wp:featuredmedia":[{"embeddable":true,"href":"https:\/\/futurelab-aachen.de\/en\/wp-json\/wp\/v2\/media\/4169"}],"wp:attachment":[{"href":"https:\/\/futurelab-aachen.de\/en\/wp-json\/wp\/v2\/media?parent=5034"}],"wp:term":[{"taxonomy":"post_tag","embeddable":true,"href":"https:\/\/futurelab-aachen.de\/en\/wp-json\/wp\/v2\/tags?post=5034"},{"taxonomy":"tribe_events_cat","embeddable":true,"href":"https:\/\/futurelab-aachen.de\/en\/wp-json\/wp\/v2\/tribe_events_cat?post=5034"}],"curies":[{"name":"wp","href":"https:\/\/api.w.org\/{rel}","templated":true}]}}

<p>Der Förderverein &#8220;aachen fenster_raum für bauen und kultur&#8221; beschäftigt sich in der Veranstaltungsreihe<br />
“Die Digitalisierung der Stadt &#8211; wie viel Smartness will sich Aachen leisten?“ mit den Auswirkungen, die<br />
technische Erneuerungen auf das urbane Leben und den Stadtraum haben.<br />
Wenn laut dem Bevölkerungsfond der Vereinten Nationen im Jahr 2030 fünf Mrd. Menschen in Städten<br />
leben werden, wird das ohne Smart-City-Technologien nicht möglich sein; versprechen diese doch eine<br />
Verbesserung der Lebensqualität und eine Erhöhung der Ressourceneffizienz. Aber was bedeutet das und wofür<br />
genau steht der Begriff &#8220;Smart-City&#8221;? Welche Chancen und Risiken bringen &#8220;Intelligente Stadtsysteme<br />
mit modernster IT-Technik&#8221;, wie sie an den Hochschulen in Aachen erforscht und marktreif entwickelt werden?</p>
<p>Diesen Fragen wird im &#8220;Smart City Slam&#8221; als neue Form der Interaktion zwischen Experten und Laien nachgegangen. Die interessierten Besucher der Veranstaltung können die vier unterschiedlichen Positionen der “Slammer“ mit Hinweisen und Ideen anreichern. In 30 Sekunden Redezeit werden antreten:</p>
<ul>
<li>Steffen Braun, Leiter des &#8220;Competence Center für urbane Systemgestaltung&#8221; am Fraunhofer-Institut für Arbeitswirtschaft und Organisation IAO, Stuttgart</li>
<li>Dietmar Köring, Dipl. Ing. Architekt, MArch, *ARPHENOTYPE</li>
<li>Marcel Philipp, Oberbürgermeister der Stadt Aachen</li>
<li>Hilmar von Lojewski, Beigeordneter des Deutschen Städtetages und Städtetages NRW, Leiter des Dezernats Stadtentwicklung, Bauen, Wohnen und Verkehr</li>
</ul>
<p>Moderation: Ina-Marie Orawiec<br />
Der Eintritt ist frei.</p>
<p><a href="http://www.aachenfenster.de/" target="_blank">Mehr Infos auf der Webseite</a></p>
<p><a href="https://futurelab-aachen.de/wp-content/uploads/2016/02/Ankündigung-Digitalisierung-der-Stadt-Smart-City-16.2.pdf" target="_blank">Flyer Smart City Slam</a></p>

<p>Der Förderverein &#8220;aachen fenster_raum für bauen und kultur&#8221; beschäftigt sich in der Veranstaltungsreihe “Die Digitalisierung der Stadt &#8211; [&hellip;]</p>

<!-- This site is optimized with the Yoast SEO plugin v26.9 - https://yoast.com/product/yoast-seo-wordpress/ -->
<title>Smart City Slam - Future Lab Aachen</title>
<meta name="robots" content="index, follow, max-snippet:-1, max-image-preview:large, max-video-preview:-1" />
<link rel="canonical" href="https://futurelab-aachen.de/en/event/die-digitalisierung-der-stadt/" />
<meta property="og:locale" content="en_US" />
<meta property="og:type" content="article" />
<meta property="og:title" content="Smart City Slam - Future Lab Aachen" />
<meta property="og:description" content="Der Förderverein &#8220;aachen fenster_raum für bauen und kultur&#8221; beschäftigt sich in der Veranstaltungsreihe “Die Digitalisierung der Stadt &#8211; [&hellip;]" />
<meta property="og:url" content="https://futurelab-aachen.de/en/event/die-digitalisierung-der-stadt/" />
<meta property="og:site_name" content="Future Lab Aachen" />
<meta property="og:image" content="https://futurelab-aachen.de/wp-content/uploads/2016/02/aachen-fenster.jpg" />
	<meta property="og:image:width" content="2560" />
	<meta property="og:image:height" content="1600" />
	<meta property="og:image:type" content="image/jpeg" />
<meta name="twitter:card" content="summary_large_image" />
<meta name="twitter:label1" content="Est. reading time" />
	<meta name="twitter:data1" content="1 minute" />
<script type="application/ld+json" class="yoast-schema-graph">{"@context":"https://schema.org","@graph":[{"@type":"WebPage","@id":"https://futurelab-aachen.de/en/event/die-digitalisierung-der-stadt/","url":"https://futurelab-aachen.de/en/event/die-digitalisierung-der-stadt/","name":"Smart City Slam - Future Lab Aachen","isPartOf":{"@id":"https://futurelab-aachen.de/#website"},"primaryImageOfPage":{"@id":"https://futurelab-aachen.de/en/event/die-digitalisierung-der-stadt/#primaryimage"},"image":{"@id":"https://futurelab-aachen.de/en/event/die-digitalisierung-der-stadt/#primaryimage"},"thumbnailUrl":"https://futurelab-aachen.de/wp-content/uploads/2016/02/aachen-fenster.jpg","datePublished":"2016-02-03T12:20:50+00:00","breadcrumb":{"@id":"https://futurelab-aachen.de/en/event/die-digitalisierung-der-stadt/#breadcrumb"},"inLanguage":"en-US","potentialAction":[{"@type":"ReadAction","target":["https://futurelab-aachen.de/en/event/die-digitalisierung-der-stadt/"]}]},{"@type":"ImageObject","inLanguage":"en-US","@id":"https://futurelab-aachen.de/en/event/die-digitalisierung-der-stadt/#primaryimage","url":"https://futurelab-aachen.de/wp-content/uploads/2016/02/aachen-fenster.jpg","contentUrl":"https://futurelab-aachen.de/wp-content/uploads/2016/02/aachen-fenster.jpg","width":2080,"height":1300,"caption":"aachen fenster"},{"@type":"BreadcrumbList","@id":"https://futurelab-aachen.de/en/event/die-digitalisierung-der-stadt/#breadcrumb","itemListElement":[{"@type":"ListItem","position":1,"name":"Startseite","item":"https://futurelab-aachen.de/en/"},{"@type":"ListItem","position":2,"name":"Veranstaltungen","item":"https://futurelab-aachen.de/event/"},{"@type":"ListItem","position":3,"name":"Smart City Slam"}]},{"@type":"WebSite","@id":"https://futurelab-aachen.de/#website","url":"https://futurelab-aachen.de/","name":"Future Lab Aachen","description":"Kunst des Fortschritts","publisher":{"@id":"https://futurelab-aachen.de/#organization"},"potentialAction":[{"@type":"SearchAction","target":{"@type":"EntryPoint","urlTemplate":"https://futurelab-aachen.de/?s={search_term_string}"},"query-input":{"@type":"PropertyValueSpecification","valueRequired":true,"valueName":"search_term_string"}}],"inLanguage":"en-US"},{"@type":"Organization","@id":"https://futurelab-aachen.de/#organization","name":"Future Lab Aachen","url":"https://futurelab-aachen.de/","logo":{"@type":"ImageObject","inLanguage":"en-US","@id":"https://futurelab-aachen.de/#/schema/logo/image/","url":"","contentUrl":"","caption":"Future Lab Aachen"},"image":{"@id":"https://futurelab-aachen.de/#/schema/logo/image/"}}]}</script>
<!-- / Yoast SEO plugin. -->

Der Förderverein &#8220;aachen fenster_raum für bauen und kultur&#8221; beschäftigt sich in der Veranstaltungsreihe “Die Digitalisierung der Stadt &#8211; [&hellip;]
