{"id":5037,"date":"2016-02-03T10:27:22","date_gmt":"2016-02-03T09:27:22","guid":{"rendered":"http:\/\/futurelab-aachen.de\/event\/elektromobilitaet-als-chance-2\/"},"modified":"2016-02-03T10:27:22","modified_gmt":"2016-02-03T09:27:22","slug":"elektromobilitaet-als-chance","status":"publish","type":"tribe_events","link":"https:\/\/futurelab-aachen.de\/en\/event\/elektromobilitaet-als-chance\/","title":{"rendered":"Elektromobilit\u00e4t in Aachen"},"content":{"rendered":"<p>Mit der Umstellung von der konventionellen Antriebstechnik f\u00fcr Kraftfahrzeuge, unter anderem auf elektrische Antriebe, wird oftmals die Hoffnung verbunden, dass im Stadtverkehr &#8220;alles besser&#8221; wird.<\/p>\n<p>Im Rahmen der Vorlesungsreihe\u00a0&#8220;Studium Generale: Der Career Service der FH Aachen veranstaltet erneut diese Vorlesungsreihe mit informativen und\u00a0allgemeinverst\u00e4ndlichen Vortr\u00e4gen von Wissenschaftlerinnen und Wissenschaftlern verschiedener Disziplinen. Sie richtet sich an Studierende aller Fachbereiche, an die Mitarbeitenden der FH Aachen, sowie an interessierte G\u00e4ste. Ziel ist es, den Blick \u00fcber den Tellerrand des eigenen Fachgebietes zu weiten, die Kommunikation zwischen den Fachbereichen zu intensivieren und die interdisziplin\u00e4re Zusammenarbeit zu f\u00f6rdern.<\/p>\n<p>In seinem Vortrag &#8220;Elektromobilit\u00e4t \u2013Die Chance f\u00fcr eine nachhaltige Mobilit\u00e4t in Aachen?&#8221; spricht Prof. Dr.-Ing. Christoph Hebel vom Fachbereich Bauingenieurwesen der FH Aachen \u00fcber die vielf\u00e4ltigen Aktivit\u00e4ten in Aachen. Und er diskutiert, welche Effekte im Stadtverkehr durch die Umstellung der Antriebstechnik zu erwarten sind.<\/p>\n<p><a href=\"https:\/\/www.fh-aachen.de\/hochschule\/career-service\/studium-generale\/\" target=\"_blank\">Mehr Infos<\/a><\/p>\n<p>&nbsp;<\/p>\n<p><a href=\"https:\/\/futurelab-aachen.de\/wp-content\/uploads\/2016\/01\/sw__0006_FHAAC_RGB_rgb.png\"><img decoding=\"async\" class=\"size-full wp-image-3077\" src=\"https:\/\/futurelab-aachen.de\/wp-content\/uploads\/2016\/01\/sw__0006_FHAAC_RGB_rgb.png\" alt=\"FH Aachen_Logo FH Aachen\" width=\"28\" height=\"85\" \/><\/a><\/p>\n","protected":false},"excerpt":{"rendered":"<p>Mit der Umstellung von der konventionellen Antriebstechnik f\u00fcr Kraftfahrzeuge, unter anderem auf elektrische Antriebe, wird oftmals die Hoffnung [&hellip;]<\/p>\n","protected":false},"author":7,"featured_media":4150,"template":"","meta":{"_acf_changed":false,"_lmt_disableupdate":"","_lmt_disable":"","_tribe_events_status":"","_tribe_events_status_reason":"","footnotes":""},"tags":[],"tribe_events_cat":[85],"class_list":["post-5037","tribe_events","type-tribe_events","status-publish","has-post-thumbnail","hentry","tribe_events_cat-vorlesung-en","cat_vorlesung-en"],"acf":[],"yoast_head":"<!-- This site is optimized with the Yoast SEO plugin v26.9 - https:\/\/yoast.com\/product\/yoast-seo-wordpress\/ -->\n<title>Elektromobilit\u00e4t in Aachen - Future Lab Aachen<\/title>\n<meta name=\"robots\" content=\"index, follow, max-snippet:-1, max-image-preview:large, max-video-preview:-1\" \/>\n<link rel=\"canonical\" href=\"https:\/\/futurelab-aachen.de\/en\/event\/elektromobilitaet-als-chance\/\" \/>\n<meta property=\"og:locale\" content=\"en_US\" \/>\n<meta property=\"og:type\" content=\"article\" \/>\n<meta property=\"og:title\" content=\"Elektromobilit\u00e4t in Aachen - Future Lab Aachen\" \/>\n<meta property=\"og:description\" content=\"Mit der Umstellung von der konventionellen Antriebstechnik f\u00fcr Kraftfahrzeuge, unter anderem auf elektrische Antriebe, wird oftmals die Hoffnung [&hellip;]\" \/>\n<meta property=\"og:url\" content=\"https:\/\/futurelab-aachen.de\/en\/event\/elektromobilitaet-als-chance\/\" \/>\n<meta property=\"og:site_name\" content=\"Future Lab Aachen\" \/>\n<meta property=\"og:image\" content=\"https:\/\/futurelab-aachen.de\/wp-content\/uploads\/2016\/02\/FH-Aachen_www.thilo-vogel.com_Vorlesung.jpg\" \/>\n\t<meta property=\"og:image:width\" content=\"2000\" \/>\n\t<meta property=\"og:image:height\" content=\"1331\" \/>\n\t<meta property=\"og:image:type\" content=\"image\/jpeg\" \/>\n<meta name=\"twitter:card\" content=\"summary_large_image\" \/>\n<meta name=\"twitter:label1\" content=\"Est. reading time\" \/>\n\t<meta name=\"twitter:data1\" content=\"1 minute\" \/>\n<script type=\"application\/ld+json\" class=\"yoast-schema-graph\">{\"@context\":\"https:\/\/schema.org\",\"@graph\":[{\"@type\":\"WebPage\",\"@id\":\"https:\/\/futurelab-aachen.de\/en\/event\/elektromobilitaet-als-chance\/\",\"url\":\"https:\/\/futurelab-aachen.de\/en\/event\/elektromobilitaet-als-chance\/\",\"name\":\"Elektromobilit\u00e4t in Aachen - Future Lab Aachen\",\"isPartOf\":{\"@id\":\"https:\/\/futurelab-aachen.de\/#website\"},\"primaryImageOfPage\":{\"@id\":\"https:\/\/futurelab-aachen.de\/en\/event\/elektromobilitaet-als-chance\/#primaryimage\"},\"image\":{\"@id\":\"https:\/\/futurelab-aachen.de\/en\/event\/elektromobilitaet-als-chance\/#primaryimage\"},\"thumbnailUrl\":\"https:\/\/futurelab-aachen.de\/wp-content\/uploads\/2016\/02\/FH-Aachen_www.thilo-vogel.com_Vorlesung.jpg\",\"datePublished\":\"2016-02-03T09:27:22+00:00\",\"breadcrumb\":{\"@id\":\"https:\/\/futurelab-aachen.de\/en\/event\/elektromobilitaet-als-chance\/#breadcrumb\"},\"inLanguage\":\"en-US\",\"potentialAction\":[{\"@type\":\"ReadAction\",\"target\":[\"https:\/\/futurelab-aachen.de\/en\/event\/elektromobilitaet-als-chance\/\"]}]},{\"@type\":\"ImageObject\",\"inLanguage\":\"en-US\",\"@id\":\"https:\/\/futurelab-aachen.de\/en\/event\/elektromobilitaet-als-chance\/#primaryimage\",\"url\":\"https:\/\/futurelab-aachen.de\/wp-content\/uploads\/2016\/02\/FH-Aachen_www.thilo-vogel.com_Vorlesung.jpg\",\"contentUrl\":\"https:\/\/futurelab-aachen.de\/wp-content\/uploads\/2016\/02\/FH-Aachen_www.thilo-vogel.com_Vorlesung.jpg\",\"width\":2000,\"height\":1331,\"caption\":\"FH Aachen_www.thilo-vogel.com\"},{\"@type\":\"BreadcrumbList\",\"@id\":\"https:\/\/futurelab-aachen.de\/en\/event\/elektromobilitaet-als-chance\/#breadcrumb\",\"itemListElement\":[{\"@type\":\"ListItem\",\"position\":1,\"name\":\"Startseite\",\"item\":\"https:\/\/futurelab-aachen.de\/en\/\"},{\"@type\":\"ListItem\",\"position\":2,\"name\":\"Veranstaltungen\",\"item\":\"https:\/\/futurelab-aachen.de\/event\/\"},{\"@type\":\"ListItem\",\"position\":3,\"name\":\"Elektromobilit\u00e4t in Aachen\"}]},{\"@type\":\"WebSite\",\"@id\":\"https:\/\/futurelab-aachen.de\/#website\",\"url\":\"https:\/\/futurelab-aachen.de\/\",\"name\":\"Future Lab Aachen\",\"description\":\"Kunst des Fortschritts\",\"publisher\":{\"@id\":\"https:\/\/futurelab-aachen.de\/#organization\"},\"potentialAction\":[{\"@type\":\"SearchAction\",\"target\":{\"@type\":\"EntryPoint\",\"urlTemplate\":\"https:\/\/futurelab-aachen.de\/?s={search_term_string}\"},\"query-input\":{\"@type\":\"PropertyValueSpecification\",\"valueRequired\":true,\"valueName\":\"search_term_string\"}}],\"inLanguage\":\"en-US\"},{\"@type\":\"Organization\",\"@id\":\"https:\/\/futurelab-aachen.de\/#organization\",\"name\":\"Future Lab Aachen\",\"url\":\"https:\/\/futurelab-aachen.de\/\",\"logo\":{\"@type\":\"ImageObject\",\"inLanguage\":\"en-US\",\"@id\":\"https:\/\/futurelab-aachen.de\/#\/schema\/logo\/image\/\",\"url\":\"\",\"contentUrl\":\"\",\"caption\":\"Future Lab Aachen\"},\"image\":{\"@id\":\"https:\/\/futurelab-aachen.de\/#\/schema\/logo\/image\/\"}}]}<\/script>\n<!-- \/ Yoast SEO plugin. -->","yoast_head_json":{"title":"Elektromobilit\u00e4t in Aachen - Future Lab Aachen","robots":{"index":"index","follow":"follow","max-snippet":"max-snippet:-1","max-image-preview":"max-image-preview:large","max-video-preview":"max-video-preview:-1"},"canonical":"https:\/\/futurelab-aachen.de\/en\/event\/elektromobilitaet-als-chance\/","og_locale":"en_US","og_type":"article","og_title":"Elektromobilit\u00e4t in Aachen - Future Lab Aachen","og_description":"Mit der Umstellung von der konventionellen Antriebstechnik f\u00fcr Kraftfahrzeuge, unter anderem auf elektrische Antriebe, wird oftmals die Hoffnung [&hellip;]","og_url":"https:\/\/futurelab-aachen.de\/en\/event\/elektromobilitaet-als-chance\/","og_site_name":"Future Lab Aachen","og_image":[{"width":2000,"height":1331,"url":"https:\/\/futurelab-aachen.de\/wp-content\/uploads\/2016\/02\/FH-Aachen_www.thilo-vogel.com_Vorlesung.jpg","type":"image\/jpeg"}],"twitter_card":"summary_large_image","twitter_misc":{"Est. reading time":"1 minute"},"schema":{"@context":"https:\/\/schema.org","@graph":[{"@type":"WebPage","@id":"https:\/\/futurelab-aachen.de\/en\/event\/elektromobilitaet-als-chance\/","url":"https:\/\/futurelab-aachen.de\/en\/event\/elektromobilitaet-als-chance\/","name":"Elektromobilit\u00e4t in Aachen - Future Lab Aachen","isPartOf":{"@id":"https:\/\/futurelab-aachen.de\/#website"},"primaryImageOfPage":{"@id":"https:\/\/futurelab-aachen.de\/en\/event\/elektromobilitaet-als-chance\/#primaryimage"},"image":{"@id":"https:\/\/futurelab-aachen.de\/en\/event\/elektromobilitaet-als-chance\/#primaryimage"},"thumbnailUrl":"https:\/\/futurelab-aachen.de\/wp-content\/uploads\/2016\/02\/FH-Aachen_www.thilo-vogel.com_Vorlesung.jpg","datePublished":"2016-02-03T09:27:22+00:00","breadcrumb":{"@id":"https:\/\/futurelab-aachen.de\/en\/event\/elektromobilitaet-als-chance\/#breadcrumb"},"inLanguage":"en-US","potentialAction":[{"@type":"ReadAction","target":["https:\/\/futurelab-aachen.de\/en\/event\/elektromobilitaet-als-chance\/"]}]},{"@type":"ImageObject","inLanguage":"en-US","@id":"https:\/\/futurelab-aachen.de\/en\/event\/elektromobilitaet-als-chance\/#primaryimage","url":"https:\/\/futurelab-aachen.de\/wp-content\/uploads\/2016\/02\/FH-Aachen_www.thilo-vogel.com_Vorlesung.jpg","contentUrl":"https:\/\/futurelab-aachen.de\/wp-content\/uploads\/2016\/02\/FH-Aachen_www.thilo-vogel.com_Vorlesung.jpg","width":2000,"height":1331,"caption":"FH Aachen_www.thilo-vogel.com"},{"@type":"BreadcrumbList","@id":"https:\/\/futurelab-aachen.de\/en\/event\/elektromobilitaet-als-chance\/#breadcrumb","itemListElement":[{"@type":"ListItem","position":1,"name":"Startseite","item":"https:\/\/futurelab-aachen.de\/en\/"},{"@type":"ListItem","position":2,"name":"Veranstaltungen","item":"https:\/\/futurelab-aachen.de\/event\/"},{"@type":"ListItem","position":3,"name":"Elektromobilit\u00e4t in Aachen"}]},{"@type":"WebSite","@id":"https:\/\/futurelab-aachen.de\/#website","url":"https:\/\/futurelab-aachen.de\/","name":"Future Lab Aachen","description":"Kunst des Fortschritts","publisher":{"@id":"https:\/\/futurelab-aachen.de\/#organization"},"potentialAction":[{"@type":"SearchAction","target":{"@type":"EntryPoint","urlTemplate":"https:\/\/futurelab-aachen.de\/?s={search_term_string}"},"query-input":{"@type":"PropertyValueSpecification","valueRequired":true,"valueName":"search_term_string"}}],"inLanguage":"en-US"},{"@type":"Organization","@id":"https:\/\/futurelab-aachen.de\/#organization","name":"Future Lab Aachen","url":"https:\/\/futurelab-aachen.de\/","logo":{"@type":"ImageObject","inLanguage":"en-US","@id":"https:\/\/futurelab-aachen.de\/#\/schema\/logo\/image\/","url":"","contentUrl":"","caption":"Future Lab Aachen"},"image":{"@id":"https:\/\/futurelab-aachen.de\/#\/schema\/logo\/image\/"}}]}},"_links":{"self":[{"href":"https:\/\/futurelab-aachen.de\/en\/wp-json\/wp\/v2\/tribe_events\/5037","targetHints":{"allow":["GET"]}}],"collection":[{"href":"https:\/\/futurelab-aachen.de\/en\/wp-json\/wp\/v2\/tribe_events"}],"about":[{"href":"https:\/\/futurelab-aachen.de\/en\/wp-json\/wp\/v2\/types\/tribe_events"}],"author":[{"embeddable":true,"href":"https:\/\/futurelab-aachen.de\/en\/wp-json\/wp\/v2\/users\/7"}],"version-history":[{"count":0,"href":"https:\/\/futurelab-aachen.de\/en\/wp-json\/wp\/v2\/tribe_events\/5037\/revisions"}],"wp:featuredmedia":[{"embeddable":true,"href":"https:\/\/futurelab-aachen.de\/en\/wp-json\/wp\/v2\/media\/4150"}],"wp:attachment":[{"href":"https:\/\/futurelab-aachen.de\/en\/wp-json\/wp\/v2\/media?parent=5037"}],"wp:term":[{"taxonomy":"post_tag","embeddable":true,"href":"https:\/\/futurelab-aachen.de\/en\/wp-json\/wp\/v2\/tags?post=5037"},{"taxonomy":"tribe_events_cat","embeddable":true,"href":"https:\/\/futurelab-aachen.de\/en\/wp-json\/wp\/v2\/tribe_events_cat?post=5037"}],"curies":[{"name":"wp","href":"https:\/\/api.w.org\/{rel}","templated":true}]}}

Elektromobilität in Aachen

<p>Mit der Umstellung von der konventionellen Antriebstechnik für Kraftfahrzeuge, unter anderem auf elektrische Antriebe, wird oftmals die Hoffnung verbunden, dass im Stadtverkehr &#8220;alles besser&#8221; wird.</p>
<p>Im Rahmen der Vorlesungsreihe &#8220;Studium Generale: Der Career Service der FH Aachen veranstaltet erneut diese Vorlesungsreihe mit informativen und allgemeinverständlichen Vorträgen von Wissenschaftlerinnen und Wissenschaftlern verschiedener Disziplinen. Sie richtet sich an Studierende aller Fachbereiche, an die Mitarbeitenden der FH Aachen, sowie an interessierte Gäste. Ziel ist es, den Blick über den Tellerrand des eigenen Fachgebietes zu weiten, die Kommunikation zwischen den Fachbereichen zu intensivieren und die interdisziplinäre Zusammenarbeit zu fördern.</p>
<p>In seinem Vortrag &#8220;Elektromobilität –Die Chance für eine nachhaltige Mobilität in Aachen?&#8221; spricht Prof. Dr.-Ing. Christoph Hebel vom Fachbereich Bauingenieurwesen der FH Aachen über die vielfältigen Aktivitäten in Aachen. Und er diskutiert, welche Effekte im Stadtverkehr durch die Umstellung der Antriebstechnik zu erwarten sind.</p>
<p><a href="https://www.fh-aachen.de/hochschule/career-service/studium-generale/" target="_blank">Mehr Infos</a></p>
<p>&nbsp;</p>
<p><a href="https://futurelab-aachen.de/wp-content/uploads/2016/01/sw__0006_FHAAC_RGB_rgb.png"><img decoding="async" class="size-full wp-image-3077" src="https://futurelab-aachen.de/wp-content/uploads/2016/01/sw__0006_FHAAC_RGB_rgb.png" alt="FH Aachen_Logo FH Aachen" width="28" height="85" /></a></p>

<p>Mit der Umstellung von der konventionellen Antriebstechnik für Kraftfahrzeuge, unter anderem auf elektrische Antriebe, wird oftmals die Hoffnung [&hellip;]</p>

<!-- This site is optimized with the Yoast SEO plugin v26.9 - https://yoast.com/product/yoast-seo-wordpress/ -->
<title>Elektromobilität in Aachen - Future Lab Aachen</title>
<meta name="robots" content="index, follow, max-snippet:-1, max-image-preview:large, max-video-preview:-1" />
<link rel="canonical" href="https://futurelab-aachen.de/en/event/elektromobilitaet-als-chance/" />
<meta property="og:locale" content="en_US" />
<meta property="og:type" content="article" />
<meta property="og:title" content="Elektromobilität in Aachen - Future Lab Aachen" />
<meta property="og:description" content="Mit der Umstellung von der konventionellen Antriebstechnik für Kraftfahrzeuge, unter anderem auf elektrische Antriebe, wird oftmals die Hoffnung [&hellip;]" />
<meta property="og:url" content="https://futurelab-aachen.de/en/event/elektromobilitaet-als-chance/" />
<meta property="og:site_name" content="Future Lab Aachen" />
<meta property="og:image" content="https://futurelab-aachen.de/wp-content/uploads/2016/02/FH-Aachen_www.thilo-vogel.com_Vorlesung.jpg" />
	<meta property="og:image:width" content="2000" />
	<meta property="og:image:height" content="1331" />
	<meta property="og:image:type" content="image/jpeg" />
<meta name="twitter:card" content="summary_large_image" />
<meta name="twitter:label1" content="Est. reading time" />
	<meta name="twitter:data1" content="1 minute" />
<script type="application/ld+json" class="yoast-schema-graph">{"@context":"https://schema.org","@graph":[{"@type":"WebPage","@id":"https://futurelab-aachen.de/en/event/elektromobilitaet-als-chance/","url":"https://futurelab-aachen.de/en/event/elektromobilitaet-als-chance/","name":"Elektromobilität in Aachen - Future Lab Aachen","isPartOf":{"@id":"https://futurelab-aachen.de/#website"},"primaryImageOfPage":{"@id":"https://futurelab-aachen.de/en/event/elektromobilitaet-als-chance/#primaryimage"},"image":{"@id":"https://futurelab-aachen.de/en/event/elektromobilitaet-als-chance/#primaryimage"},"thumbnailUrl":"https://futurelab-aachen.de/wp-content/uploads/2016/02/FH-Aachen_www.thilo-vogel.com_Vorlesung.jpg","datePublished":"2016-02-03T09:27:22+00:00","breadcrumb":{"@id":"https://futurelab-aachen.de/en/event/elektromobilitaet-als-chance/#breadcrumb"},"inLanguage":"en-US","potentialAction":[{"@type":"ReadAction","target":["https://futurelab-aachen.de/en/event/elektromobilitaet-als-chance/"]}]},{"@type":"ImageObject","inLanguage":"en-US","@id":"https://futurelab-aachen.de/en/event/elektromobilitaet-als-chance/#primaryimage","url":"https://futurelab-aachen.de/wp-content/uploads/2016/02/FH-Aachen_www.thilo-vogel.com_Vorlesung.jpg","contentUrl":"https://futurelab-aachen.de/wp-content/uploads/2016/02/FH-Aachen_www.thilo-vogel.com_Vorlesung.jpg","width":2000,"height":1331,"caption":"FH Aachen_www.thilo-vogel.com"},{"@type":"BreadcrumbList","@id":"https://futurelab-aachen.de/en/event/elektromobilitaet-als-chance/#breadcrumb","itemListElement":[{"@type":"ListItem","position":1,"name":"Startseite","item":"https://futurelab-aachen.de/en/"},{"@type":"ListItem","position":2,"name":"Veranstaltungen","item":"https://futurelab-aachen.de/event/"},{"@type":"ListItem","position":3,"name":"Elektromobilität in Aachen"}]},{"@type":"WebSite","@id":"https://futurelab-aachen.de/#website","url":"https://futurelab-aachen.de/","name":"Future Lab Aachen","description":"Kunst des Fortschritts","publisher":{"@id":"https://futurelab-aachen.de/#organization"},"potentialAction":[{"@type":"SearchAction","target":{"@type":"EntryPoint","urlTemplate":"https://futurelab-aachen.de/?s={search_term_string}"},"query-input":{"@type":"PropertyValueSpecification","valueRequired":true,"valueName":"search_term_string"}}],"inLanguage":"en-US"},{"@type":"Organization","@id":"https://futurelab-aachen.de/#organization","name":"Future Lab Aachen","url":"https://futurelab-aachen.de/","logo":{"@type":"ImageObject","inLanguage":"en-US","@id":"https://futurelab-aachen.de/#/schema/logo/image/","url":"","contentUrl":"","caption":"Future Lab Aachen"},"image":{"@id":"https://futurelab-aachen.de/#/schema/logo/image/"}}]}</script>
<!-- / Yoast SEO plugin. -->

Elektromobilität in Aachen - Future Lab Aachen

Mit der Umstellung von der konventionellen Antriebstechnik für Kraftfahrzeuge, unter anderem auf elektrische Antriebe, wird oftmals die Hoffnung [&hellip;]
