{"id":5038,"date":"2016-02-02T16:56:49","date_gmt":"2016-02-02T15:56:49","guid":{"rendered":"http:\/\/futurelab-aachen.de\/event\/die-migrationslage-in-der-euregio-2\/"},"modified":"2016-02-02T16:56:49","modified_gmt":"2016-02-02T15:56:49","slug":"die-migrationslage-in-der-euregio","status":"publish","type":"tribe_events","link":"https:\/\/futurelab-aachen.de\/en\/event\/die-migrationslage-in-der-euregio\/","title":{"rendered":"Fl\u00fcchtlinge in der Euregio"},"content":{"rendered":"<p>Der Career Service der FH Aachen veranstaltet erneut die Vorlesungsreihe &#8220;Studium Generale&#8221; mit informativen und\u00a0allgemeinverst\u00e4ndlichen Vortr\u00e4gen von Wissenschaftlerinnen und Wissenschaftlern verschiedener Disziplinen. Sie richtet sich an Studierende aller Fachbereiche, an die Mitarbeitenden der FH Aachen, sowie an interessierte G\u00e4ste. Ziel ist es, den Blick \u00fcber den Tellerrand des eigenen Fachgebietes zu weiten, die Kommunikation zwischen den Fachbereichen zu intensivieren und die interdisziplin\u00e4re Zusammenarbeit zu f\u00f6rdern.<\/p>\n<p>Im Rahmen der Vorlesungsreihe spricht Knut Paul, Pressesprecher der Bundespolizeiinspektion Aachen, zum Thema &#8220;Die Migrationslage in der Euregio \u2013 Erfahrungen aus der Arbeit der Bundespolizeiinspektion Aachen&#8221;.<\/p>\n<p>Schwerpunkte des Vortrages sind:<\/p>\n<ol>\n<li>Die Migrationslage weltweit und in der Euroregio Aachen<\/li>\n<li>Aachen im Schnittpunkt von Migrationsrouten<\/li>\n<li>Fluchtgr\u00fcnde, Fluchtursachen und Einzelschicksale von Fl\u00fcchtlingen<\/li>\n<li>Unbegleitete minderj\u00e4hrige Fl\u00fcchtlinge &#8211; eine Herausforderung f\u00fcr Kommunen, Beh\u00f6rden, Organisationen und das Ehrenamt<\/li>\n<li>Die Bundespolizei als fester Bestandteil des Netzwerkes in der Fl\u00fcchtlingsarbeit<\/li>\n<\/ol>\n<p>Im Anschluss wird der Film \u201eUm zu Leben\u201c gezeigt, der in Zusammenarbeit mit einem Aachener Filmemacher und Fl\u00fcchtlingen gemacht wurde und die Flucht junger Menschen und ihr Erwachsenwerden mit dieser Flucht zeigt.<\/p>\n<p><a href=\"https:\/\/www.fh-aachen.de\/hochschule\/career-service\/studium-generale\/\" target=\"_blank\">Mehr Infos<\/a><\/p>\n<p><a href=\"https:\/\/futurelab-aachen.de\/wp-content\/uploads\/2016\/01\/sw__0006_FHAAC_RGB_rgb.png\"><img decoding=\"async\" class=\"size-full wp-image-3077\" src=\"https:\/\/futurelab-aachen.de\/wp-content\/uploads\/2016\/01\/sw__0006_FHAAC_RGB_rgb.png\" alt=\"FH Aachen_Logo FH Aachen\" width=\"28\" height=\"85\" \/><\/a><\/p>\n","protected":false},"excerpt":{"rendered":"<p>Der Career Service der FH Aachen veranstaltet erneut die Vorlesungsreihe &#8220;Studium Generale&#8221; mit informativen und\u00a0allgemeinverst\u00e4ndlichen Vortr\u00e4gen von Wissenschaftlerinnen [&hellip;]<\/p>\n","protected":false},"author":7,"featured_media":3568,"template":"","meta":{"_acf_changed":false,"_lmt_disableupdate":"","_lmt_disable":"","_tribe_events_status":"","_tribe_events_status_reason":"","footnotes":""},"tags":[],"tribe_events_cat":[85],"class_list":["post-5038","tribe_events","type-tribe_events","status-publish","has-post-thumbnail","hentry","tribe_events_cat-vorlesung-en","cat_vorlesung-en"],"acf":[],"yoast_head":"<!-- This site is optimized with the Yoast SEO plugin v26.9 - https:\/\/yoast.com\/product\/yoast-seo-wordpress\/ -->\n<title>Fl\u00fcchtlinge in der Euregio - Future Lab Aachen<\/title>\n<meta name=\"robots\" content=\"index, follow, max-snippet:-1, max-image-preview:large, max-video-preview:-1\" \/>\n<link rel=\"canonical\" href=\"https:\/\/futurelab-aachen.de\/en\/event\/die-migrationslage-in-der-euregio\/\" \/>\n<meta property=\"og:locale\" content=\"en_US\" \/>\n<meta property=\"og:type\" content=\"article\" \/>\n<meta property=\"og:title\" content=\"Fl\u00fcchtlinge in der Euregio - Future Lab Aachen\" \/>\n<meta property=\"og:description\" content=\"Der Career Service der FH Aachen veranstaltet erneut die Vorlesungsreihe &#8220;Studium Generale&#8221; mit informativen und\u00a0allgemeinverst\u00e4ndlichen Vortr\u00e4gen von Wissenschaftlerinnen [&hellip;]\" \/>\n<meta property=\"og:url\" content=\"https:\/\/futurelab-aachen.de\/en\/event\/die-migrationslage-in-der-euregio\/\" \/>\n<meta property=\"og:site_name\" content=\"Future Lab Aachen\" \/>\n<meta property=\"og:image\" content=\"https:\/\/futurelab-aachen.de\/wp-content\/uploads\/2016\/01\/Wissenschaftsjahr_Illus_Flapp_Vortrag.jpg\" \/>\n\t<meta property=\"og:image:width\" content=\"720\" \/>\n\t<meta property=\"og:image:height\" content=\"480\" \/>\n\t<meta property=\"og:image:type\" content=\"image\/jpeg\" \/>\n<meta name=\"twitter:card\" content=\"summary_large_image\" \/>\n<meta name=\"twitter:label1\" content=\"Est. reading time\" \/>\n\t<meta name=\"twitter:data1\" content=\"1 minute\" \/>\n<script type=\"application\/ld+json\" class=\"yoast-schema-graph\">{\"@context\":\"https:\/\/schema.org\",\"@graph\":[{\"@type\":\"WebPage\",\"@id\":\"https:\/\/futurelab-aachen.de\/en\/event\/die-migrationslage-in-der-euregio\/\",\"url\":\"https:\/\/futurelab-aachen.de\/en\/event\/die-migrationslage-in-der-euregio\/\",\"name\":\"Fl\u00fcchtlinge in der Euregio - Future Lab Aachen\",\"isPartOf\":{\"@id\":\"https:\/\/futurelab-aachen.de\/#website\"},\"primaryImageOfPage\":{\"@id\":\"https:\/\/futurelab-aachen.de\/en\/event\/die-migrationslage-in-der-euregio\/#primaryimage\"},\"image\":{\"@id\":\"https:\/\/futurelab-aachen.de\/en\/event\/die-migrationslage-in-der-euregio\/#primaryimage\"},\"thumbnailUrl\":\"https:\/\/futurelab-aachen.de\/wp-content\/uploads\/2016\/01\/Wissenschaftsjahr_Illus_Flapp_Vortrag.jpg\",\"datePublished\":\"2016-02-02T15:56:49+00:00\",\"breadcrumb\":{\"@id\":\"https:\/\/futurelab-aachen.de\/en\/event\/die-migrationslage-in-der-euregio\/#breadcrumb\"},\"inLanguage\":\"en-US\",\"potentialAction\":[{\"@type\":\"ReadAction\",\"target\":[\"https:\/\/futurelab-aachen.de\/en\/event\/die-migrationslage-in-der-euregio\/\"]}]},{\"@type\":\"ImageObject\",\"inLanguage\":\"en-US\",\"@id\":\"https:\/\/futurelab-aachen.de\/en\/event\/die-migrationslage-in-der-euregio\/#primaryimage\",\"url\":\"https:\/\/futurelab-aachen.de\/wp-content\/uploads\/2016\/01\/Wissenschaftsjahr_Illus_Flapp_Vortrag.jpg\",\"contentUrl\":\"https:\/\/futurelab-aachen.de\/wp-content\/uploads\/2016\/01\/Wissenschaftsjahr_Illus_Flapp_Vortrag.jpg\",\"width\":720,\"height\":480,\"caption\":\"agentur wesentlich_Logo Future Lab\"},{\"@type\":\"BreadcrumbList\",\"@id\":\"https:\/\/futurelab-aachen.de\/en\/event\/die-migrationslage-in-der-euregio\/#breadcrumb\",\"itemListElement\":[{\"@type\":\"ListItem\",\"position\":1,\"name\":\"Startseite\",\"item\":\"https:\/\/futurelab-aachen.de\/en\/\"},{\"@type\":\"ListItem\",\"position\":2,\"name\":\"Veranstaltungen\",\"item\":\"https:\/\/futurelab-aachen.de\/event\/\"},{\"@type\":\"ListItem\",\"position\":3,\"name\":\"Fl\u00fcchtlinge in der Euregio\"}]},{\"@type\":\"WebSite\",\"@id\":\"https:\/\/futurelab-aachen.de\/#website\",\"url\":\"https:\/\/futurelab-aachen.de\/\",\"name\":\"Future Lab Aachen\",\"description\":\"Kunst des Fortschritts\",\"publisher\":{\"@id\":\"https:\/\/futurelab-aachen.de\/#organization\"},\"potentialAction\":[{\"@type\":\"SearchAction\",\"target\":{\"@type\":\"EntryPoint\",\"urlTemplate\":\"https:\/\/futurelab-aachen.de\/?s={search_term_string}\"},\"query-input\":{\"@type\":\"PropertyValueSpecification\",\"valueRequired\":true,\"valueName\":\"search_term_string\"}}],\"inLanguage\":\"en-US\"},{\"@type\":\"Organization\",\"@id\":\"https:\/\/futurelab-aachen.de\/#organization\",\"name\":\"Future Lab Aachen\",\"url\":\"https:\/\/futurelab-aachen.de\/\",\"logo\":{\"@type\":\"ImageObject\",\"inLanguage\":\"en-US\",\"@id\":\"https:\/\/futurelab-aachen.de\/#\/schema\/logo\/image\/\",\"url\":\"\",\"contentUrl\":\"\",\"caption\":\"Future Lab Aachen\"},\"image\":{\"@id\":\"https:\/\/futurelab-aachen.de\/#\/schema\/logo\/image\/\"}}]}<\/script>\n<!-- \/ Yoast SEO plugin. -->","yoast_head_json":{"title":"Fl\u00fcchtlinge in der Euregio - Future Lab Aachen","robots":{"index":"index","follow":"follow","max-snippet":"max-snippet:-1","max-image-preview":"max-image-preview:large","max-video-preview":"max-video-preview:-1"},"canonical":"https:\/\/futurelab-aachen.de\/en\/event\/die-migrationslage-in-der-euregio\/","og_locale":"en_US","og_type":"article","og_title":"Fl\u00fcchtlinge in der Euregio - Future Lab Aachen","og_description":"Der Career Service der FH Aachen veranstaltet erneut die Vorlesungsreihe &#8220;Studium Generale&#8221; mit informativen und\u00a0allgemeinverst\u00e4ndlichen Vortr\u00e4gen von Wissenschaftlerinnen [&hellip;]","og_url":"https:\/\/futurelab-aachen.de\/en\/event\/die-migrationslage-in-der-euregio\/","og_site_name":"Future Lab Aachen","og_image":[{"width":720,"height":480,"url":"https:\/\/futurelab-aachen.de\/wp-content\/uploads\/2016\/01\/Wissenschaftsjahr_Illus_Flapp_Vortrag.jpg","type":"image\/jpeg"}],"twitter_card":"summary_large_image","twitter_misc":{"Est. reading time":"1 minute"},"schema":{"@context":"https:\/\/schema.org","@graph":[{"@type":"WebPage","@id":"https:\/\/futurelab-aachen.de\/en\/event\/die-migrationslage-in-der-euregio\/","url":"https:\/\/futurelab-aachen.de\/en\/event\/die-migrationslage-in-der-euregio\/","name":"Fl\u00fcchtlinge in der Euregio - Future Lab Aachen","isPartOf":{"@id":"https:\/\/futurelab-aachen.de\/#website"},"primaryImageOfPage":{"@id":"https:\/\/futurelab-aachen.de\/en\/event\/die-migrationslage-in-der-euregio\/#primaryimage"},"image":{"@id":"https:\/\/futurelab-aachen.de\/en\/event\/die-migrationslage-in-der-euregio\/#primaryimage"},"thumbnailUrl":"https:\/\/futurelab-aachen.de\/wp-content\/uploads\/2016\/01\/Wissenschaftsjahr_Illus_Flapp_Vortrag.jpg","datePublished":"2016-02-02T15:56:49+00:00","breadcrumb":{"@id":"https:\/\/futurelab-aachen.de\/en\/event\/die-migrationslage-in-der-euregio\/#breadcrumb"},"inLanguage":"en-US","potentialAction":[{"@type":"ReadAction","target":["https:\/\/futurelab-aachen.de\/en\/event\/die-migrationslage-in-der-euregio\/"]}]},{"@type":"ImageObject","inLanguage":"en-US","@id":"https:\/\/futurelab-aachen.de\/en\/event\/die-migrationslage-in-der-euregio\/#primaryimage","url":"https:\/\/futurelab-aachen.de\/wp-content\/uploads\/2016\/01\/Wissenschaftsjahr_Illus_Flapp_Vortrag.jpg","contentUrl":"https:\/\/futurelab-aachen.de\/wp-content\/uploads\/2016\/01\/Wissenschaftsjahr_Illus_Flapp_Vortrag.jpg","width":720,"height":480,"caption":"agentur wesentlich_Logo Future Lab"},{"@type":"BreadcrumbList","@id":"https:\/\/futurelab-aachen.de\/en\/event\/die-migrationslage-in-der-euregio\/#breadcrumb","itemListElement":[{"@type":"ListItem","position":1,"name":"Startseite","item":"https:\/\/futurelab-aachen.de\/en\/"},{"@type":"ListItem","position":2,"name":"Veranstaltungen","item":"https:\/\/futurelab-aachen.de\/event\/"},{"@type":"ListItem","position":3,"name":"Fl\u00fcchtlinge in der Euregio"}]},{"@type":"WebSite","@id":"https:\/\/futurelab-aachen.de\/#website","url":"https:\/\/futurelab-aachen.de\/","name":"Future Lab Aachen","description":"Kunst des Fortschritts","publisher":{"@id":"https:\/\/futurelab-aachen.de\/#organization"},"potentialAction":[{"@type":"SearchAction","target":{"@type":"EntryPoint","urlTemplate":"https:\/\/futurelab-aachen.de\/?s={search_term_string}"},"query-input":{"@type":"PropertyValueSpecification","valueRequired":true,"valueName":"search_term_string"}}],"inLanguage":"en-US"},{"@type":"Organization","@id":"https:\/\/futurelab-aachen.de\/#organization","name":"Future Lab Aachen","url":"https:\/\/futurelab-aachen.de\/","logo":{"@type":"ImageObject","inLanguage":"en-US","@id":"https:\/\/futurelab-aachen.de\/#\/schema\/logo\/image\/","url":"","contentUrl":"","caption":"Future Lab Aachen"},"image":{"@id":"https:\/\/futurelab-aachen.de\/#\/schema\/logo\/image\/"}}]}},"_links":{"self":[{"href":"https:\/\/futurelab-aachen.de\/en\/wp-json\/wp\/v2\/tribe_events\/5038","targetHints":{"allow":["GET"]}}],"collection":[{"href":"https:\/\/futurelab-aachen.de\/en\/wp-json\/wp\/v2\/tribe_events"}],"about":[{"href":"https:\/\/futurelab-aachen.de\/en\/wp-json\/wp\/v2\/types\/tribe_events"}],"author":[{"embeddable":true,"href":"https:\/\/futurelab-aachen.de\/en\/wp-json\/wp\/v2\/users\/7"}],"version-history":[{"count":0,"href":"https:\/\/futurelab-aachen.de\/en\/wp-json\/wp\/v2\/tribe_events\/5038\/revisions"}],"wp:featuredmedia":[{"embeddable":true,"href":"https:\/\/futurelab-aachen.de\/en\/wp-json\/wp\/v2\/media\/3568"}],"wp:attachment":[{"href":"https:\/\/futurelab-aachen.de\/en\/wp-json\/wp\/v2\/media?parent=5038"}],"wp:term":[{"taxonomy":"post_tag","embeddable":true,"href":"https:\/\/futurelab-aachen.de\/en\/wp-json\/wp\/v2\/tags?post=5038"},{"taxonomy":"tribe_events_cat","embeddable":true,"href":"https:\/\/futurelab-aachen.de\/en\/wp-json\/wp\/v2\/tribe_events_cat?post=5038"}],"curies":[{"name":"wp","href":"https:\/\/api.w.org\/{rel}","templated":true}]}}

Flüchtlinge in der Euregio

<p>Der Career Service der FH Aachen veranstaltet erneut die Vorlesungsreihe &#8220;Studium Generale&#8221; mit informativen und allgemeinverständlichen Vorträgen von Wissenschaftlerinnen und Wissenschaftlern verschiedener Disziplinen. Sie richtet sich an Studierende aller Fachbereiche, an die Mitarbeitenden der FH Aachen, sowie an interessierte Gäste. Ziel ist es, den Blick über den Tellerrand des eigenen Fachgebietes zu weiten, die Kommunikation zwischen den Fachbereichen zu intensivieren und die interdisziplinäre Zusammenarbeit zu fördern.</p>
<p>Im Rahmen der Vorlesungsreihe spricht Knut Paul, Pressesprecher der Bundespolizeiinspektion Aachen, zum Thema &#8220;Die Migrationslage in der Euregio – Erfahrungen aus der Arbeit der Bundespolizeiinspektion Aachen&#8221;.</p>
<p>Schwerpunkte des Vortrages sind:</p>
<ol>
<li>Die Migrationslage weltweit und in der Euroregio Aachen</li>
<li>Aachen im Schnittpunkt von Migrationsrouten</li>
<li>Fluchtgründe, Fluchtursachen und Einzelschicksale von Flüchtlingen</li>
<li>Unbegleitete minderjährige Flüchtlinge &#8211; eine Herausforderung für Kommunen, Behörden, Organisationen und das Ehrenamt</li>
<li>Die Bundespolizei als fester Bestandteil des Netzwerkes in der Flüchtlingsarbeit</li>
</ol>
<p>Im Anschluss wird der Film „Um zu Leben“ gezeigt, der in Zusammenarbeit mit einem Aachener Filmemacher und Flüchtlingen gemacht wurde und die Flucht junger Menschen und ihr Erwachsenwerden mit dieser Flucht zeigt.</p>
<p><a href="https://www.fh-aachen.de/hochschule/career-service/studium-generale/" target="_blank">Mehr Infos</a></p>
<p><a href="https://futurelab-aachen.de/wp-content/uploads/2016/01/sw__0006_FHAAC_RGB_rgb.png"><img decoding="async" class="size-full wp-image-3077" src="https://futurelab-aachen.de/wp-content/uploads/2016/01/sw__0006_FHAAC_RGB_rgb.png" alt="FH Aachen_Logo FH Aachen" width="28" height="85" /></a></p>

<p>Der Career Service der FH Aachen veranstaltet erneut die Vorlesungsreihe &#8220;Studium Generale&#8221; mit informativen und allgemeinverständlichen Vorträgen von Wissenschaftlerinnen [&hellip;]</p>

<!-- This site is optimized with the Yoast SEO plugin v26.9 - https://yoast.com/product/yoast-seo-wordpress/ -->
<title>Flüchtlinge in der Euregio - Future Lab Aachen</title>
<meta name="robots" content="index, follow, max-snippet:-1, max-image-preview:large, max-video-preview:-1" />
<link rel="canonical" href="https://futurelab-aachen.de/en/event/die-migrationslage-in-der-euregio/" />
<meta property="og:locale" content="en_US" />
<meta property="og:type" content="article" />
<meta property="og:title" content="Flüchtlinge in der Euregio - Future Lab Aachen" />
<meta property="og:description" content="Der Career Service der FH Aachen veranstaltet erneut die Vorlesungsreihe &#8220;Studium Generale&#8221; mit informativen und allgemeinverständlichen Vorträgen von Wissenschaftlerinnen [&hellip;]" />
<meta property="og:url" content="https://futurelab-aachen.de/en/event/die-migrationslage-in-der-euregio/" />
<meta property="og:site_name" content="Future Lab Aachen" />
<meta property="og:image" content="https://futurelab-aachen.de/wp-content/uploads/2016/01/Wissenschaftsjahr_Illus_Flapp_Vortrag.jpg" />
	<meta property="og:image:width" content="720" />
	<meta property="og:image:height" content="480" />
	<meta property="og:image:type" content="image/jpeg" />
<meta name="twitter:card" content="summary_large_image" />
<meta name="twitter:label1" content="Est. reading time" />
	<meta name="twitter:data1" content="1 minute" />
<script type="application/ld+json" class="yoast-schema-graph">{"@context":"https://schema.org","@graph":[{"@type":"WebPage","@id":"https://futurelab-aachen.de/en/event/die-migrationslage-in-der-euregio/","url":"https://futurelab-aachen.de/en/event/die-migrationslage-in-der-euregio/","name":"Flüchtlinge in der Euregio - Future Lab Aachen","isPartOf":{"@id":"https://futurelab-aachen.de/#website"},"primaryImageOfPage":{"@id":"https://futurelab-aachen.de/en/event/die-migrationslage-in-der-euregio/#primaryimage"},"image":{"@id":"https://futurelab-aachen.de/en/event/die-migrationslage-in-der-euregio/#primaryimage"},"thumbnailUrl":"https://futurelab-aachen.de/wp-content/uploads/2016/01/Wissenschaftsjahr_Illus_Flapp_Vortrag.jpg","datePublished":"2016-02-02T15:56:49+00:00","breadcrumb":{"@id":"https://futurelab-aachen.de/en/event/die-migrationslage-in-der-euregio/#breadcrumb"},"inLanguage":"en-US","potentialAction":[{"@type":"ReadAction","target":["https://futurelab-aachen.de/en/event/die-migrationslage-in-der-euregio/"]}]},{"@type":"ImageObject","inLanguage":"en-US","@id":"https://futurelab-aachen.de/en/event/die-migrationslage-in-der-euregio/#primaryimage","url":"https://futurelab-aachen.de/wp-content/uploads/2016/01/Wissenschaftsjahr_Illus_Flapp_Vortrag.jpg","contentUrl":"https://futurelab-aachen.de/wp-content/uploads/2016/01/Wissenschaftsjahr_Illus_Flapp_Vortrag.jpg","width":720,"height":480,"caption":"agentur wesentlich_Logo Future Lab"},{"@type":"BreadcrumbList","@id":"https://futurelab-aachen.de/en/event/die-migrationslage-in-der-euregio/#breadcrumb","itemListElement":[{"@type":"ListItem","position":1,"name":"Startseite","item":"https://futurelab-aachen.de/en/"},{"@type":"ListItem","position":2,"name":"Veranstaltungen","item":"https://futurelab-aachen.de/event/"},{"@type":"ListItem","position":3,"name":"Flüchtlinge in der Euregio"}]},{"@type":"WebSite","@id":"https://futurelab-aachen.de/#website","url":"https://futurelab-aachen.de/","name":"Future Lab Aachen","description":"Kunst des Fortschritts","publisher":{"@id":"https://futurelab-aachen.de/#organization"},"potentialAction":[{"@type":"SearchAction","target":{"@type":"EntryPoint","urlTemplate":"https://futurelab-aachen.de/?s={search_term_string}"},"query-input":{"@type":"PropertyValueSpecification","valueRequired":true,"valueName":"search_term_string"}}],"inLanguage":"en-US"},{"@type":"Organization","@id":"https://futurelab-aachen.de/#organization","name":"Future Lab Aachen","url":"https://futurelab-aachen.de/","logo":{"@type":"ImageObject","inLanguage":"en-US","@id":"https://futurelab-aachen.de/#/schema/logo/image/","url":"","contentUrl":"","caption":"Future Lab Aachen"},"image":{"@id":"https://futurelab-aachen.de/#/schema/logo/image/"}}]}</script>
<!-- / Yoast SEO plugin. -->

Flüchtlinge in der Euregio - Future Lab Aachen

Der Career Service der FH Aachen veranstaltet erneut die Vorlesungsreihe &#8220;Studium Generale&#8221; mit informativen und allgemeinverständlichen Vorträgen von Wissenschaftlerinnen [&hellip;]
