{"id":5109,"date":"2016-01-27T13:26:54","date_gmt":"2016-01-27T12:26:54","guid":{"rendered":"http:\/\/futurelab-aachen.de\/event\/opernpremiere-2-2\/"},"modified":"2016-06-08T11:21:22","modified_gmt":"2016-06-08T09:21:22","slug":"opernpremiere-2","status":"publish","type":"tribe_events","link":"https:\/\/futurelab-aachen.de\/en\/event\/opernpremiere-2\/","title":{"rendered":"Oper: Ravel &amp; Adam"},"content":{"rendered":"<p>Seit mehr als 20 Jahren bringen die HfMT und das Theater Aachen als letzte Premiere der jeweiligen Spielzeit eine Opernproduktion auf die B\u00fchne, die ausschlie\u00dflich mit S\u00e4ngerinnen, S\u00e4ngern und Instrumentalisten der Hochschule f\u00fcr Musik realisiert wird. Mehr Praxisn\u00e4he ist in der Operngesangsausbildung kaum m\u00f6glich.<\/p>\n<p>Mit zwei B\u00fchnenwerken von Maurice Ravel (L\u00b4Heure Espagnole) und Adolphe Adam (Le Tor\u00e9ador ou L\u00b4Accord parfait) steht bei der gemeinsamen Opernproduktion unter der Leitung und Einstudierung von Prof. Herbert G\u00f6rtz wieder einmal das franz\u00f6sische Opernrepertoire im Fokus.<\/p>\n<p>Die Opernproduktion ist eine Kooperation der HfMT K\u00f6ln mit dem Theater Aachen und eine Produktion der Rheinischen Opernakademie der HfMT K\u00f6ln.<\/p>\n<p>Eintritt: ab 10\u20ac<br \/>\nTickets: an der Theaterkasse, unter www.theater-aachen.de und unter 0241-4784 244.<br \/>\nWeitere Infos: <a href=\"https:\/\/www.hfmt-koeln.de\/de\/hochschule\/aachen.html\" target=\"_blank\">hier<\/a><br \/>\nWeitere Vorstellungen: 02.07. und 09.07., jeweils 19.30 Uhr<\/p>\n<p>&nbsp;<\/p>\n<p><a href=\"https:\/\/futurelab-aachen.de\/wp-content\/uploads\/2015\/12\/HfMT_Logo_Aachen.png\"><img decoding=\"async\" class=\"size-full wp-image-3205\" src=\"https:\/\/futurelab-aachen.de\/wp-content\/uploads\/2015\/12\/HfMT_Logo_Aachen.png\" alt=\"HfMT_Logo HfMT\" width=\"283\" height=\"74\" \/><\/a><\/p>\n","protected":false},"excerpt":{"rendered":"<p>Seit mehr als 20 Jahren bringen die HfMT und das Theater Aachen als letzte Premiere der jeweiligen Spielzeit [&hellip;]<\/p>\n","protected":false},"author":7,"featured_media":6812,"template":"","meta":{"_acf_changed":false,"_lmt_disableupdate":"","_lmt_disable":"","_tribe_events_status":"","_tribe_events_status_reason":"","footnotes":""},"tags":[],"tribe_events_cat":[50],"class_list":["post-5109","tribe_events","type-tribe_events","status-publish","has-post-thumbnail","hentry","tribe_events_cat-performance-en","cat_performance-en"],"acf":[],"yoast_head":"<!-- This site is optimized with the Yoast SEO plugin v26.9 - https:\/\/yoast.com\/product\/yoast-seo-wordpress\/ -->\n<title>Oper: Ravel &amp; Adam - Future Lab Aachen<\/title>\n<meta name=\"robots\" content=\"index, follow, max-snippet:-1, max-image-preview:large, max-video-preview:-1\" \/>\n<link rel=\"canonical\" href=\"https:\/\/futurelab-aachen.de\/en\/event\/opernpremiere-2\/\" \/>\n<meta property=\"og:locale\" content=\"en_US\" \/>\n<meta property=\"og:type\" content=\"article\" \/>\n<meta property=\"og:title\" content=\"Oper: Ravel &amp; Adam - Future Lab Aachen\" \/>\n<meta property=\"og:description\" content=\"Seit mehr als 20 Jahren bringen die HfMT und das Theater Aachen als letzte Premiere der jeweiligen Spielzeit [&hellip;]\" \/>\n<meta property=\"og:url\" content=\"https:\/\/futurelab-aachen.de\/en\/event\/opernpremiere-2\/\" \/>\n<meta property=\"og:site_name\" content=\"Future Lab Aachen\" \/>\n<meta property=\"article:modified_time\" content=\"2016-06-08T09:21:22+00:00\" \/>\n<meta property=\"og:image\" content=\"https:\/\/futurelab-aachen.de\/wp-content\/uploads\/2016\/01\/Theater-Aachen_Manthei.jpg\" \/>\n\t<meta property=\"og:image:width\" content=\"667\" \/>\n\t<meta property=\"og:image:height\" content=\"542\" \/>\n\t<meta property=\"og:image:type\" content=\"image\/jpeg\" \/>\n<meta name=\"twitter:card\" content=\"summary_large_image\" \/>\n<meta name=\"twitter:label1\" content=\"Est. reading time\" \/>\n\t<meta name=\"twitter:data1\" content=\"1 minute\" \/>\n<script type=\"application\/ld+json\" class=\"yoast-schema-graph\">{\"@context\":\"https:\/\/schema.org\",\"@graph\":[{\"@type\":\"WebPage\",\"@id\":\"https:\/\/futurelab-aachen.de\/en\/event\/opernpremiere-2\/\",\"url\":\"https:\/\/futurelab-aachen.de\/en\/event\/opernpremiere-2\/\",\"name\":\"Oper: Ravel &amp; Adam - Future Lab Aachen\",\"isPartOf\":{\"@id\":\"https:\/\/futurelab-aachen.de\/#website\"},\"primaryImageOfPage\":{\"@id\":\"https:\/\/futurelab-aachen.de\/en\/event\/opernpremiere-2\/#primaryimage\"},\"image\":{\"@id\":\"https:\/\/futurelab-aachen.de\/en\/event\/opernpremiere-2\/#primaryimage\"},\"thumbnailUrl\":\"https:\/\/futurelab-aachen.de\/wp-content\/uploads\/2016\/01\/Theater-Aachen_Manthei.jpg\",\"datePublished\":\"2016-01-27T12:26:54+00:00\",\"dateModified\":\"2016-06-08T09:21:22+00:00\",\"breadcrumb\":{\"@id\":\"https:\/\/futurelab-aachen.de\/en\/event\/opernpremiere-2\/#breadcrumb\"},\"inLanguage\":\"en-US\",\"potentialAction\":[{\"@type\":\"ReadAction\",\"target\":[\"https:\/\/futurelab-aachen.de\/en\/event\/opernpremiere-2\/\"]}]},{\"@type\":\"ImageObject\",\"inLanguage\":\"en-US\",\"@id\":\"https:\/\/futurelab-aachen.de\/en\/event\/opernpremiere-2\/#primaryimage\",\"url\":\"https:\/\/futurelab-aachen.de\/wp-content\/uploads\/2016\/01\/Theater-Aachen_Manthei.jpg\",\"contentUrl\":\"https:\/\/futurelab-aachen.de\/wp-content\/uploads\/2016\/01\/Theater-Aachen_Manthei.jpg\",\"width\":667,\"height\":542},{\"@type\":\"BreadcrumbList\",\"@id\":\"https:\/\/futurelab-aachen.de\/en\/event\/opernpremiere-2\/#breadcrumb\",\"itemListElement\":[{\"@type\":\"ListItem\",\"position\":1,\"name\":\"Startseite\",\"item\":\"https:\/\/futurelab-aachen.de\/en\/\"},{\"@type\":\"ListItem\",\"position\":2,\"name\":\"Veranstaltungen\",\"item\":\"https:\/\/futurelab-aachen.de\/event\/\"},{\"@type\":\"ListItem\",\"position\":3,\"name\":\"Oper: Ravel &amp; Adam\"}]},{\"@type\":\"WebSite\",\"@id\":\"https:\/\/futurelab-aachen.de\/#website\",\"url\":\"https:\/\/futurelab-aachen.de\/\",\"name\":\"Future Lab Aachen\",\"description\":\"Kunst des Fortschritts\",\"publisher\":{\"@id\":\"https:\/\/futurelab-aachen.de\/#organization\"},\"potentialAction\":[{\"@type\":\"SearchAction\",\"target\":{\"@type\":\"EntryPoint\",\"urlTemplate\":\"https:\/\/futurelab-aachen.de\/?s={search_term_string}\"},\"query-input\":{\"@type\":\"PropertyValueSpecification\",\"valueRequired\":true,\"valueName\":\"search_term_string\"}}],\"inLanguage\":\"en-US\"},{\"@type\":\"Organization\",\"@id\":\"https:\/\/futurelab-aachen.de\/#organization\",\"name\":\"Future Lab Aachen\",\"url\":\"https:\/\/futurelab-aachen.de\/\",\"logo\":{\"@type\":\"ImageObject\",\"inLanguage\":\"en-US\",\"@id\":\"https:\/\/futurelab-aachen.de\/#\/schema\/logo\/image\/\",\"url\":\"\",\"contentUrl\":\"\",\"caption\":\"Future Lab Aachen\"},\"image\":{\"@id\":\"https:\/\/futurelab-aachen.de\/#\/schema\/logo\/image\/\"}}]}<\/script>\n<!-- \/ Yoast SEO plugin. -->","yoast_head_json":{"title":"Oper: Ravel &amp; Adam - Future Lab Aachen","robots":{"index":"index","follow":"follow","max-snippet":"max-snippet:-1","max-image-preview":"max-image-preview:large","max-video-preview":"max-video-preview:-1"},"canonical":"https:\/\/futurelab-aachen.de\/en\/event\/opernpremiere-2\/","og_locale":"en_US","og_type":"article","og_title":"Oper: Ravel &amp; Adam - Future Lab Aachen","og_description":"Seit mehr als 20 Jahren bringen die HfMT und das Theater Aachen als letzte Premiere der jeweiligen Spielzeit [&hellip;]","og_url":"https:\/\/futurelab-aachen.de\/en\/event\/opernpremiere-2\/","og_site_name":"Future Lab Aachen","article_modified_time":"2016-06-08T09:21:22+00:00","og_image":[{"width":667,"height":542,"url":"https:\/\/futurelab-aachen.de\/wp-content\/uploads\/2016\/01\/Theater-Aachen_Manthei.jpg","type":"image\/jpeg"}],"twitter_card":"summary_large_image","twitter_misc":{"Est. reading time":"1 minute"},"schema":{"@context":"https:\/\/schema.org","@graph":[{"@type":"WebPage","@id":"https:\/\/futurelab-aachen.de\/en\/event\/opernpremiere-2\/","url":"https:\/\/futurelab-aachen.de\/en\/event\/opernpremiere-2\/","name":"Oper: Ravel &amp; Adam - Future Lab Aachen","isPartOf":{"@id":"https:\/\/futurelab-aachen.de\/#website"},"primaryImageOfPage":{"@id":"https:\/\/futurelab-aachen.de\/en\/event\/opernpremiere-2\/#primaryimage"},"image":{"@id":"https:\/\/futurelab-aachen.de\/en\/event\/opernpremiere-2\/#primaryimage"},"thumbnailUrl":"https:\/\/futurelab-aachen.de\/wp-content\/uploads\/2016\/01\/Theater-Aachen_Manthei.jpg","datePublished":"2016-01-27T12:26:54+00:00","dateModified":"2016-06-08T09:21:22+00:00","breadcrumb":{"@id":"https:\/\/futurelab-aachen.de\/en\/event\/opernpremiere-2\/#breadcrumb"},"inLanguage":"en-US","potentialAction":[{"@type":"ReadAction","target":["https:\/\/futurelab-aachen.de\/en\/event\/opernpremiere-2\/"]}]},{"@type":"ImageObject","inLanguage":"en-US","@id":"https:\/\/futurelab-aachen.de\/en\/event\/opernpremiere-2\/#primaryimage","url":"https:\/\/futurelab-aachen.de\/wp-content\/uploads\/2016\/01\/Theater-Aachen_Manthei.jpg","contentUrl":"https:\/\/futurelab-aachen.de\/wp-content\/uploads\/2016\/01\/Theater-Aachen_Manthei.jpg","width":667,"height":542},{"@type":"BreadcrumbList","@id":"https:\/\/futurelab-aachen.de\/en\/event\/opernpremiere-2\/#breadcrumb","itemListElement":[{"@type":"ListItem","position":1,"name":"Startseite","item":"https:\/\/futurelab-aachen.de\/en\/"},{"@type":"ListItem","position":2,"name":"Veranstaltungen","item":"https:\/\/futurelab-aachen.de\/event\/"},{"@type":"ListItem","position":3,"name":"Oper: Ravel &amp; Adam"}]},{"@type":"WebSite","@id":"https:\/\/futurelab-aachen.de\/#website","url":"https:\/\/futurelab-aachen.de\/","name":"Future Lab Aachen","description":"Kunst des Fortschritts","publisher":{"@id":"https:\/\/futurelab-aachen.de\/#organization"},"potentialAction":[{"@type":"SearchAction","target":{"@type":"EntryPoint","urlTemplate":"https:\/\/futurelab-aachen.de\/?s={search_term_string}"},"query-input":{"@type":"PropertyValueSpecification","valueRequired":true,"valueName":"search_term_string"}}],"inLanguage":"en-US"},{"@type":"Organization","@id":"https:\/\/futurelab-aachen.de\/#organization","name":"Future Lab Aachen","url":"https:\/\/futurelab-aachen.de\/","logo":{"@type":"ImageObject","inLanguage":"en-US","@id":"https:\/\/futurelab-aachen.de\/#\/schema\/logo\/image\/","url":"","contentUrl":"","caption":"Future Lab Aachen"},"image":{"@id":"https:\/\/futurelab-aachen.de\/#\/schema\/logo\/image\/"}}]}},"_links":{"self":[{"href":"https:\/\/futurelab-aachen.de\/en\/wp-json\/wp\/v2\/tribe_events\/5109","targetHints":{"allow":["GET"]}}],"collection":[{"href":"https:\/\/futurelab-aachen.de\/en\/wp-json\/wp\/v2\/tribe_events"}],"about":[{"href":"https:\/\/futurelab-aachen.de\/en\/wp-json\/wp\/v2\/types\/tribe_events"}],"author":[{"embeddable":true,"href":"https:\/\/futurelab-aachen.de\/en\/wp-json\/wp\/v2\/users\/7"}],"version-history":[{"count":0,"href":"https:\/\/futurelab-aachen.de\/en\/wp-json\/wp\/v2\/tribe_events\/5109\/revisions"}],"wp:featuredmedia":[{"embeddable":true,"href":"https:\/\/futurelab-aachen.de\/en\/wp-json\/wp\/v2\/media\/6812"}],"wp:attachment":[{"href":"https:\/\/futurelab-aachen.de\/en\/wp-json\/wp\/v2\/media?parent=5109"}],"wp:term":[{"taxonomy":"post_tag","embeddable":true,"href":"https:\/\/futurelab-aachen.de\/en\/wp-json\/wp\/v2\/tags?post=5109"},{"taxonomy":"tribe_events_cat","embeddable":true,"href":"https:\/\/futurelab-aachen.de\/en\/wp-json\/wp\/v2\/tribe_events_cat?post=5109"}],"curies":[{"name":"wp","href":"https:\/\/api.w.org\/{rel}","templated":true}]}}

<p>Seit mehr als 20 Jahren bringen die HfMT und das Theater Aachen als letzte Premiere der jeweiligen Spielzeit eine Opernproduktion auf die Bühne, die ausschließlich mit Sängerinnen, Sängern und Instrumentalisten der Hochschule für Musik realisiert wird. Mehr Praxisnähe ist in der Operngesangsausbildung kaum möglich.</p>
<p>Mit zwei Bühnenwerken von Maurice Ravel (L´Heure Espagnole) und Adolphe Adam (Le Toréador ou L´Accord parfait) steht bei der gemeinsamen Opernproduktion unter der Leitung und Einstudierung von Prof. Herbert Görtz wieder einmal das französische Opernrepertoire im Fokus.</p>
<p>Die Opernproduktion ist eine Kooperation der HfMT Köln mit dem Theater Aachen und eine Produktion der Rheinischen Opernakademie der HfMT Köln.</p>
<p>Eintritt: ab 10€<br />
Tickets: an der Theaterkasse, unter www.theater-aachen.de und unter 0241-4784 244.<br />
Weitere Infos: <a href="https://www.hfmt-koeln.de/de/hochschule/aachen.html" target="_blank">hier</a><br />
Weitere Vorstellungen: 02.07. und 09.07., jeweils 19.30 Uhr</p>
<p>&nbsp;</p>
<p><a href="https://futurelab-aachen.de/wp-content/uploads/2015/12/HfMT_Logo_Aachen.png"><img decoding="async" class="size-full wp-image-3205" src="https://futurelab-aachen.de/wp-content/uploads/2015/12/HfMT_Logo_Aachen.png" alt="HfMT_Logo HfMT" width="283" height="74" /></a></p>
