{"id":5128,"date":"2016-01-26T10:51:48","date_gmt":"2016-01-26T09:51:48","guid":{"rendered":"http:\/\/futurelab-aachen.de\/event\/science-gala-2\/"},"modified":"2016-04-08T11:09:07","modified_gmt":"2016-04-08T09:09:07","slug":"science-gala","status":"publish","type":"tribe_events","link":"https:\/\/futurelab-aachen.de\/en\/event\/science-gala\/","title":{"rendered":"Future Lab Aachen &#8211; Die Gala!"},"content":{"rendered":"<p>Vorhang auf f\u00fcr einen Abend mit Schauexperimenten und einem Leibniz-Preistr\u00e4ger, mit Talk, Roboterparade und Rh\u00f6nrad-Artisten. An alle Alumni und Wissenshungrigen: Im klassizistischen Ambiente des Theaters Aachen erwartet Sie ein kurzweiliges Abendprogramm. <\/p>\n<p><strong>Kostenlose Tickets<\/strong>&#8230;<br \/>\n&#8230;sind zu den Kassenzeiten des Theaters Aachen am Theaterplatz (dienstags bis freitags von 11 bis 18 Uhr; samstags von 10 bis 14 Uhr) erh\u00e4ltlich.<\/p>\n<p>&nbsp;<\/p>\n<p><a href=\"https:\/\/futurelab-aachen.de\/wp-content\/uploads\/2016\/01\/160106_Logo_dunkel.jpg\"><img fetchpriority=\"high\" decoding=\"async\" class=\"alignleft wp-image-4096\" src=\"https:\/\/futurelab-aachen.de\/wp-content\/uploads\/2016\/01\/160106_Logo_dunkel-637x261.jpg\" alt=\"160106_Logo_dunkel\" width=\"637\" height=\"261\" srcset=\"https:\/\/futurelab-aachen.de\/wp-content\/uploads\/2016\/01\/160106_Logo_dunkel-637x261.jpg 637w, https:\/\/futurelab-aachen.de\/wp-content\/uploads\/2016\/01\/160106_Logo_dunkel-720x296.jpg 720w, https:\/\/futurelab-aachen.de\/wp-content\/uploads\/2016\/01\/160106_Logo_dunkel-596x245.jpg 596w\" sizes=\"(max-width: 637px) 100vw, 637px\" \/><\/a><\/p>\n","protected":false},"excerpt":{"rendered":"<p>Vorhang auf f\u00fcr einen Abend mit Schauexperimenten und einem Leibniz-Preistr\u00e4ger, mit Talk, Roboterparade und Rh\u00f6nrad-Artisten. An alle Alumni [&hellip;]<\/p>\n","protected":false},"author":7,"featured_media":5394,"template":"","meta":{"_acf_changed":false,"_lmt_disableupdate":"","_lmt_disable":"","_tribe_events_status":"","_tribe_events_status_reason":"","footnotes":""},"tags":[],"tribe_events_cat":[50],"class_list":["post-5128","tribe_events","type-tribe_events","status-publish","has-post-thumbnail","hentry","tribe_events_cat-performance-en","cat_performance-en"],"acf":[],"yoast_head":"<!-- This site is optimized with the Yoast SEO plugin v26.9 - https:\/\/yoast.com\/product\/yoast-seo-wordpress\/ -->\n<title>Future Lab Aachen - Die Gala! - Future Lab Aachen<\/title>\n<meta name=\"robots\" content=\"index, follow, max-snippet:-1, max-image-preview:large, max-video-preview:-1\" \/>\n<link rel=\"canonical\" href=\"https:\/\/futurelab-aachen.de\/en\/event\/science-gala\/\" \/>\n<meta property=\"og:locale\" content=\"en_US\" \/>\n<meta property=\"og:type\" content=\"article\" \/>\n<meta property=\"og:title\" content=\"Future Lab Aachen - Die Gala! - Future Lab Aachen\" \/>\n<meta property=\"og:description\" content=\"Vorhang auf f\u00fcr einen Abend mit Schauexperimenten und einem Leibniz-Preistr\u00e4ger, mit Talk, Roboterparade und Rh\u00f6nrad-Artisten. An alle Alumni [&hellip;]\" \/>\n<meta property=\"og:url\" content=\"https:\/\/futurelab-aachen.de\/en\/event\/science-gala\/\" \/>\n<meta property=\"og:site_name\" content=\"Future Lab Aachen\" \/>\n<meta property=\"article:modified_time\" content=\"2016-04-08T09:09:07+00:00\" \/>\n<meta property=\"og:image\" content=\"https:\/\/futurelab-aachen.de\/wp-content\/uploads\/2016\/04\/6-Rad.jpg\" \/>\n\t<meta property=\"og:image:width\" content=\"2560\" \/>\n\t<meta property=\"og:image:height\" content=\"1707\" \/>\n\t<meta property=\"og:image:type\" content=\"image\/jpeg\" \/>\n<meta name=\"twitter:card\" content=\"summary_large_image\" \/>\n<script type=\"application\/ld+json\" class=\"yoast-schema-graph\">{\"@context\":\"https:\/\/schema.org\",\"@graph\":[{\"@type\":\"WebPage\",\"@id\":\"https:\/\/futurelab-aachen.de\/en\/event\/science-gala\/\",\"url\":\"https:\/\/futurelab-aachen.de\/en\/event\/science-gala\/\",\"name\":\"Future Lab Aachen - Die Gala! - Future Lab Aachen\",\"isPartOf\":{\"@id\":\"https:\/\/futurelab-aachen.de\/#website\"},\"primaryImageOfPage\":{\"@id\":\"https:\/\/futurelab-aachen.de\/en\/event\/science-gala\/#primaryimage\"},\"image\":{\"@id\":\"https:\/\/futurelab-aachen.de\/en\/event\/science-gala\/#primaryimage\"},\"thumbnailUrl\":\"https:\/\/futurelab-aachen.de\/wp-content\/uploads\/2016\/04\/6-Rad.jpg\",\"datePublished\":\"2016-01-26T09:51:48+00:00\",\"dateModified\":\"2016-04-08T09:09:07+00:00\",\"breadcrumb\":{\"@id\":\"https:\/\/futurelab-aachen.de\/en\/event\/science-gala\/#breadcrumb\"},\"inLanguage\":\"en-US\",\"potentialAction\":[{\"@type\":\"ReadAction\",\"target\":[\"https:\/\/futurelab-aachen.de\/en\/event\/science-gala\/\"]}]},{\"@type\":\"ImageObject\",\"inLanguage\":\"en-US\",\"@id\":\"https:\/\/futurelab-aachen.de\/en\/event\/science-gala\/#primaryimage\",\"url\":\"https:\/\/futurelab-aachen.de\/wp-content\/uploads\/2016\/04\/6-Rad.jpg\",\"contentUrl\":\"https:\/\/futurelab-aachen.de\/wp-content\/uploads\/2016\/04\/6-Rad.jpg\",\"width\":2080,\"height\":1387,\"caption\":\"RollAix Showgroup. Foto: RollAix Showgroup\"},{\"@type\":\"BreadcrumbList\",\"@id\":\"https:\/\/futurelab-aachen.de\/en\/event\/science-gala\/#breadcrumb\",\"itemListElement\":[{\"@type\":\"ListItem\",\"position\":1,\"name\":\"Startseite\",\"item\":\"https:\/\/futurelab-aachen.de\/en\/\"},{\"@type\":\"ListItem\",\"position\":2,\"name\":\"Veranstaltungen\",\"item\":\"https:\/\/futurelab-aachen.de\/event\/\"},{\"@type\":\"ListItem\",\"position\":3,\"name\":\"Future Lab Aachen &#8211; Die Gala!\"}]},{\"@type\":\"WebSite\",\"@id\":\"https:\/\/futurelab-aachen.de\/#website\",\"url\":\"https:\/\/futurelab-aachen.de\/\",\"name\":\"Future Lab Aachen\",\"description\":\"Kunst des Fortschritts\",\"publisher\":{\"@id\":\"https:\/\/futurelab-aachen.de\/#organization\"},\"potentialAction\":[{\"@type\":\"SearchAction\",\"target\":{\"@type\":\"EntryPoint\",\"urlTemplate\":\"https:\/\/futurelab-aachen.de\/?s={search_term_string}\"},\"query-input\":{\"@type\":\"PropertyValueSpecification\",\"valueRequired\":true,\"valueName\":\"search_term_string\"}}],\"inLanguage\":\"en-US\"},{\"@type\":\"Organization\",\"@id\":\"https:\/\/futurelab-aachen.de\/#organization\",\"name\":\"Future Lab Aachen\",\"url\":\"https:\/\/futurelab-aachen.de\/\",\"logo\":{\"@type\":\"ImageObject\",\"inLanguage\":\"en-US\",\"@id\":\"https:\/\/futurelab-aachen.de\/#\/schema\/logo\/image\/\",\"url\":\"\",\"contentUrl\":\"\",\"caption\":\"Future Lab Aachen\"},\"image\":{\"@id\":\"https:\/\/futurelab-aachen.de\/#\/schema\/logo\/image\/\"}}]}<\/script>\n<!-- \/ Yoast SEO plugin. -->","yoast_head_json":{"title":"Future Lab Aachen - Die Gala! - Future Lab Aachen","robots":{"index":"index","follow":"follow","max-snippet":"max-snippet:-1","max-image-preview":"max-image-preview:large","max-video-preview":"max-video-preview:-1"},"canonical":"https:\/\/futurelab-aachen.de\/en\/event\/science-gala\/","og_locale":"en_US","og_type":"article","og_title":"Future Lab Aachen - Die Gala! - Future Lab Aachen","og_description":"Vorhang auf f\u00fcr einen Abend mit Schauexperimenten und einem Leibniz-Preistr\u00e4ger, mit Talk, Roboterparade und Rh\u00f6nrad-Artisten. An alle Alumni [&hellip;]","og_url":"https:\/\/futurelab-aachen.de\/en\/event\/science-gala\/","og_site_name":"Future Lab Aachen","article_modified_time":"2016-04-08T09:09:07+00:00","og_image":[{"width":2560,"height":1707,"url":"https:\/\/futurelab-aachen.de\/wp-content\/uploads\/2016\/04\/6-Rad.jpg","type":"image\/jpeg"}],"twitter_card":"summary_large_image","schema":{"@context":"https:\/\/schema.org","@graph":[{"@type":"WebPage","@id":"https:\/\/futurelab-aachen.de\/en\/event\/science-gala\/","url":"https:\/\/futurelab-aachen.de\/en\/event\/science-gala\/","name":"Future Lab Aachen - Die Gala! - Future Lab Aachen","isPartOf":{"@id":"https:\/\/futurelab-aachen.de\/#website"},"primaryImageOfPage":{"@id":"https:\/\/futurelab-aachen.de\/en\/event\/science-gala\/#primaryimage"},"image":{"@id":"https:\/\/futurelab-aachen.de\/en\/event\/science-gala\/#primaryimage"},"thumbnailUrl":"https:\/\/futurelab-aachen.de\/wp-content\/uploads\/2016\/04\/6-Rad.jpg","datePublished":"2016-01-26T09:51:48+00:00","dateModified":"2016-04-08T09:09:07+00:00","breadcrumb":{"@id":"https:\/\/futurelab-aachen.de\/en\/event\/science-gala\/#breadcrumb"},"inLanguage":"en-US","potentialAction":[{"@type":"ReadAction","target":["https:\/\/futurelab-aachen.de\/en\/event\/science-gala\/"]}]},{"@type":"ImageObject","inLanguage":"en-US","@id":"https:\/\/futurelab-aachen.de\/en\/event\/science-gala\/#primaryimage","url":"https:\/\/futurelab-aachen.de\/wp-content\/uploads\/2016\/04\/6-Rad.jpg","contentUrl":"https:\/\/futurelab-aachen.de\/wp-content\/uploads\/2016\/04\/6-Rad.jpg","width":2080,"height":1387,"caption":"RollAix Showgroup. Foto: RollAix Showgroup"},{"@type":"BreadcrumbList","@id":"https:\/\/futurelab-aachen.de\/en\/event\/science-gala\/#breadcrumb","itemListElement":[{"@type":"ListItem","position":1,"name":"Startseite","item":"https:\/\/futurelab-aachen.de\/en\/"},{"@type":"ListItem","position":2,"name":"Veranstaltungen","item":"https:\/\/futurelab-aachen.de\/event\/"},{"@type":"ListItem","position":3,"name":"Future Lab Aachen &#8211; Die Gala!"}]},{"@type":"WebSite","@id":"https:\/\/futurelab-aachen.de\/#website","url":"https:\/\/futurelab-aachen.de\/","name":"Future Lab Aachen","description":"Kunst des Fortschritts","publisher":{"@id":"https:\/\/futurelab-aachen.de\/#organization"},"potentialAction":[{"@type":"SearchAction","target":{"@type":"EntryPoint","urlTemplate":"https:\/\/futurelab-aachen.de\/?s={search_term_string}"},"query-input":{"@type":"PropertyValueSpecification","valueRequired":true,"valueName":"search_term_string"}}],"inLanguage":"en-US"},{"@type":"Organization","@id":"https:\/\/futurelab-aachen.de\/#organization","name":"Future Lab Aachen","url":"https:\/\/futurelab-aachen.de\/","logo":{"@type":"ImageObject","inLanguage":"en-US","@id":"https:\/\/futurelab-aachen.de\/#\/schema\/logo\/image\/","url":"","contentUrl":"","caption":"Future Lab Aachen"},"image":{"@id":"https:\/\/futurelab-aachen.de\/#\/schema\/logo\/image\/"}}]}},"_links":{"self":[{"href":"https:\/\/futurelab-aachen.de\/en\/wp-json\/wp\/v2\/tribe_events\/5128","targetHints":{"allow":["GET"]}}],"collection":[{"href":"https:\/\/futurelab-aachen.de\/en\/wp-json\/wp\/v2\/tribe_events"}],"about":[{"href":"https:\/\/futurelab-aachen.de\/en\/wp-json\/wp\/v2\/types\/tribe_events"}],"author":[{"embeddable":true,"href":"https:\/\/futurelab-aachen.de\/en\/wp-json\/wp\/v2\/users\/7"}],"version-history":[{"count":0,"href":"https:\/\/futurelab-aachen.de\/en\/wp-json\/wp\/v2\/tribe_events\/5128\/revisions"}],"wp:featuredmedia":[{"embeddable":true,"href":"https:\/\/futurelab-aachen.de\/en\/wp-json\/wp\/v2\/media\/5394"}],"wp:attachment":[{"href":"https:\/\/futurelab-aachen.de\/en\/wp-json\/wp\/v2\/media?parent=5128"}],"wp:term":[{"taxonomy":"post_tag","embeddable":true,"href":"https:\/\/futurelab-aachen.de\/en\/wp-json\/wp\/v2\/tags?post=5128"},{"taxonomy":"tribe_events_cat","embeddable":true,"href":"https:\/\/futurelab-aachen.de\/en\/wp-json\/wp\/v2\/tribe_events_cat?post=5128"}],"curies":[{"name":"wp","href":"https:\/\/api.w.org\/{rel}","templated":true}]}}

<p>Vorhang auf für einen Abend mit Schauexperimenten und einem Leibniz-Preisträger, mit Talk, Roboterparade und Rhönrad-Artisten. An alle Alumni und Wissenshungrigen: Im klassizistischen Ambiente des Theaters Aachen erwartet Sie ein kurzweiliges Abendprogramm. </p>
<p><strong>Kostenlose Tickets</strong>&#8230;<br />
&#8230;sind zu den Kassenzeiten des Theaters Aachen am Theaterplatz (dienstags bis freitags von 11 bis 18 Uhr; samstags von 10 bis 14 Uhr) erhältlich.</p>
<p>&nbsp;</p>
<p><a href="https://futurelab-aachen.de/wp-content/uploads/2016/01/160106_Logo_dunkel.jpg"><img fetchpriority="high" decoding="async" class="alignleft wp-image-4096" src="https://futurelab-aachen.de/wp-content/uploads/2016/01/160106_Logo_dunkel-637x261.jpg" alt="160106_Logo_dunkel" width="637" height="261" srcset="https://futurelab-aachen.de/wp-content/uploads/2016/01/160106_Logo_dunkel-637x261.jpg 637w, https://futurelab-aachen.de/wp-content/uploads/2016/01/160106_Logo_dunkel-720x296.jpg 720w, https://futurelab-aachen.de/wp-content/uploads/2016/01/160106_Logo_dunkel-596x245.jpg 596w" sizes="(max-width: 637px) 100vw, 637px" /></a></p>

<p>Vorhang auf für einen Abend mit Schauexperimenten und einem Leibniz-Preisträger, mit Talk, Roboterparade und Rhönrad-Artisten. An alle Alumni [&hellip;]</p>

<!-- This site is optimized with the Yoast SEO plugin v26.9 - https://yoast.com/product/yoast-seo-wordpress/ -->
<title>Future Lab Aachen - Die Gala! - Future Lab Aachen</title>
<meta name="robots" content="index, follow, max-snippet:-1, max-image-preview:large, max-video-preview:-1" />
<link rel="canonical" href="https://futurelab-aachen.de/en/event/science-gala/" />
<meta property="og:locale" content="en_US" />
<meta property="og:type" content="article" />
<meta property="og:title" content="Future Lab Aachen - Die Gala! - Future Lab Aachen" />
<meta property="og:description" content="Vorhang auf für einen Abend mit Schauexperimenten und einem Leibniz-Preisträger, mit Talk, Roboterparade und Rhönrad-Artisten. An alle Alumni [&hellip;]" />
<meta property="og:url" content="https://futurelab-aachen.de/en/event/science-gala/" />
<meta property="og:site_name" content="Future Lab Aachen" />
<meta property="article:modified_time" content="2016-04-08T09:09:07+00:00" />
<meta property="og:image" content="https://futurelab-aachen.de/wp-content/uploads/2016/04/6-Rad.jpg" />
	<meta property="og:image:width" content="2560" />
	<meta property="og:image:height" content="1707" />
	<meta property="og:image:type" content="image/jpeg" />
<meta name="twitter:card" content="summary_large_image" />
<script type="application/ld+json" class="yoast-schema-graph">{"@context":"https://schema.org","@graph":[{"@type":"WebPage","@id":"https://futurelab-aachen.de/en/event/science-gala/","url":"https://futurelab-aachen.de/en/event/science-gala/","name":"Future Lab Aachen - Die Gala! - Future Lab Aachen","isPartOf":{"@id":"https://futurelab-aachen.de/#website"},"primaryImageOfPage":{"@id":"https://futurelab-aachen.de/en/event/science-gala/#primaryimage"},"image":{"@id":"https://futurelab-aachen.de/en/event/science-gala/#primaryimage"},"thumbnailUrl":"https://futurelab-aachen.de/wp-content/uploads/2016/04/6-Rad.jpg","datePublished":"2016-01-26T09:51:48+00:00","dateModified":"2016-04-08T09:09:07+00:00","breadcrumb":{"@id":"https://futurelab-aachen.de/en/event/science-gala/#breadcrumb"},"inLanguage":"en-US","potentialAction":[{"@type":"ReadAction","target":["https://futurelab-aachen.de/en/event/science-gala/"]}]},{"@type":"ImageObject","inLanguage":"en-US","@id":"https://futurelab-aachen.de/en/event/science-gala/#primaryimage","url":"https://futurelab-aachen.de/wp-content/uploads/2016/04/6-Rad.jpg","contentUrl":"https://futurelab-aachen.de/wp-content/uploads/2016/04/6-Rad.jpg","width":2080,"height":1387,"caption":"RollAix Showgroup. Foto: RollAix Showgroup"},{"@type":"BreadcrumbList","@id":"https://futurelab-aachen.de/en/event/science-gala/#breadcrumb","itemListElement":[{"@type":"ListItem","position":1,"name":"Startseite","item":"https://futurelab-aachen.de/en/"},{"@type":"ListItem","position":2,"name":"Veranstaltungen","item":"https://futurelab-aachen.de/event/"},{"@type":"ListItem","position":3,"name":"Future Lab Aachen &#8211; Die Gala!"}]},{"@type":"WebSite","@id":"https://futurelab-aachen.de/#website","url":"https://futurelab-aachen.de/","name":"Future Lab Aachen","description":"Kunst des Fortschritts","publisher":{"@id":"https://futurelab-aachen.de/#organization"},"potentialAction":[{"@type":"SearchAction","target":{"@type":"EntryPoint","urlTemplate":"https://futurelab-aachen.de/?s={search_term_string}"},"query-input":{"@type":"PropertyValueSpecification","valueRequired":true,"valueName":"search_term_string"}}],"inLanguage":"en-US"},{"@type":"Organization","@id":"https://futurelab-aachen.de/#organization","name":"Future Lab Aachen","url":"https://futurelab-aachen.de/","logo":{"@type":"ImageObject","inLanguage":"en-US","@id":"https://futurelab-aachen.de/#/schema/logo/image/","url":"","contentUrl":"","caption":"Future Lab Aachen"},"image":{"@id":"https://futurelab-aachen.de/#/schema/logo/image/"}}]}</script>
<!-- / Yoast SEO plugin. -->

Vorhang auf für einen Abend mit Schauexperimenten und einem Leibniz-Preisträger, mit Talk, Roboterparade und Rhönrad-Artisten. An alle Alumni [&hellip;]
