{"id":5175,"date":"2016-01-25T14:35:48","date_gmt":"2016-01-25T13:35:48","guid":{"rendered":"http:\/\/futurelab-aachen.de\/event\/orientierungswoche-fuer-abiturientinnen-und-abiturienten-2\/"},"modified":"2016-01-25T14:35:48","modified_gmt":"2016-01-25T13:35:48","slug":"orientierungswoche-fuer-abiturientinnen-und-abiturienten","status":"publish","type":"tribe_events","link":"https:\/\/futurelab-aachen.de\/en\/event\/orientierungswoche-fuer-abiturientinnen-und-abiturienten\/","title":{"rendered":"Und nach dem Abi?"},"content":{"rendered":"<p>Du stehst kurz vor dem Abitur? Deine Zukunftsplanung wird konkreter? Aber irgendwie ist die Welt des Studiums immer noch nicht greifbar? Die RWTH-Orientierungswoche hilft dir, die grundlegendsten Faktoren eines Studiums kennenzulernen und ein Studium besser zu durchschauen. Studieninhalte stehen hierbei nicht im Vordergrund. Vielmehr sollen Vortr\u00e4ge, Diskussionen sowie pers\u00f6nliche Gespr\u00e4che Orientierungshilfe geben.<\/p>\n<p>Die Zentrale Studienberatung bietet Abiturientinnen und Abiturienten in den Osterferien in Nordrhein-Westfalen jeweils ein umfassendes Vortragsprogramm an. Jeden Tag kannst du dir dein Informationspaket selbst zusammenstellen, die einzelnen Module wiederholen sich t\u00e4glich. Genie\u00dfe so viel RWTH Aachen, wie du magst, und gestalte deine ganz eigene Informationswoche.<\/p>\n<p>Eine Anmeldung zu den einzelnen Modulen in der Orientierungswoche ist nicht erforderlich.<\/p>\n<p><a href=\"http:\/\/www.rwth-aachen.de\/cms\/root\/Studium\/Vor-dem-Studium\/Liste\/~tku\/Orientierungswochen\/\" target=\"_blank\">Das komplette Programm auf der Webseite der RWTH Aachen<\/a><\/p>\n<p>&nbsp;<\/p>\n<p><a href=\"https:\/\/futurelab-aachen.de\/wp-content\/uploads\/2016\/01\/sw__0016_rwth_schwarz_grau_rgb.png\"><img decoding=\"async\" class=\"alignnone size-full wp-image-3087\" src=\"https:\/\/futurelab-aachen.de\/wp-content\/uploads\/2016\/01\/sw__0016_rwth_schwarz_grau_rgb.png\" alt=\"sw__0016_rwth_schwarz_grau_rgb\" width=\"212\" height=\"59\" \/><\/a><\/p>\n","protected":false},"excerpt":{"rendered":"<p>Du stehst kurz vor dem Abitur? Deine Zukunftsplanung wird konkreter? Aber irgendwie ist die Welt des Studiums immer [&hellip;]<\/p>\n","protected":false},"author":3,"featured_media":3766,"template":"","meta":{"_acf_changed":false,"_lmt_disableupdate":"","_lmt_disable":"","_tribe_events_status":"","_tribe_events_status_reason":"","footnotes":""},"tags":[],"tribe_events_cat":[53],"class_list":["post-5175","tribe_events","type-tribe_events","status-publish","has-post-thumbnail","hentry","tribe_events_cat-info-en","cat_info-en"],"acf":[],"yoast_head":"<!-- This site is optimized with the Yoast SEO plugin v26.9 - https:\/\/yoast.com\/product\/yoast-seo-wordpress\/ -->\n<title>Und nach dem Abi? - Future Lab Aachen<\/title>\n<meta name=\"robots\" content=\"index, follow, max-snippet:-1, max-image-preview:large, max-video-preview:-1\" \/>\n<link rel=\"canonical\" href=\"https:\/\/futurelab-aachen.de\/en\/event\/orientierungswoche-fuer-abiturientinnen-und-abiturienten\/\" \/>\n<meta property=\"og:locale\" content=\"en_US\" \/>\n<meta property=\"og:type\" content=\"article\" \/>\n<meta property=\"og:title\" content=\"Und nach dem Abi? - Future Lab Aachen\" \/>\n<meta property=\"og:description\" content=\"Du stehst kurz vor dem Abitur? Deine Zukunftsplanung wird konkreter? Aber irgendwie ist die Welt des Studiums immer [&hellip;]\" \/>\n<meta property=\"og:url\" content=\"https:\/\/futurelab-aachen.de\/en\/event\/orientierungswoche-fuer-abiturientinnen-und-abiturienten\/\" \/>\n<meta property=\"og:site_name\" content=\"Future Lab Aachen\" \/>\n<meta property=\"og:image\" content=\"https:\/\/futurelab-aachen.de\/wp-content\/uploads\/2016\/01\/SuperC_bei_Tag_Winandy.jpg\" \/>\n\t<meta property=\"og:image:width\" content=\"2560\" \/>\n\t<meta property=\"og:image:height\" content=\"3871\" \/>\n\t<meta property=\"og:image:type\" content=\"image\/jpeg\" \/>\n<meta name=\"twitter:card\" content=\"summary_large_image\" \/>\n<meta name=\"twitter:label1\" content=\"Est. reading time\" \/>\n\t<meta name=\"twitter:data1\" content=\"1 minute\" \/>\n<script type=\"application\/ld+json\" class=\"yoast-schema-graph\">{\"@context\":\"https:\/\/schema.org\",\"@graph\":[{\"@type\":\"WebPage\",\"@id\":\"https:\/\/futurelab-aachen.de\/en\/event\/orientierungswoche-fuer-abiturientinnen-und-abiturienten\/\",\"url\":\"https:\/\/futurelab-aachen.de\/en\/event\/orientierungswoche-fuer-abiturientinnen-und-abiturienten\/\",\"name\":\"Und nach dem Abi? - Future Lab Aachen\",\"isPartOf\":{\"@id\":\"https:\/\/futurelab-aachen.de\/#website\"},\"primaryImageOfPage\":{\"@id\":\"https:\/\/futurelab-aachen.de\/en\/event\/orientierungswoche-fuer-abiturientinnen-und-abiturienten\/#primaryimage\"},\"image\":{\"@id\":\"https:\/\/futurelab-aachen.de\/en\/event\/orientierungswoche-fuer-abiturientinnen-und-abiturienten\/#primaryimage\"},\"thumbnailUrl\":\"https:\/\/futurelab-aachen.de\/wp-content\/uploads\/2016\/01\/SuperC_bei_Tag_Winandy.jpg\",\"datePublished\":\"2016-01-25T13:35:48+00:00\",\"breadcrumb\":{\"@id\":\"https:\/\/futurelab-aachen.de\/en\/event\/orientierungswoche-fuer-abiturientinnen-und-abiturienten\/#breadcrumb\"},\"inLanguage\":\"en-US\",\"potentialAction\":[{\"@type\":\"ReadAction\",\"target\":[\"https:\/\/futurelab-aachen.de\/en\/event\/orientierungswoche-fuer-abiturientinnen-und-abiturienten\/\"]}]},{\"@type\":\"ImageObject\",\"inLanguage\":\"en-US\",\"@id\":\"https:\/\/futurelab-aachen.de\/en\/event\/orientierungswoche-fuer-abiturientinnen-und-abiturienten\/#primaryimage\",\"url\":\"https:\/\/futurelab-aachen.de\/wp-content\/uploads\/2016\/01\/SuperC_bei_Tag_Winandy.jpg\",\"contentUrl\":\"https:\/\/futurelab-aachen.de\/wp-content\/uploads\/2016\/01\/SuperC_bei_Tag_Winandy.jpg\",\"width\":2080,\"height\":3145,\"caption\":\"SuperC-Gebaeude der RWTH Aachen, Studienfunktionales Zentrum Super-C der RWTH Aaahen\"},{\"@type\":\"BreadcrumbList\",\"@id\":\"https:\/\/futurelab-aachen.de\/en\/event\/orientierungswoche-fuer-abiturientinnen-und-abiturienten\/#breadcrumb\",\"itemListElement\":[{\"@type\":\"ListItem\",\"position\":1,\"name\":\"Startseite\",\"item\":\"https:\/\/futurelab-aachen.de\/en\/\"},{\"@type\":\"ListItem\",\"position\":2,\"name\":\"Veranstaltungen\",\"item\":\"https:\/\/futurelab-aachen.de\/event\/\"},{\"@type\":\"ListItem\",\"position\":3,\"name\":\"Und nach dem Abi?\"}]},{\"@type\":\"WebSite\",\"@id\":\"https:\/\/futurelab-aachen.de\/#website\",\"url\":\"https:\/\/futurelab-aachen.de\/\",\"name\":\"Future Lab Aachen\",\"description\":\"Kunst des Fortschritts\",\"publisher\":{\"@id\":\"https:\/\/futurelab-aachen.de\/#organization\"},\"potentialAction\":[{\"@type\":\"SearchAction\",\"target\":{\"@type\":\"EntryPoint\",\"urlTemplate\":\"https:\/\/futurelab-aachen.de\/?s={search_term_string}\"},\"query-input\":{\"@type\":\"PropertyValueSpecification\",\"valueRequired\":true,\"valueName\":\"search_term_string\"}}],\"inLanguage\":\"en-US\"},{\"@type\":\"Organization\",\"@id\":\"https:\/\/futurelab-aachen.de\/#organization\",\"name\":\"Future Lab Aachen\",\"url\":\"https:\/\/futurelab-aachen.de\/\",\"logo\":{\"@type\":\"ImageObject\",\"inLanguage\":\"en-US\",\"@id\":\"https:\/\/futurelab-aachen.de\/#\/schema\/logo\/image\/\",\"url\":\"\",\"contentUrl\":\"\",\"caption\":\"Future Lab Aachen\"},\"image\":{\"@id\":\"https:\/\/futurelab-aachen.de\/#\/schema\/logo\/image\/\"}}]}<\/script>\n<!-- \/ Yoast SEO plugin. -->","yoast_head_json":{"title":"Und nach dem Abi? - Future Lab Aachen","robots":{"index":"index","follow":"follow","max-snippet":"max-snippet:-1","max-image-preview":"max-image-preview:large","max-video-preview":"max-video-preview:-1"},"canonical":"https:\/\/futurelab-aachen.de\/en\/event\/orientierungswoche-fuer-abiturientinnen-und-abiturienten\/","og_locale":"en_US","og_type":"article","og_title":"Und nach dem Abi? - Future Lab Aachen","og_description":"Du stehst kurz vor dem Abitur? Deine Zukunftsplanung wird konkreter? Aber irgendwie ist die Welt des Studiums immer [&hellip;]","og_url":"https:\/\/futurelab-aachen.de\/en\/event\/orientierungswoche-fuer-abiturientinnen-und-abiturienten\/","og_site_name":"Future Lab Aachen","og_image":[{"width":2560,"height":3871,"url":"https:\/\/futurelab-aachen.de\/wp-content\/uploads\/2016\/01\/SuperC_bei_Tag_Winandy.jpg","type":"image\/jpeg"}],"twitter_card":"summary_large_image","twitter_misc":{"Est. reading time":"1 minute"},"schema":{"@context":"https:\/\/schema.org","@graph":[{"@type":"WebPage","@id":"https:\/\/futurelab-aachen.de\/en\/event\/orientierungswoche-fuer-abiturientinnen-und-abiturienten\/","url":"https:\/\/futurelab-aachen.de\/en\/event\/orientierungswoche-fuer-abiturientinnen-und-abiturienten\/","name":"Und nach dem Abi? - Future Lab Aachen","isPartOf":{"@id":"https:\/\/futurelab-aachen.de\/#website"},"primaryImageOfPage":{"@id":"https:\/\/futurelab-aachen.de\/en\/event\/orientierungswoche-fuer-abiturientinnen-und-abiturienten\/#primaryimage"},"image":{"@id":"https:\/\/futurelab-aachen.de\/en\/event\/orientierungswoche-fuer-abiturientinnen-und-abiturienten\/#primaryimage"},"thumbnailUrl":"https:\/\/futurelab-aachen.de\/wp-content\/uploads\/2016\/01\/SuperC_bei_Tag_Winandy.jpg","datePublished":"2016-01-25T13:35:48+00:00","breadcrumb":{"@id":"https:\/\/futurelab-aachen.de\/en\/event\/orientierungswoche-fuer-abiturientinnen-und-abiturienten\/#breadcrumb"},"inLanguage":"en-US","potentialAction":[{"@type":"ReadAction","target":["https:\/\/futurelab-aachen.de\/en\/event\/orientierungswoche-fuer-abiturientinnen-und-abiturienten\/"]}]},{"@type":"ImageObject","inLanguage":"en-US","@id":"https:\/\/futurelab-aachen.de\/en\/event\/orientierungswoche-fuer-abiturientinnen-und-abiturienten\/#primaryimage","url":"https:\/\/futurelab-aachen.de\/wp-content\/uploads\/2016\/01\/SuperC_bei_Tag_Winandy.jpg","contentUrl":"https:\/\/futurelab-aachen.de\/wp-content\/uploads\/2016\/01\/SuperC_bei_Tag_Winandy.jpg","width":2080,"height":3145,"caption":"SuperC-Gebaeude der RWTH Aachen, Studienfunktionales Zentrum Super-C der RWTH Aaahen"},{"@type":"BreadcrumbList","@id":"https:\/\/futurelab-aachen.de\/en\/event\/orientierungswoche-fuer-abiturientinnen-und-abiturienten\/#breadcrumb","itemListElement":[{"@type":"ListItem","position":1,"name":"Startseite","item":"https:\/\/futurelab-aachen.de\/en\/"},{"@type":"ListItem","position":2,"name":"Veranstaltungen","item":"https:\/\/futurelab-aachen.de\/event\/"},{"@type":"ListItem","position":3,"name":"Und nach dem Abi?"}]},{"@type":"WebSite","@id":"https:\/\/futurelab-aachen.de\/#website","url":"https:\/\/futurelab-aachen.de\/","name":"Future Lab Aachen","description":"Kunst des Fortschritts","publisher":{"@id":"https:\/\/futurelab-aachen.de\/#organization"},"potentialAction":[{"@type":"SearchAction","target":{"@type":"EntryPoint","urlTemplate":"https:\/\/futurelab-aachen.de\/?s={search_term_string}"},"query-input":{"@type":"PropertyValueSpecification","valueRequired":true,"valueName":"search_term_string"}}],"inLanguage":"en-US"},{"@type":"Organization","@id":"https:\/\/futurelab-aachen.de\/#organization","name":"Future Lab Aachen","url":"https:\/\/futurelab-aachen.de\/","logo":{"@type":"ImageObject","inLanguage":"en-US","@id":"https:\/\/futurelab-aachen.de\/#\/schema\/logo\/image\/","url":"","contentUrl":"","caption":"Future Lab Aachen"},"image":{"@id":"https:\/\/futurelab-aachen.de\/#\/schema\/logo\/image\/"}}]}},"_links":{"self":[{"href":"https:\/\/futurelab-aachen.de\/en\/wp-json\/wp\/v2\/tribe_events\/5175","targetHints":{"allow":["GET"]}}],"collection":[{"href":"https:\/\/futurelab-aachen.de\/en\/wp-json\/wp\/v2\/tribe_events"}],"about":[{"href":"https:\/\/futurelab-aachen.de\/en\/wp-json\/wp\/v2\/types\/tribe_events"}],"author":[{"embeddable":true,"href":"https:\/\/futurelab-aachen.de\/en\/wp-json\/wp\/v2\/users\/3"}],"version-history":[{"count":0,"href":"https:\/\/futurelab-aachen.de\/en\/wp-json\/wp\/v2\/tribe_events\/5175\/revisions"}],"wp:featuredmedia":[{"embeddable":true,"href":"https:\/\/futurelab-aachen.de\/en\/wp-json\/wp\/v2\/media\/3766"}],"wp:attachment":[{"href":"https:\/\/futurelab-aachen.de\/en\/wp-json\/wp\/v2\/media?parent=5175"}],"wp:term":[{"taxonomy":"post_tag","embeddable":true,"href":"https:\/\/futurelab-aachen.de\/en\/wp-json\/wp\/v2\/tags?post=5175"},{"taxonomy":"tribe_events_cat","embeddable":true,"href":"https:\/\/futurelab-aachen.de\/en\/wp-json\/wp\/v2\/tribe_events_cat?post=5175"}],"curies":[{"name":"wp","href":"https:\/\/api.w.org\/{rel}","templated":true}]}}

<p>Du stehst kurz vor dem Abitur? Deine Zukunftsplanung wird konkreter? Aber irgendwie ist die Welt des Studiums immer noch nicht greifbar? Die RWTH-Orientierungswoche hilft dir, die grundlegendsten Faktoren eines Studiums kennenzulernen und ein Studium besser zu durchschauen. Studieninhalte stehen hierbei nicht im Vordergrund. Vielmehr sollen Vorträge, Diskussionen sowie persönliche Gespräche Orientierungshilfe geben.</p>
<p>Die Zentrale Studienberatung bietet Abiturientinnen und Abiturienten in den Osterferien in Nordrhein-Westfalen jeweils ein umfassendes Vortragsprogramm an. Jeden Tag kannst du dir dein Informationspaket selbst zusammenstellen, die einzelnen Module wiederholen sich täglich. Genieße so viel RWTH Aachen, wie du magst, und gestalte deine ganz eigene Informationswoche.</p>
<p>Eine Anmeldung zu den einzelnen Modulen in der Orientierungswoche ist nicht erforderlich.</p>
<p><a href="http://www.rwth-aachen.de/cms/root/Studium/Vor-dem-Studium/Liste/~tku/Orientierungswochen/" target="_blank">Das komplette Programm auf der Webseite der RWTH Aachen</a></p>
<p>&nbsp;</p>
<p><a href="https://futurelab-aachen.de/wp-content/uploads/2016/01/sw__0016_rwth_schwarz_grau_rgb.png"><img decoding="async" class="alignnone size-full wp-image-3087" src="https://futurelab-aachen.de/wp-content/uploads/2016/01/sw__0016_rwth_schwarz_grau_rgb.png" alt="sw__0016_rwth_schwarz_grau_rgb" width="212" height="59" /></a></p>
