{"id":5193,"date":"2016-01-21T09:18:09","date_gmt":"2016-01-21T08:18:09","guid":{"rendered":"http:\/\/futurelab-aachen.de\/event\/stadt-plan-2\/"},"modified":"2016-01-21T09:18:09","modified_gmt":"2016-01-21T08:18:09","slug":"stadt-plan","status":"publish","type":"tribe_events","link":"https:\/\/futurelab-aachen.de\/en\/event\/stadt-plan\/","title":{"rendered":"Stadt. Plan!"},"content":{"rendered":"<p>Prof. Dr. Thomas Ludwig, Leiter des Deutschen Klimarechenzentrum (DKRZ) in Hamburg, wird vorstellen, wie die heute m\u00f6glichen Klimaprognosen &#8211; z.B. Visualisierungen von Temperaturver\u00e4nderungen, Meereis in der Arktis und Niederschlagsver\u00e4nderungen &#8211; aussehen und was mit dem raschen Anwachsen der Rechnerleistung binnen k\u00fcrzester Zeit noch m\u00f6glich sein wird. &#8220;Regionale Klimaanalysen und ihre lokale Anwendung in der Stadtentwicklung&#8221; sind dann das Thema der sich anschlie\u00dfenden Podiumsdiskussion.<\/p>\n<p><a href=\"https:\/\/futurelab-aachen.de\/wp-content\/uploads\/2016\/01\/20160225_Flyer_Stadt.Plan_Klimaprognosen_Initiative-Aachen.pdf\" target=\"_blank\">Flyer zur Veranstaltung<\/a><\/p>\n","protected":false},"excerpt":{"rendered":"<p>Prof. Dr. Thomas Ludwig, Leiter des Deutschen Klimarechenzentrum (DKRZ) in Hamburg, wird vorstellen, wie die heute m\u00f6glichen Klimaprognosen [&hellip;]<\/p>\n","protected":false},"author":3,"featured_media":3001,"template":"","meta":{"_acf_changed":false,"_lmt_disableupdate":"","_lmt_disable":"","_tribe_events_status":"","_tribe_events_status_reason":"","footnotes":""},"tags":[],"tribe_events_cat":[85],"class_list":["post-5193","tribe_events","type-tribe_events","status-publish","has-post-thumbnail","hentry","tribe_events_cat-vorlesung-en","cat_vorlesung-en"],"acf":[],"yoast_head":"<!-- This site is optimized with the Yoast SEO plugin v26.9 - https:\/\/yoast.com\/product\/yoast-seo-wordpress\/ -->\n<title>Stadt. Plan! - Future Lab Aachen<\/title>\n<meta name=\"robots\" content=\"index, follow, max-snippet:-1, max-image-preview:large, max-video-preview:-1\" \/>\n<link rel=\"canonical\" href=\"https:\/\/futurelab-aachen.de\/en\/event\/stadt-plan\/\" \/>\n<meta property=\"og:locale\" content=\"en_US\" \/>\n<meta property=\"og:type\" content=\"article\" \/>\n<meta property=\"og:title\" content=\"Stadt. Plan! - Future Lab Aachen\" \/>\n<meta property=\"og:description\" content=\"Prof. Dr. Thomas Ludwig, Leiter des Deutschen Klimarechenzentrum (DKRZ) in Hamburg, wird vorstellen, wie die heute m\u00f6glichen Klimaprognosen [&hellip;]\" \/>\n<meta property=\"og:url\" content=\"https:\/\/futurelab-aachen.de\/en\/event\/stadt-plan\/\" \/>\n<meta property=\"og:site_name\" content=\"Future Lab Aachen\" \/>\n<meta property=\"og:image\" content=\"https:\/\/futurelab-aachen.de\/wp-content\/uploads\/2016\/01\/Rathaus.jpg\" \/>\n\t<meta property=\"og:image:width\" content=\"2560\" \/>\n\t<meta property=\"og:image:height\" content=\"1707\" \/>\n\t<meta property=\"og:image:type\" content=\"image\/jpeg\" \/>\n<meta name=\"twitter:card\" content=\"summary_large_image\" \/>\n<script type=\"application\/ld+json\" class=\"yoast-schema-graph\">{\"@context\":\"https:\/\/schema.org\",\"@graph\":[{\"@type\":\"WebPage\",\"@id\":\"https:\/\/futurelab-aachen.de\/en\/event\/stadt-plan\/\",\"url\":\"https:\/\/futurelab-aachen.de\/en\/event\/stadt-plan\/\",\"name\":\"Stadt. Plan! - Future Lab Aachen\",\"isPartOf\":{\"@id\":\"https:\/\/futurelab-aachen.de\/#website\"},\"primaryImageOfPage\":{\"@id\":\"https:\/\/futurelab-aachen.de\/en\/event\/stadt-plan\/#primaryimage\"},\"image\":{\"@id\":\"https:\/\/futurelab-aachen.de\/en\/event\/stadt-plan\/#primaryimage\"},\"thumbnailUrl\":\"https:\/\/futurelab-aachen.de\/wp-content\/uploads\/2016\/01\/Rathaus.jpg\",\"datePublished\":\"2016-01-21T08:18:09+00:00\",\"breadcrumb\":{\"@id\":\"https:\/\/futurelab-aachen.de\/en\/event\/stadt-plan\/#breadcrumb\"},\"inLanguage\":\"en-US\",\"potentialAction\":[{\"@type\":\"ReadAction\",\"target\":[\"https:\/\/futurelab-aachen.de\/en\/event\/stadt-plan\/\"]}]},{\"@type\":\"ImageObject\",\"inLanguage\":\"en-US\",\"@id\":\"https:\/\/futurelab-aachen.de\/en\/event\/stadt-plan\/#primaryimage\",\"url\":\"https:\/\/futurelab-aachen.de\/wp-content\/uploads\/2016\/01\/Rathaus.jpg\",\"contentUrl\":\"https:\/\/futurelab-aachen.de\/wp-content\/uploads\/2016\/01\/Rathaus.jpg\",\"width\":2080,\"height\":1387,\"caption\":\"Stadt Aachen_Nadine Jungblut\"},{\"@type\":\"BreadcrumbList\",\"@id\":\"https:\/\/futurelab-aachen.de\/en\/event\/stadt-plan\/#breadcrumb\",\"itemListElement\":[{\"@type\":\"ListItem\",\"position\":1,\"name\":\"Startseite\",\"item\":\"https:\/\/futurelab-aachen.de\/en\/\"},{\"@type\":\"ListItem\",\"position\":2,\"name\":\"Veranstaltungen\",\"item\":\"https:\/\/futurelab-aachen.de\/event\/\"},{\"@type\":\"ListItem\",\"position\":3,\"name\":\"Stadt. Plan!\"}]},{\"@type\":\"WebSite\",\"@id\":\"https:\/\/futurelab-aachen.de\/#website\",\"url\":\"https:\/\/futurelab-aachen.de\/\",\"name\":\"Future Lab Aachen\",\"description\":\"Kunst des Fortschritts\",\"publisher\":{\"@id\":\"https:\/\/futurelab-aachen.de\/#organization\"},\"potentialAction\":[{\"@type\":\"SearchAction\",\"target\":{\"@type\":\"EntryPoint\",\"urlTemplate\":\"https:\/\/futurelab-aachen.de\/?s={search_term_string}\"},\"query-input\":{\"@type\":\"PropertyValueSpecification\",\"valueRequired\":true,\"valueName\":\"search_term_string\"}}],\"inLanguage\":\"en-US\"},{\"@type\":\"Organization\",\"@id\":\"https:\/\/futurelab-aachen.de\/#organization\",\"name\":\"Future Lab Aachen\",\"url\":\"https:\/\/futurelab-aachen.de\/\",\"logo\":{\"@type\":\"ImageObject\",\"inLanguage\":\"en-US\",\"@id\":\"https:\/\/futurelab-aachen.de\/#\/schema\/logo\/image\/\",\"url\":\"\",\"contentUrl\":\"\",\"caption\":\"Future Lab Aachen\"},\"image\":{\"@id\":\"https:\/\/futurelab-aachen.de\/#\/schema\/logo\/image\/\"}}]}<\/script>\n<!-- \/ Yoast SEO plugin. -->","yoast_head_json":{"title":"Stadt. Plan! - Future Lab Aachen","robots":{"index":"index","follow":"follow","max-snippet":"max-snippet:-1","max-image-preview":"max-image-preview:large","max-video-preview":"max-video-preview:-1"},"canonical":"https:\/\/futurelab-aachen.de\/en\/event\/stadt-plan\/","og_locale":"en_US","og_type":"article","og_title":"Stadt. Plan! - Future Lab Aachen","og_description":"Prof. Dr. Thomas Ludwig, Leiter des Deutschen Klimarechenzentrum (DKRZ) in Hamburg, wird vorstellen, wie die heute m\u00f6glichen Klimaprognosen [&hellip;]","og_url":"https:\/\/futurelab-aachen.de\/en\/event\/stadt-plan\/","og_site_name":"Future Lab Aachen","og_image":[{"width":2560,"height":1707,"url":"https:\/\/futurelab-aachen.de\/wp-content\/uploads\/2016\/01\/Rathaus.jpg","type":"image\/jpeg"}],"twitter_card":"summary_large_image","schema":{"@context":"https:\/\/schema.org","@graph":[{"@type":"WebPage","@id":"https:\/\/futurelab-aachen.de\/en\/event\/stadt-plan\/","url":"https:\/\/futurelab-aachen.de\/en\/event\/stadt-plan\/","name":"Stadt. Plan! - Future Lab Aachen","isPartOf":{"@id":"https:\/\/futurelab-aachen.de\/#website"},"primaryImageOfPage":{"@id":"https:\/\/futurelab-aachen.de\/en\/event\/stadt-plan\/#primaryimage"},"image":{"@id":"https:\/\/futurelab-aachen.de\/en\/event\/stadt-plan\/#primaryimage"},"thumbnailUrl":"https:\/\/futurelab-aachen.de\/wp-content\/uploads\/2016\/01\/Rathaus.jpg","datePublished":"2016-01-21T08:18:09+00:00","breadcrumb":{"@id":"https:\/\/futurelab-aachen.de\/en\/event\/stadt-plan\/#breadcrumb"},"inLanguage":"en-US","potentialAction":[{"@type":"ReadAction","target":["https:\/\/futurelab-aachen.de\/en\/event\/stadt-plan\/"]}]},{"@type":"ImageObject","inLanguage":"en-US","@id":"https:\/\/futurelab-aachen.de\/en\/event\/stadt-plan\/#primaryimage","url":"https:\/\/futurelab-aachen.de\/wp-content\/uploads\/2016\/01\/Rathaus.jpg","contentUrl":"https:\/\/futurelab-aachen.de\/wp-content\/uploads\/2016\/01\/Rathaus.jpg","width":2080,"height":1387,"caption":"Stadt Aachen_Nadine Jungblut"},{"@type":"BreadcrumbList","@id":"https:\/\/futurelab-aachen.de\/en\/event\/stadt-plan\/#breadcrumb","itemListElement":[{"@type":"ListItem","position":1,"name":"Startseite","item":"https:\/\/futurelab-aachen.de\/en\/"},{"@type":"ListItem","position":2,"name":"Veranstaltungen","item":"https:\/\/futurelab-aachen.de\/event\/"},{"@type":"ListItem","position":3,"name":"Stadt. Plan!"}]},{"@type":"WebSite","@id":"https:\/\/futurelab-aachen.de\/#website","url":"https:\/\/futurelab-aachen.de\/","name":"Future Lab Aachen","description":"Kunst des Fortschritts","publisher":{"@id":"https:\/\/futurelab-aachen.de\/#organization"},"potentialAction":[{"@type":"SearchAction","target":{"@type":"EntryPoint","urlTemplate":"https:\/\/futurelab-aachen.de\/?s={search_term_string}"},"query-input":{"@type":"PropertyValueSpecification","valueRequired":true,"valueName":"search_term_string"}}],"inLanguage":"en-US"},{"@type":"Organization","@id":"https:\/\/futurelab-aachen.de\/#organization","name":"Future Lab Aachen","url":"https:\/\/futurelab-aachen.de\/","logo":{"@type":"ImageObject","inLanguage":"en-US","@id":"https:\/\/futurelab-aachen.de\/#\/schema\/logo\/image\/","url":"","contentUrl":"","caption":"Future Lab Aachen"},"image":{"@id":"https:\/\/futurelab-aachen.de\/#\/schema\/logo\/image\/"}}]}},"_links":{"self":[{"href":"https:\/\/futurelab-aachen.de\/en\/wp-json\/wp\/v2\/tribe_events\/5193","targetHints":{"allow":["GET"]}}],"collection":[{"href":"https:\/\/futurelab-aachen.de\/en\/wp-json\/wp\/v2\/tribe_events"}],"about":[{"href":"https:\/\/futurelab-aachen.de\/en\/wp-json\/wp\/v2\/types\/tribe_events"}],"author":[{"embeddable":true,"href":"https:\/\/futurelab-aachen.de\/en\/wp-json\/wp\/v2\/users\/3"}],"version-history":[{"count":0,"href":"https:\/\/futurelab-aachen.de\/en\/wp-json\/wp\/v2\/tribe_events\/5193\/revisions"}],"wp:featuredmedia":[{"embeddable":true,"href":"https:\/\/futurelab-aachen.de\/en\/wp-json\/wp\/v2\/media\/3001"}],"wp:attachment":[{"href":"https:\/\/futurelab-aachen.de\/en\/wp-json\/wp\/v2\/media?parent=5193"}],"wp:term":[{"taxonomy":"post_tag","embeddable":true,"href":"https:\/\/futurelab-aachen.de\/en\/wp-json\/wp\/v2\/tags?post=5193"},{"taxonomy":"tribe_events_cat","embeddable":true,"href":"https:\/\/futurelab-aachen.de\/en\/wp-json\/wp\/v2\/tribe_events_cat?post=5193"}],"curies":[{"name":"wp","href":"https:\/\/api.w.org\/{rel}","templated":true}]}}

<p>Prof. Dr. Thomas Ludwig, Leiter des Deutschen Klimarechenzentrum (DKRZ) in Hamburg, wird vorstellen, wie die heute möglichen Klimaprognosen &#8211; z.B. Visualisierungen von Temperaturveränderungen, Meereis in der Arktis und Niederschlagsveränderungen &#8211; aussehen und was mit dem raschen Anwachsen der Rechnerleistung binnen kürzester Zeit noch möglich sein wird. &#8220;Regionale Klimaanalysen und ihre lokale Anwendung in der Stadtentwicklung&#8221; sind dann das Thema der sich anschließenden Podiumsdiskussion.</p>
<p><a href="https://futurelab-aachen.de/wp-content/uploads/2016/01/20160225_Flyer_Stadt.Plan_Klimaprognosen_Initiative-Aachen.pdf" target="_blank">Flyer zur Veranstaltung</a></p>

<p>Prof. Dr. Thomas Ludwig, Leiter des Deutschen Klimarechenzentrum (DKRZ) in Hamburg, wird vorstellen, wie die heute möglichen Klimaprognosen [&hellip;]</p>

<!-- This site is optimized with the Yoast SEO plugin v26.9 - https://yoast.com/product/yoast-seo-wordpress/ -->
<title>Stadt. Plan! - Future Lab Aachen</title>
<meta name="robots" content="index, follow, max-snippet:-1, max-image-preview:large, max-video-preview:-1" />
<link rel="canonical" href="https://futurelab-aachen.de/en/event/stadt-plan/" />
<meta property="og:locale" content="en_US" />
<meta property="og:type" content="article" />
<meta property="og:title" content="Stadt. Plan! - Future Lab Aachen" />
<meta property="og:description" content="Prof. Dr. Thomas Ludwig, Leiter des Deutschen Klimarechenzentrum (DKRZ) in Hamburg, wird vorstellen, wie die heute möglichen Klimaprognosen [&hellip;]" />
<meta property="og:url" content="https://futurelab-aachen.de/en/event/stadt-plan/" />
<meta property="og:site_name" content="Future Lab Aachen" />
<meta property="og:image" content="https://futurelab-aachen.de/wp-content/uploads/2016/01/Rathaus.jpg" />
	<meta property="og:image:width" content="2560" />
	<meta property="og:image:height" content="1707" />
	<meta property="og:image:type" content="image/jpeg" />
<meta name="twitter:card" content="summary_large_image" />
<script type="application/ld+json" class="yoast-schema-graph">{"@context":"https://schema.org","@graph":[{"@type":"WebPage","@id":"https://futurelab-aachen.de/en/event/stadt-plan/","url":"https://futurelab-aachen.de/en/event/stadt-plan/","name":"Stadt. Plan! - Future Lab Aachen","isPartOf":{"@id":"https://futurelab-aachen.de/#website"},"primaryImageOfPage":{"@id":"https://futurelab-aachen.de/en/event/stadt-plan/#primaryimage"},"image":{"@id":"https://futurelab-aachen.de/en/event/stadt-plan/#primaryimage"},"thumbnailUrl":"https://futurelab-aachen.de/wp-content/uploads/2016/01/Rathaus.jpg","datePublished":"2016-01-21T08:18:09+00:00","breadcrumb":{"@id":"https://futurelab-aachen.de/en/event/stadt-plan/#breadcrumb"},"inLanguage":"en-US","potentialAction":[{"@type":"ReadAction","target":["https://futurelab-aachen.de/en/event/stadt-plan/"]}]},{"@type":"ImageObject","inLanguage":"en-US","@id":"https://futurelab-aachen.de/en/event/stadt-plan/#primaryimage","url":"https://futurelab-aachen.de/wp-content/uploads/2016/01/Rathaus.jpg","contentUrl":"https://futurelab-aachen.de/wp-content/uploads/2016/01/Rathaus.jpg","width":2080,"height":1387,"caption":"Stadt Aachen_Nadine Jungblut"},{"@type":"BreadcrumbList","@id":"https://futurelab-aachen.de/en/event/stadt-plan/#breadcrumb","itemListElement":[{"@type":"ListItem","position":1,"name":"Startseite","item":"https://futurelab-aachen.de/en/"},{"@type":"ListItem","position":2,"name":"Veranstaltungen","item":"https://futurelab-aachen.de/event/"},{"@type":"ListItem","position":3,"name":"Stadt. Plan!"}]},{"@type":"WebSite","@id":"https://futurelab-aachen.de/#website","url":"https://futurelab-aachen.de/","name":"Future Lab Aachen","description":"Kunst des Fortschritts","publisher":{"@id":"https://futurelab-aachen.de/#organization"},"potentialAction":[{"@type":"SearchAction","target":{"@type":"EntryPoint","urlTemplate":"https://futurelab-aachen.de/?s={search_term_string}"},"query-input":{"@type":"PropertyValueSpecification","valueRequired":true,"valueName":"search_term_string"}}],"inLanguage":"en-US"},{"@type":"Organization","@id":"https://futurelab-aachen.de/#organization","name":"Future Lab Aachen","url":"https://futurelab-aachen.de/","logo":{"@type":"ImageObject","inLanguage":"en-US","@id":"https://futurelab-aachen.de/#/schema/logo/image/","url":"","contentUrl":"","caption":"Future Lab Aachen"},"image":{"@id":"https://futurelab-aachen.de/#/schema/logo/image/"}}]}</script>
<!-- / Yoast SEO plugin. -->

Prof. Dr. Thomas Ludwig, Leiter des Deutschen Klimarechenzentrum (DKRZ) in Hamburg, wird vorstellen, wie die heute möglichen Klimaprognosen [&hellip;]
