{"id":5207,"date":"2016-01-18T16:17:16","date_gmt":"2016-01-18T15:17:16","guid":{"rendered":"http:\/\/futurelab-aachen.de\/event\/tedxrwthaachen-2016-2\/"},"modified":"2016-01-18T16:17:16","modified_gmt":"2016-01-18T15:17:16","slug":"tedxrwthaachen-2016","status":"publish","type":"tribe_events","link":"https:\/\/futurelab-aachen.de\/en\/event\/tedxrwthaachen-2016\/","title":{"rendered":"TEDxRWTH Aachen 2016"},"content":{"rendered":"<p>Die dritte internationale TEDx Konferenz an der RWTH Aachen wird auch im Jahr 2016 interessante Redner, au\u00dfergew\u00f6hnliche Ideen und spannende Konversationen nach dem Vorbild der TED-Konferenzen vereinen.<br \/>\nHier gibts auf der ganzt\u00e4gigen Konferenz Vortr\u00e4ge \u00fcber die Grenzen wissenschaftlicher Fachbereiche hinweg mit anregenden Gespr\u00e4chen.<br \/>\nLass dich von gro\u00dfen Denkern, Wissenschaftlern und Pers\u00f6nlichkeiten inspirieren.<\/p>\n<p>Ticketverkauf ausschlie\u00dflich <a href=\"https:\/\/tedx.rwth-aachen.de\/event2016_de.html\" target=\"_blank\">online<\/a><br \/>\nHier findest du neben Eintrittspreisen auch alle weiteren Informationen.<\/p>\n<p>&nbsp;<\/p>\n<p><a href=\"https:\/\/futurelab-aachen.de\/wp-content\/uploads\/2016\/01\/sw__0016_rwth_schwarz_grau_rgb.png\"><img decoding=\"async\" class=\"alignnone size-full wp-image-3087\" src=\"https:\/\/futurelab-aachen.de\/wp-content\/uploads\/2016\/01\/sw__0016_rwth_schwarz_grau_rgb.png\" alt=\"sw__0016_rwth_schwarz_grau_rgb\" width=\"212\" height=\"59\" \/><\/a><\/p>\n","protected":false},"excerpt":{"rendered":"<p>Die dritte internationale TEDx Konferenz an der RWTH Aachen wird auch im Jahr 2016 interessante Redner, au\u00dfergew\u00f6hnliche Ideen [&hellip;]<\/p>\n","protected":false},"author":7,"featured_media":2808,"template":"","meta":{"_acf_changed":false,"_lmt_disableupdate":"","_lmt_disable":"","_tribe_events_status":"","_tribe_events_status_reason":"","footnotes":""},"tags":[],"tribe_events_cat":[85],"class_list":["post-5207","tribe_events","type-tribe_events","status-publish","has-post-thumbnail","hentry","tribe_events_cat-vorlesung-en","cat_vorlesung-en"],"acf":[],"yoast_head":"<!-- This site is optimized with the Yoast SEO plugin v26.9 - https:\/\/yoast.com\/product\/yoast-seo-wordpress\/ -->\n<title>TEDxRWTH Aachen 2016 - Future Lab Aachen<\/title>\n<meta name=\"robots\" content=\"index, follow, max-snippet:-1, max-image-preview:large, max-video-preview:-1\" \/>\n<link rel=\"canonical\" href=\"https:\/\/futurelab-aachen.de\/en\/event\/tedxrwthaachen-2016\/\" \/>\n<meta property=\"og:locale\" content=\"en_US\" \/>\n<meta property=\"og:type\" content=\"article\" \/>\n<meta property=\"og:title\" content=\"TEDxRWTH Aachen 2016 - Future Lab Aachen\" \/>\n<meta property=\"og:description\" content=\"Die dritte internationale TEDx Konferenz an der RWTH Aachen wird auch im Jahr 2016 interessante Redner, au\u00dfergew\u00f6hnliche Ideen [&hellip;]\" \/>\n<meta property=\"og:url\" content=\"https:\/\/futurelab-aachen.de\/en\/event\/tedxrwthaachen-2016\/\" \/>\n<meta property=\"og:site_name\" content=\"Future Lab Aachen\" \/>\n<meta property=\"og:image\" content=\"https:\/\/futurelab-aachen.de\/wp-content\/uploads\/2016\/01\/20160528_TEDxEventLogo.jpg\" \/>\n\t<meta property=\"og:image:width\" content=\"1000\" \/>\n\t<meta property=\"og:image:height\" content=\"668\" \/>\n\t<meta property=\"og:image:type\" content=\"image\/jpeg\" \/>\n<meta name=\"twitter:card\" content=\"summary_large_image\" \/>\n<script type=\"application\/ld+json\" class=\"yoast-schema-graph\">{\"@context\":\"https:\/\/schema.org\",\"@graph\":[{\"@type\":\"WebPage\",\"@id\":\"https:\/\/futurelab-aachen.de\/en\/event\/tedxrwthaachen-2016\/\",\"url\":\"https:\/\/futurelab-aachen.de\/en\/event\/tedxrwthaachen-2016\/\",\"name\":\"TEDxRWTH Aachen 2016 - Future Lab Aachen\",\"isPartOf\":{\"@id\":\"https:\/\/futurelab-aachen.de\/#website\"},\"primaryImageOfPage\":{\"@id\":\"https:\/\/futurelab-aachen.de\/en\/event\/tedxrwthaachen-2016\/#primaryimage\"},\"image\":{\"@id\":\"https:\/\/futurelab-aachen.de\/en\/event\/tedxrwthaachen-2016\/#primaryimage\"},\"thumbnailUrl\":\"https:\/\/futurelab-aachen.de\/wp-content\/uploads\/2016\/01\/20160528_TEDxEventLogo.jpg\",\"datePublished\":\"2016-01-18T15:17:16+00:00\",\"breadcrumb\":{\"@id\":\"https:\/\/futurelab-aachen.de\/en\/event\/tedxrwthaachen-2016\/#breadcrumb\"},\"inLanguage\":\"en-US\",\"potentialAction\":[{\"@type\":\"ReadAction\",\"target\":[\"https:\/\/futurelab-aachen.de\/en\/event\/tedxrwthaachen-2016\/\"]}]},{\"@type\":\"ImageObject\",\"inLanguage\":\"en-US\",\"@id\":\"https:\/\/futurelab-aachen.de\/en\/event\/tedxrwthaachen-2016\/#primaryimage\",\"url\":\"https:\/\/futurelab-aachen.de\/wp-content\/uploads\/2016\/01\/20160528_TEDxEventLogo.jpg\",\"contentUrl\":\"https:\/\/futurelab-aachen.de\/wp-content\/uploads\/2016\/01\/20160528_TEDxEventLogo.jpg\",\"width\":1000,\"height\":668,\"caption\":\"RWTH Aachen\"},{\"@type\":\"BreadcrumbList\",\"@id\":\"https:\/\/futurelab-aachen.de\/en\/event\/tedxrwthaachen-2016\/#breadcrumb\",\"itemListElement\":[{\"@type\":\"ListItem\",\"position\":1,\"name\":\"Startseite\",\"item\":\"https:\/\/futurelab-aachen.de\/en\/\"},{\"@type\":\"ListItem\",\"position\":2,\"name\":\"Veranstaltungen\",\"item\":\"https:\/\/futurelab-aachen.de\/event\/\"},{\"@type\":\"ListItem\",\"position\":3,\"name\":\"TEDxRWTH Aachen 2016\"}]},{\"@type\":\"WebSite\",\"@id\":\"https:\/\/futurelab-aachen.de\/#website\",\"url\":\"https:\/\/futurelab-aachen.de\/\",\"name\":\"Future Lab Aachen\",\"description\":\"Kunst des Fortschritts\",\"publisher\":{\"@id\":\"https:\/\/futurelab-aachen.de\/#organization\"},\"potentialAction\":[{\"@type\":\"SearchAction\",\"target\":{\"@type\":\"EntryPoint\",\"urlTemplate\":\"https:\/\/futurelab-aachen.de\/?s={search_term_string}\"},\"query-input\":{\"@type\":\"PropertyValueSpecification\",\"valueRequired\":true,\"valueName\":\"search_term_string\"}}],\"inLanguage\":\"en-US\"},{\"@type\":\"Organization\",\"@id\":\"https:\/\/futurelab-aachen.de\/#organization\",\"name\":\"Future Lab Aachen\",\"url\":\"https:\/\/futurelab-aachen.de\/\",\"logo\":{\"@type\":\"ImageObject\",\"inLanguage\":\"en-US\",\"@id\":\"https:\/\/futurelab-aachen.de\/#\/schema\/logo\/image\/\",\"url\":\"\",\"contentUrl\":\"\",\"caption\":\"Future Lab Aachen\"},\"image\":{\"@id\":\"https:\/\/futurelab-aachen.de\/#\/schema\/logo\/image\/\"}}]}<\/script>\n<!-- \/ Yoast SEO plugin. -->","yoast_head_json":{"title":"TEDxRWTH Aachen 2016 - Future Lab Aachen","robots":{"index":"index","follow":"follow","max-snippet":"max-snippet:-1","max-image-preview":"max-image-preview:large","max-video-preview":"max-video-preview:-1"},"canonical":"https:\/\/futurelab-aachen.de\/en\/event\/tedxrwthaachen-2016\/","og_locale":"en_US","og_type":"article","og_title":"TEDxRWTH Aachen 2016 - Future Lab Aachen","og_description":"Die dritte internationale TEDx Konferenz an der RWTH Aachen wird auch im Jahr 2016 interessante Redner, au\u00dfergew\u00f6hnliche Ideen [&hellip;]","og_url":"https:\/\/futurelab-aachen.de\/en\/event\/tedxrwthaachen-2016\/","og_site_name":"Future Lab Aachen","og_image":[{"width":1000,"height":668,"url":"https:\/\/futurelab-aachen.de\/wp-content\/uploads\/2016\/01\/20160528_TEDxEventLogo.jpg","type":"image\/jpeg"}],"twitter_card":"summary_large_image","schema":{"@context":"https:\/\/schema.org","@graph":[{"@type":"WebPage","@id":"https:\/\/futurelab-aachen.de\/en\/event\/tedxrwthaachen-2016\/","url":"https:\/\/futurelab-aachen.de\/en\/event\/tedxrwthaachen-2016\/","name":"TEDxRWTH Aachen 2016 - Future Lab Aachen","isPartOf":{"@id":"https:\/\/futurelab-aachen.de\/#website"},"primaryImageOfPage":{"@id":"https:\/\/futurelab-aachen.de\/en\/event\/tedxrwthaachen-2016\/#primaryimage"},"image":{"@id":"https:\/\/futurelab-aachen.de\/en\/event\/tedxrwthaachen-2016\/#primaryimage"},"thumbnailUrl":"https:\/\/futurelab-aachen.de\/wp-content\/uploads\/2016\/01\/20160528_TEDxEventLogo.jpg","datePublished":"2016-01-18T15:17:16+00:00","breadcrumb":{"@id":"https:\/\/futurelab-aachen.de\/en\/event\/tedxrwthaachen-2016\/#breadcrumb"},"inLanguage":"en-US","potentialAction":[{"@type":"ReadAction","target":["https:\/\/futurelab-aachen.de\/en\/event\/tedxrwthaachen-2016\/"]}]},{"@type":"ImageObject","inLanguage":"en-US","@id":"https:\/\/futurelab-aachen.de\/en\/event\/tedxrwthaachen-2016\/#primaryimage","url":"https:\/\/futurelab-aachen.de\/wp-content\/uploads\/2016\/01\/20160528_TEDxEventLogo.jpg","contentUrl":"https:\/\/futurelab-aachen.de\/wp-content\/uploads\/2016\/01\/20160528_TEDxEventLogo.jpg","width":1000,"height":668,"caption":"RWTH Aachen"},{"@type":"BreadcrumbList","@id":"https:\/\/futurelab-aachen.de\/en\/event\/tedxrwthaachen-2016\/#breadcrumb","itemListElement":[{"@type":"ListItem","position":1,"name":"Startseite","item":"https:\/\/futurelab-aachen.de\/en\/"},{"@type":"ListItem","position":2,"name":"Veranstaltungen","item":"https:\/\/futurelab-aachen.de\/event\/"},{"@type":"ListItem","position":3,"name":"TEDxRWTH Aachen 2016"}]},{"@type":"WebSite","@id":"https:\/\/futurelab-aachen.de\/#website","url":"https:\/\/futurelab-aachen.de\/","name":"Future Lab Aachen","description":"Kunst des Fortschritts","publisher":{"@id":"https:\/\/futurelab-aachen.de\/#organization"},"potentialAction":[{"@type":"SearchAction","target":{"@type":"EntryPoint","urlTemplate":"https:\/\/futurelab-aachen.de\/?s={search_term_string}"},"query-input":{"@type":"PropertyValueSpecification","valueRequired":true,"valueName":"search_term_string"}}],"inLanguage":"en-US"},{"@type":"Organization","@id":"https:\/\/futurelab-aachen.de\/#organization","name":"Future Lab Aachen","url":"https:\/\/futurelab-aachen.de\/","logo":{"@type":"ImageObject","inLanguage":"en-US","@id":"https:\/\/futurelab-aachen.de\/#\/schema\/logo\/image\/","url":"","contentUrl":"","caption":"Future Lab Aachen"},"image":{"@id":"https:\/\/futurelab-aachen.de\/#\/schema\/logo\/image\/"}}]}},"_links":{"self":[{"href":"https:\/\/futurelab-aachen.de\/en\/wp-json\/wp\/v2\/tribe_events\/5207","targetHints":{"allow":["GET"]}}],"collection":[{"href":"https:\/\/futurelab-aachen.de\/en\/wp-json\/wp\/v2\/tribe_events"}],"about":[{"href":"https:\/\/futurelab-aachen.de\/en\/wp-json\/wp\/v2\/types\/tribe_events"}],"author":[{"embeddable":true,"href":"https:\/\/futurelab-aachen.de\/en\/wp-json\/wp\/v2\/users\/7"}],"version-history":[{"count":0,"href":"https:\/\/futurelab-aachen.de\/en\/wp-json\/wp\/v2\/tribe_events\/5207\/revisions"}],"wp:featuredmedia":[{"embeddable":true,"href":"https:\/\/futurelab-aachen.de\/en\/wp-json\/wp\/v2\/media\/2808"}],"wp:attachment":[{"href":"https:\/\/futurelab-aachen.de\/en\/wp-json\/wp\/v2\/media?parent=5207"}],"wp:term":[{"taxonomy":"post_tag","embeddable":true,"href":"https:\/\/futurelab-aachen.de\/en\/wp-json\/wp\/v2\/tags?post=5207"},{"taxonomy":"tribe_events_cat","embeddable":true,"href":"https:\/\/futurelab-aachen.de\/en\/wp-json\/wp\/v2\/tribe_events_cat?post=5207"}],"curies":[{"name":"wp","href":"https:\/\/api.w.org\/{rel}","templated":true}]}}

<p>Die dritte internationale TEDx Konferenz an der RWTH Aachen wird auch im Jahr 2016 interessante Redner, außergewöhnliche Ideen und spannende Konversationen nach dem Vorbild der TED-Konferenzen vereinen.<br />
Hier gibts auf der ganztägigen Konferenz Vorträge über die Grenzen wissenschaftlicher Fachbereiche hinweg mit anregenden Gesprächen.<br />
Lass dich von großen Denkern, Wissenschaftlern und Persönlichkeiten inspirieren.</p>
<p>Ticketverkauf ausschließlich <a href="https://tedx.rwth-aachen.de/event2016_de.html" target="_blank">online</a><br />
Hier findest du neben Eintrittspreisen auch alle weiteren Informationen.</p>
<p>&nbsp;</p>
<p><a href="https://futurelab-aachen.de/wp-content/uploads/2016/01/sw__0016_rwth_schwarz_grau_rgb.png"><img decoding="async" class="alignnone size-full wp-image-3087" src="https://futurelab-aachen.de/wp-content/uploads/2016/01/sw__0016_rwth_schwarz_grau_rgb.png" alt="sw__0016_rwth_schwarz_grau_rgb" width="212" height="59" /></a></p>

<p>Die dritte internationale TEDx Konferenz an der RWTH Aachen wird auch im Jahr 2016 interessante Redner, außergewöhnliche Ideen [&hellip;]</p>

<!-- This site is optimized with the Yoast SEO plugin v26.9 - https://yoast.com/product/yoast-seo-wordpress/ -->
<title>TEDxRWTH Aachen 2016 - Future Lab Aachen</title>
<meta name="robots" content="index, follow, max-snippet:-1, max-image-preview:large, max-video-preview:-1" />
<link rel="canonical" href="https://futurelab-aachen.de/en/event/tedxrwthaachen-2016/" />
<meta property="og:locale" content="en_US" />
<meta property="og:type" content="article" />
<meta property="og:title" content="TEDxRWTH Aachen 2016 - Future Lab Aachen" />
<meta property="og:description" content="Die dritte internationale TEDx Konferenz an der RWTH Aachen wird auch im Jahr 2016 interessante Redner, außergewöhnliche Ideen [&hellip;]" />
<meta property="og:url" content="https://futurelab-aachen.de/en/event/tedxrwthaachen-2016/" />
<meta property="og:site_name" content="Future Lab Aachen" />
<meta property="og:image" content="https://futurelab-aachen.de/wp-content/uploads/2016/01/20160528_TEDxEventLogo.jpg" />
	<meta property="og:image:width" content="1000" />
	<meta property="og:image:height" content="668" />
	<meta property="og:image:type" content="image/jpeg" />
<meta name="twitter:card" content="summary_large_image" />
<script type="application/ld+json" class="yoast-schema-graph">{"@context":"https://schema.org","@graph":[{"@type":"WebPage","@id":"https://futurelab-aachen.de/en/event/tedxrwthaachen-2016/","url":"https://futurelab-aachen.de/en/event/tedxrwthaachen-2016/","name":"TEDxRWTH Aachen 2016 - Future Lab Aachen","isPartOf":{"@id":"https://futurelab-aachen.de/#website"},"primaryImageOfPage":{"@id":"https://futurelab-aachen.de/en/event/tedxrwthaachen-2016/#primaryimage"},"image":{"@id":"https://futurelab-aachen.de/en/event/tedxrwthaachen-2016/#primaryimage"},"thumbnailUrl":"https://futurelab-aachen.de/wp-content/uploads/2016/01/20160528_TEDxEventLogo.jpg","datePublished":"2016-01-18T15:17:16+00:00","breadcrumb":{"@id":"https://futurelab-aachen.de/en/event/tedxrwthaachen-2016/#breadcrumb"},"inLanguage":"en-US","potentialAction":[{"@type":"ReadAction","target":["https://futurelab-aachen.de/en/event/tedxrwthaachen-2016/"]}]},{"@type":"ImageObject","inLanguage":"en-US","@id":"https://futurelab-aachen.de/en/event/tedxrwthaachen-2016/#primaryimage","url":"https://futurelab-aachen.de/wp-content/uploads/2016/01/20160528_TEDxEventLogo.jpg","contentUrl":"https://futurelab-aachen.de/wp-content/uploads/2016/01/20160528_TEDxEventLogo.jpg","width":1000,"height":668,"caption":"RWTH Aachen"},{"@type":"BreadcrumbList","@id":"https://futurelab-aachen.de/en/event/tedxrwthaachen-2016/#breadcrumb","itemListElement":[{"@type":"ListItem","position":1,"name":"Startseite","item":"https://futurelab-aachen.de/en/"},{"@type":"ListItem","position":2,"name":"Veranstaltungen","item":"https://futurelab-aachen.de/event/"},{"@type":"ListItem","position":3,"name":"TEDxRWTH Aachen 2016"}]},{"@type":"WebSite","@id":"https://futurelab-aachen.de/#website","url":"https://futurelab-aachen.de/","name":"Future Lab Aachen","description":"Kunst des Fortschritts","publisher":{"@id":"https://futurelab-aachen.de/#organization"},"potentialAction":[{"@type":"SearchAction","target":{"@type":"EntryPoint","urlTemplate":"https://futurelab-aachen.de/?s={search_term_string}"},"query-input":{"@type":"PropertyValueSpecification","valueRequired":true,"valueName":"search_term_string"}}],"inLanguage":"en-US"},{"@type":"Organization","@id":"https://futurelab-aachen.de/#organization","name":"Future Lab Aachen","url":"https://futurelab-aachen.de/","logo":{"@type":"ImageObject","inLanguage":"en-US","@id":"https://futurelab-aachen.de/#/schema/logo/image/","url":"","contentUrl":"","caption":"Future Lab Aachen"},"image":{"@id":"https://futurelab-aachen.de/#/schema/logo/image/"}}]}</script>
<!-- / Yoast SEO plugin. -->

Die dritte internationale TEDx Konferenz an der RWTH Aachen wird auch im Jahr 2016 interessante Redner, außergewöhnliche Ideen [&hellip;]
