{"id":5252,"date":"2015-12-30T12:14:19","date_gmt":"2015-12-30T11:14:19","guid":{"rendered":"http:\/\/futurelab-aachen.de\/event\/beratungstage-2-2\/"},"modified":"2015-12-30T12:14:19","modified_gmt":"2015-12-30T11:14:19","slug":"beratungstage-2","status":"publish","type":"tribe_events","link":"https:\/\/futurelab-aachen.de\/en\/event\/beratungstage-2\/","title":{"rendered":"Beratungstage"},"content":{"rendered":"<p>Das passende Studienfach auszuw\u00e4hlen ist eine der pr\u00e4gendsten Entscheidungen f\u00fcr deine Zukunft. Damit du eine solide Entscheidung treffen kannst, ben\u00f6tigst du einen guten \u00dcberblick \u00fcber das Angebot und fundierte Informationen \u00fcber verschiedene Studieng\u00e4nge.<\/p>\n<p>An jedem Tag (26.01., 27.01. und 28.01.) werden in den H\u00f6rs\u00e4len des K\u00e1rm\u00e1n-Auditoriums unterschiedliche Studieng\u00e4nge der RWTH Aachen pr\u00e4sentiert, so dass du alles Wissenswerte dar\u00fcber erf\u00e4hrst: Inhalte, Ablauf, Anforderungen, Berufsperspektiven und vieles mehr.<\/p>\n<p>Dar\u00fcber hinaus gibt es zahlreiche Vortr\u00e4ge zu weiteren wichtigen Fragestellungen rund ums Studium, wie zum Beispiel \u201eWie komme ich zu einer guten Studienentscheidung?\u201c oder \u201eWie vergibt die RWTH Aachen Studienpl\u00e4tze mit Orts-NC?\u201c. Auch die Themen Studienfinanzierung, Wohnen und Studienplatzvergabe \u00fcber HochschulSTART werden hier behandelt.<\/p>\n<p>Heute sind die Geistes-, Sozial- und Wirtschaftswissenschaften an der Reihe.<\/p>\n<p>Der Eintritt ist frei und zug\u00e4nglich f\u00fcr alle Interessierten und Unentschlossenen.<\/p>\n<p><a href=\"https:\/\/futurelab-aachen.de\/wp-content\/uploads\/2015\/12\/Beratungstage-Ingenieure.pdf\" target=\"_blank\">Flyer Beratungstage (PDF)<\/a><\/p>\n<p><a href=\"https:\/\/futurelab-aachen.de\/wp-content\/uploads\/2016\/01\/sw__0016_rwth_schwarz_grau_rgb.png\"><img decoding=\"async\" class=\"alignnone size-full wp-image-3087\" src=\"https:\/\/futurelab-aachen.de\/wp-content\/uploads\/2016\/01\/sw__0016_rwth_schwarz_grau_rgb.png\" alt=\"sw__0016_rwth_schwarz_grau_rgb\" width=\"212\" height=\"59\" \/><\/a><\/p>\n","protected":false},"excerpt":{"rendered":"<p>Das passende Studienfach auszuw\u00e4hlen ist eine der pr\u00e4gendsten Entscheidungen f\u00fcr deine Zukunft. Damit du eine solide Entscheidung treffen [&hellip;]<\/p>\n","protected":false},"author":7,"featured_media":2680,"template":"","meta":{"_acf_changed":false,"_lmt_disableupdate":"","_lmt_disable":"","_tribe_events_status":"","_tribe_events_status_reason":"","footnotes":""},"tags":[],"tribe_events_cat":[53],"class_list":["post-5252","tribe_events","type-tribe_events","status-publish","has-post-thumbnail","hentry","tribe_events_cat-info-en","cat_info-en"],"acf":[],"yoast_head":"<!-- This site is optimized with the Yoast SEO plugin v26.9 - https:\/\/yoast.com\/product\/yoast-seo-wordpress\/ -->\n<title>Beratungstage - Future Lab Aachen<\/title>\n<meta name=\"robots\" content=\"index, follow, max-snippet:-1, max-image-preview:large, max-video-preview:-1\" \/>\n<link rel=\"canonical\" href=\"https:\/\/futurelab-aachen.de\/en\/event\/beratungstage-2\/\" \/>\n<meta property=\"og:locale\" content=\"en_US\" \/>\n<meta property=\"og:type\" content=\"article\" \/>\n<meta property=\"og:title\" content=\"Beratungstage - Future Lab Aachen\" \/>\n<meta property=\"og:description\" content=\"Das passende Studienfach auszuw\u00e4hlen ist eine der pr\u00e4gendsten Entscheidungen f\u00fcr deine Zukunft. Damit du eine solide Entscheidung treffen [&hellip;]\" \/>\n<meta property=\"og:url\" content=\"https:\/\/futurelab-aachen.de\/en\/event\/beratungstage-2\/\" \/>\n<meta property=\"og:site_name\" content=\"Future Lab Aachen\" \/>\n<meta property=\"og:image\" content=\"https:\/\/futurelab-aachen.de\/wp-content\/uploads\/2015\/12\/Hoersaal5_Hauptgeb\u00e4ude_Winandy.jpg\" \/>\n\t<meta property=\"og:image:width\" content=\"2126\" \/>\n\t<meta property=\"og:image:height\" content=\"1415\" \/>\n\t<meta property=\"og:image:type\" content=\"image\/jpeg\" \/>\n<meta name=\"twitter:card\" content=\"summary_large_image\" \/>\n<meta name=\"twitter:label1\" content=\"Est. reading time\" \/>\n\t<meta name=\"twitter:data1\" content=\"1 minute\" \/>\n<script type=\"application\/ld+json\" class=\"yoast-schema-graph\">{\"@context\":\"https:\/\/schema.org\",\"@graph\":[{\"@type\":\"WebPage\",\"@id\":\"https:\/\/futurelab-aachen.de\/en\/event\/beratungstage-2\/\",\"url\":\"https:\/\/futurelab-aachen.de\/en\/event\/beratungstage-2\/\",\"name\":\"Beratungstage - Future Lab Aachen\",\"isPartOf\":{\"@id\":\"https:\/\/futurelab-aachen.de\/#website\"},\"primaryImageOfPage\":{\"@id\":\"https:\/\/futurelab-aachen.de\/en\/event\/beratungstage-2\/#primaryimage\"},\"image\":{\"@id\":\"https:\/\/futurelab-aachen.de\/en\/event\/beratungstage-2\/#primaryimage\"},\"thumbnailUrl\":\"https:\/\/futurelab-aachen.de\/wp-content\/uploads\/2015\/12\/Hoersaal5_Hauptgeb\u00e4ude_Winandy.jpg\",\"datePublished\":\"2015-12-30T11:14:19+00:00\",\"breadcrumb\":{\"@id\":\"https:\/\/futurelab-aachen.de\/en\/event\/beratungstage-2\/#breadcrumb\"},\"inLanguage\":\"en-US\",\"potentialAction\":[{\"@type\":\"ReadAction\",\"target\":[\"https:\/\/futurelab-aachen.de\/en\/event\/beratungstage-2\/\"]}]},{\"@type\":\"ImageObject\",\"inLanguage\":\"en-US\",\"@id\":\"https:\/\/futurelab-aachen.de\/en\/event\/beratungstage-2\/#primaryimage\",\"url\":\"https:\/\/futurelab-aachen.de\/wp-content\/uploads\/2015\/12\/Hoersaal5_Hauptgeb\u00e4ude_Winandy.jpg\",\"contentUrl\":\"https:\/\/futurelab-aachen.de\/wp-content\/uploads\/2015\/12\/Hoersaal5_Hauptgeb\u00e4ude_Winandy.jpg\",\"width\":2080,\"height\":1384,\"caption\":\"RWTH Aachen_Peter Winandy\"},{\"@type\":\"BreadcrumbList\",\"@id\":\"https:\/\/futurelab-aachen.de\/en\/event\/beratungstage-2\/#breadcrumb\",\"itemListElement\":[{\"@type\":\"ListItem\",\"position\":1,\"name\":\"Startseite\",\"item\":\"https:\/\/futurelab-aachen.de\/en\/\"},{\"@type\":\"ListItem\",\"position\":2,\"name\":\"Veranstaltungen\",\"item\":\"https:\/\/futurelab-aachen.de\/event\/\"},{\"@type\":\"ListItem\",\"position\":3,\"name\":\"Beratungstage\"}]},{\"@type\":\"WebSite\",\"@id\":\"https:\/\/futurelab-aachen.de\/#website\",\"url\":\"https:\/\/futurelab-aachen.de\/\",\"name\":\"Future Lab Aachen\",\"description\":\"Kunst des Fortschritts\",\"publisher\":{\"@id\":\"https:\/\/futurelab-aachen.de\/#organization\"},\"potentialAction\":[{\"@type\":\"SearchAction\",\"target\":{\"@type\":\"EntryPoint\",\"urlTemplate\":\"https:\/\/futurelab-aachen.de\/?s={search_term_string}\"},\"query-input\":{\"@type\":\"PropertyValueSpecification\",\"valueRequired\":true,\"valueName\":\"search_term_string\"}}],\"inLanguage\":\"en-US\"},{\"@type\":\"Organization\",\"@id\":\"https:\/\/futurelab-aachen.de\/#organization\",\"name\":\"Future Lab Aachen\",\"url\":\"https:\/\/futurelab-aachen.de\/\",\"logo\":{\"@type\":\"ImageObject\",\"inLanguage\":\"en-US\",\"@id\":\"https:\/\/futurelab-aachen.de\/#\/schema\/logo\/image\/\",\"url\":\"\",\"contentUrl\":\"\",\"caption\":\"Future Lab Aachen\"},\"image\":{\"@id\":\"https:\/\/futurelab-aachen.de\/#\/schema\/logo\/image\/\"}}]}<\/script>\n<!-- \/ Yoast SEO plugin. -->","yoast_head_json":{"title":"Beratungstage - Future Lab Aachen","robots":{"index":"index","follow":"follow","max-snippet":"max-snippet:-1","max-image-preview":"max-image-preview:large","max-video-preview":"max-video-preview:-1"},"canonical":"https:\/\/futurelab-aachen.de\/en\/event\/beratungstage-2\/","og_locale":"en_US","og_type":"article","og_title":"Beratungstage - Future Lab Aachen","og_description":"Das passende Studienfach auszuw\u00e4hlen ist eine der pr\u00e4gendsten Entscheidungen f\u00fcr deine Zukunft. Damit du eine solide Entscheidung treffen [&hellip;]","og_url":"https:\/\/futurelab-aachen.de\/en\/event\/beratungstage-2\/","og_site_name":"Future Lab Aachen","og_image":[{"width":2126,"height":1415,"url":"https:\/\/futurelab-aachen.de\/wp-content\/uploads\/2015\/12\/Hoersaal5_Hauptgeb\u00e4ude_Winandy.jpg","type":"image\/jpeg"}],"twitter_card":"summary_large_image","twitter_misc":{"Est. reading time":"1 minute"},"schema":{"@context":"https:\/\/schema.org","@graph":[{"@type":"WebPage","@id":"https:\/\/futurelab-aachen.de\/en\/event\/beratungstage-2\/","url":"https:\/\/futurelab-aachen.de\/en\/event\/beratungstage-2\/","name":"Beratungstage - Future Lab Aachen","isPartOf":{"@id":"https:\/\/futurelab-aachen.de\/#website"},"primaryImageOfPage":{"@id":"https:\/\/futurelab-aachen.de\/en\/event\/beratungstage-2\/#primaryimage"},"image":{"@id":"https:\/\/futurelab-aachen.de\/en\/event\/beratungstage-2\/#primaryimage"},"thumbnailUrl":"https:\/\/futurelab-aachen.de\/wp-content\/uploads\/2015\/12\/Hoersaal5_Hauptgeb\u00e4ude_Winandy.jpg","datePublished":"2015-12-30T11:14:19+00:00","breadcrumb":{"@id":"https:\/\/futurelab-aachen.de\/en\/event\/beratungstage-2\/#breadcrumb"},"inLanguage":"en-US","potentialAction":[{"@type":"ReadAction","target":["https:\/\/futurelab-aachen.de\/en\/event\/beratungstage-2\/"]}]},{"@type":"ImageObject","inLanguage":"en-US","@id":"https:\/\/futurelab-aachen.de\/en\/event\/beratungstage-2\/#primaryimage","url":"https:\/\/futurelab-aachen.de\/wp-content\/uploads\/2015\/12\/Hoersaal5_Hauptgeb\u00e4ude_Winandy.jpg","contentUrl":"https:\/\/futurelab-aachen.de\/wp-content\/uploads\/2015\/12\/Hoersaal5_Hauptgeb\u00e4ude_Winandy.jpg","width":2080,"height":1384,"caption":"RWTH Aachen_Peter Winandy"},{"@type":"BreadcrumbList","@id":"https:\/\/futurelab-aachen.de\/en\/event\/beratungstage-2\/#breadcrumb","itemListElement":[{"@type":"ListItem","position":1,"name":"Startseite","item":"https:\/\/futurelab-aachen.de\/en\/"},{"@type":"ListItem","position":2,"name":"Veranstaltungen","item":"https:\/\/futurelab-aachen.de\/event\/"},{"@type":"ListItem","position":3,"name":"Beratungstage"}]},{"@type":"WebSite","@id":"https:\/\/futurelab-aachen.de\/#website","url":"https:\/\/futurelab-aachen.de\/","name":"Future Lab Aachen","description":"Kunst des Fortschritts","publisher":{"@id":"https:\/\/futurelab-aachen.de\/#organization"},"potentialAction":[{"@type":"SearchAction","target":{"@type":"EntryPoint","urlTemplate":"https:\/\/futurelab-aachen.de\/?s={search_term_string}"},"query-input":{"@type":"PropertyValueSpecification","valueRequired":true,"valueName":"search_term_string"}}],"inLanguage":"en-US"},{"@type":"Organization","@id":"https:\/\/futurelab-aachen.de\/#organization","name":"Future Lab Aachen","url":"https:\/\/futurelab-aachen.de\/","logo":{"@type":"ImageObject","inLanguage":"en-US","@id":"https:\/\/futurelab-aachen.de\/#\/schema\/logo\/image\/","url":"","contentUrl":"","caption":"Future Lab Aachen"},"image":{"@id":"https:\/\/futurelab-aachen.de\/#\/schema\/logo\/image\/"}}]}},"_links":{"self":[{"href":"https:\/\/futurelab-aachen.de\/en\/wp-json\/wp\/v2\/tribe_events\/5252","targetHints":{"allow":["GET"]}}],"collection":[{"href":"https:\/\/futurelab-aachen.de\/en\/wp-json\/wp\/v2\/tribe_events"}],"about":[{"href":"https:\/\/futurelab-aachen.de\/en\/wp-json\/wp\/v2\/types\/tribe_events"}],"author":[{"embeddable":true,"href":"https:\/\/futurelab-aachen.de\/en\/wp-json\/wp\/v2\/users\/7"}],"version-history":[{"count":0,"href":"https:\/\/futurelab-aachen.de\/en\/wp-json\/wp\/v2\/tribe_events\/5252\/revisions"}],"wp:featuredmedia":[{"embeddable":true,"href":"https:\/\/futurelab-aachen.de\/en\/wp-json\/wp\/v2\/media\/2680"}],"wp:attachment":[{"href":"https:\/\/futurelab-aachen.de\/en\/wp-json\/wp\/v2\/media?parent=5252"}],"wp:term":[{"taxonomy":"post_tag","embeddable":true,"href":"https:\/\/futurelab-aachen.de\/en\/wp-json\/wp\/v2\/tags?post=5252"},{"taxonomy":"tribe_events_cat","embeddable":true,"href":"https:\/\/futurelab-aachen.de\/en\/wp-json\/wp\/v2\/tribe_events_cat?post=5252"}],"curies":[{"name":"wp","href":"https:\/\/api.w.org\/{rel}","templated":true}]}}

<p>Das passende Studienfach auszuwählen ist eine der prägendsten Entscheidungen für deine Zukunft. Damit du eine solide Entscheidung treffen kannst, benötigst du einen guten Überblick über das Angebot und fundierte Informationen über verschiedene Studiengänge.</p>
<p>An jedem Tag (26.01., 27.01. und 28.01.) werden in den Hörsälen des Kármán-Auditoriums unterschiedliche Studiengänge der RWTH Aachen präsentiert, so dass du alles Wissenswerte darüber erfährst: Inhalte, Ablauf, Anforderungen, Berufsperspektiven und vieles mehr.</p>
<p>Darüber hinaus gibt es zahlreiche Vorträge zu weiteren wichtigen Fragestellungen rund ums Studium, wie zum Beispiel „Wie komme ich zu einer guten Studienentscheidung?“ oder „Wie vergibt die RWTH Aachen Studienplätze mit Orts-NC?“. Auch die Themen Studienfinanzierung, Wohnen und Studienplatzvergabe über HochschulSTART werden hier behandelt.</p>
<p>Heute sind die Geistes-, Sozial- und Wirtschaftswissenschaften an der Reihe.</p>
<p>Der Eintritt ist frei und zugänglich für alle Interessierten und Unentschlossenen.</p>
<p><a href="https://futurelab-aachen.de/wp-content/uploads/2015/12/Beratungstage-Ingenieure.pdf" target="_blank">Flyer Beratungstage (PDF)</a></p>
<p><a href="https://futurelab-aachen.de/wp-content/uploads/2016/01/sw__0016_rwth_schwarz_grau_rgb.png"><img decoding="async" class="alignnone size-full wp-image-3087" src="https://futurelab-aachen.de/wp-content/uploads/2016/01/sw__0016_rwth_schwarz_grau_rgb.png" alt="sw__0016_rwth_schwarz_grau_rgb" width="212" height="59" /></a></p>

<p>Das passende Studienfach auszuwählen ist eine der prägendsten Entscheidungen für deine Zukunft. Damit du eine solide Entscheidung treffen [&hellip;]</p>

<!-- This site is optimized with the Yoast SEO plugin v26.9 - https://yoast.com/product/yoast-seo-wordpress/ -->
<title>Beratungstage - Future Lab Aachen</title>
<meta name="robots" content="index, follow, max-snippet:-1, max-image-preview:large, max-video-preview:-1" />
<link rel="canonical" href="https://futurelab-aachen.de/en/event/beratungstage-2/" />
<meta property="og:locale" content="en_US" />
<meta property="og:type" content="article" />
<meta property="og:title" content="Beratungstage - Future Lab Aachen" />
<meta property="og:description" content="Das passende Studienfach auszuwählen ist eine der prägendsten Entscheidungen für deine Zukunft. Damit du eine solide Entscheidung treffen [&hellip;]" />
<meta property="og:url" content="https://futurelab-aachen.de/en/event/beratungstage-2/" />
<meta property="og:site_name" content="Future Lab Aachen" />
<meta property="og:image" content="https://futurelab-aachen.de/wp-content/uploads/2015/12/Hoersaal5_Hauptgebäude_Winandy.jpg" />
	<meta property="og:image:width" content="2126" />
	<meta property="og:image:height" content="1415" />
	<meta property="og:image:type" content="image/jpeg" />
<meta name="twitter:card" content="summary_large_image" />
<meta name="twitter:label1" content="Est. reading time" />
	<meta name="twitter:data1" content="1 minute" />
<script type="application/ld+json" class="yoast-schema-graph">{"@context":"https://schema.org","@graph":[{"@type":"WebPage","@id":"https://futurelab-aachen.de/en/event/beratungstage-2/","url":"https://futurelab-aachen.de/en/event/beratungstage-2/","name":"Beratungstage - Future Lab Aachen","isPartOf":{"@id":"https://futurelab-aachen.de/#website"},"primaryImageOfPage":{"@id":"https://futurelab-aachen.de/en/event/beratungstage-2/#primaryimage"},"image":{"@id":"https://futurelab-aachen.de/en/event/beratungstage-2/#primaryimage"},"thumbnailUrl":"https://futurelab-aachen.de/wp-content/uploads/2015/12/Hoersaal5_Hauptgebäude_Winandy.jpg","datePublished":"2015-12-30T11:14:19+00:00","breadcrumb":{"@id":"https://futurelab-aachen.de/en/event/beratungstage-2/#breadcrumb"},"inLanguage":"en-US","potentialAction":[{"@type":"ReadAction","target":["https://futurelab-aachen.de/en/event/beratungstage-2/"]}]},{"@type":"ImageObject","inLanguage":"en-US","@id":"https://futurelab-aachen.de/en/event/beratungstage-2/#primaryimage","url":"https://futurelab-aachen.de/wp-content/uploads/2015/12/Hoersaal5_Hauptgebäude_Winandy.jpg","contentUrl":"https://futurelab-aachen.de/wp-content/uploads/2015/12/Hoersaal5_Hauptgebäude_Winandy.jpg","width":2080,"height":1384,"caption":"RWTH Aachen_Peter Winandy"},{"@type":"BreadcrumbList","@id":"https://futurelab-aachen.de/en/event/beratungstage-2/#breadcrumb","itemListElement":[{"@type":"ListItem","position":1,"name":"Startseite","item":"https://futurelab-aachen.de/en/"},{"@type":"ListItem","position":2,"name":"Veranstaltungen","item":"https://futurelab-aachen.de/event/"},{"@type":"ListItem","position":3,"name":"Beratungstage"}]},{"@type":"WebSite","@id":"https://futurelab-aachen.de/#website","url":"https://futurelab-aachen.de/","name":"Future Lab Aachen","description":"Kunst des Fortschritts","publisher":{"@id":"https://futurelab-aachen.de/#organization"},"potentialAction":[{"@type":"SearchAction","target":{"@type":"EntryPoint","urlTemplate":"https://futurelab-aachen.de/?s={search_term_string}"},"query-input":{"@type":"PropertyValueSpecification","valueRequired":true,"valueName":"search_term_string"}}],"inLanguage":"en-US"},{"@type":"Organization","@id":"https://futurelab-aachen.de/#organization","name":"Future Lab Aachen","url":"https://futurelab-aachen.de/","logo":{"@type":"ImageObject","inLanguage":"en-US","@id":"https://futurelab-aachen.de/#/schema/logo/image/","url":"","contentUrl":"","caption":"Future Lab Aachen"},"image":{"@id":"https://futurelab-aachen.de/#/schema/logo/image/"}}]}</script>
<!-- / Yoast SEO plugin. -->

Das passende Studienfach auszuwählen ist eine der prägendsten Entscheidungen für deine Zukunft. Damit du eine solide Entscheidung treffen [&hellip;]

https://futurelab-aachen.de/wp-content/uploads/2015/12/Hoersaal5_Hauptgebäude_Winandy.jpg
