{"id":5263,"date":"2015-12-21T11:40:41","date_gmt":"2015-12-21T10:40:41","guid":{"rendered":"http:\/\/futurelab-aachen.de\/event\/philosophie-trifft-politik-philosophische-matinee-3\/"},"modified":"2015-12-21T11:40:41","modified_gmt":"2015-12-21T10:40:41","slug":"philosophie-trifft-politik-philosophische-matinee","status":"publish","type":"tribe_events","link":"https:\/\/futurelab-aachen.de\/en\/event\/philosophie-trifft-politik-philosophische-matinee\/","title":{"rendered":"Was ist V\u00f6lkermord?"},"content":{"rendered":"<p>Der V\u00f6lkermordbegriff und seine Probleme: Damit besch\u00e4ftigt sich die Reihe Philosophie trifft Politik \/ Philosophische Matinee heute: Die systematische Vernichtung der Armenier im 1. Weltkrieg war ein namenloses Menschheitsverbrechen, das im Internationalen Recht jener Zeit keine Erw\u00e4hnung fand und daher ungestraft blieb. W\u00e4hrend des 2. Weltkriegs schl\u00e4gt der polnische Jurist Raphael Lehmkin (1900-1959) unter Verweis auf die Vernichtung der europ\u00e4ischen Juden den Neologismus &#8220;Genozid&#8221; vor, der im Deutschen meist mit &#8216;V\u00f6lkermord&#8217; wiedergegeben wird. In der &#8220;Konvention \u00fcber die Verh\u00fctung und Bestrafung des V\u00f6lkermordes&#8221; der Vereinten Nationen von 1948 wird dieses Menschheitsverbrechen erstmals rechtlich definiert und kriminalisiert. In der Folgezeit wird jedoch schnell klar, dass die Definition gravierende M\u00e4ngel aufweist, die ihre Anwendung auf konkrete F\u00e4lle erschweren und den vern\u00fcnftigen Sinn des V\u00f6lkermordbegriffs selbst in Frage stellen.<\/p>\n<p>Die philosophische Matinee l\u00e4dt sowohl politisch als auch philosophisch Interessierte zum Nachdenken und Austauschen ein. Das Philosophische Institut sowie das Institut f\u00fcr Politische Wissenschaft der RWTH, die Volkshochschule, das Eine Welt Forum und \u201cLogoi. Institut f\u00fcr Philosophie und Diskurs\u201d beleuchten mit diesem Gemeinschaftsprojekt globale Themen wie Weltarmut, Menschenrechte und Verteilungsungerechtigkeit aus philosophischer Sicht.<\/p>\n<p>Spezielle Vorkenntnisse sind nicht erforderlich. Die Philosophische Matinee richtet sich auch an philosophische Laien.<\/p>\n<p>Eintritt frei!<\/p>\n","protected":false},"excerpt":{"rendered":"<p>Der V\u00f6lkermordbegriff und seine Probleme: Damit besch\u00e4ftigt sich die Reihe Philosophie trifft Politik \/ Philosophische Matinee heute: Die [&hellip;]<\/p>\n","protected":false},"author":3,"featured_media":2530,"template":"","meta":{"_acf_changed":false,"_lmt_disableupdate":"","_lmt_disable":"","_tribe_events_status":"","_tribe_events_status_reason":"","footnotes":""},"tags":[],"tribe_events_cat":[88],"class_list":["post-5263","tribe_events","type-tribe_events","status-publish","has-post-thumbnail","hentry","tribe_events_cat-diskurs-en","cat_diskurs-en"],"acf":[],"yoast_head":"<!-- This site is optimized with the Yoast SEO plugin v26.9 - https:\/\/yoast.com\/product\/yoast-seo-wordpress\/ -->\n<title>Was ist V\u00f6lkermord? - Future Lab Aachen<\/title>\n<meta name=\"robots\" content=\"index, follow, max-snippet:-1, max-image-preview:large, max-video-preview:-1\" \/>\n<link rel=\"canonical\" href=\"https:\/\/futurelab-aachen.de\/en\/event\/philosophie-trifft-politik-philosophische-matinee\/\" \/>\n<meta property=\"og:locale\" content=\"en_US\" \/>\n<meta property=\"og:type\" content=\"article\" \/>\n<meta property=\"og:title\" content=\"Was ist V\u00f6lkermord? - Future Lab Aachen\" \/>\n<meta property=\"og:description\" content=\"Der V\u00f6lkermordbegriff und seine Probleme: Damit besch\u00e4ftigt sich die Reihe Philosophie trifft Politik \/ Philosophische Matinee heute: Die [&hellip;]\" \/>\n<meta property=\"og:url\" content=\"https:\/\/futurelab-aachen.de\/en\/event\/philosophie-trifft-politik-philosophische-matinee\/\" \/>\n<meta property=\"og:site_name\" content=\"Future Lab Aachen\" \/>\n<meta property=\"og:image\" content=\"https:\/\/futurelab-aachen.de\/wp-content\/uploads\/2015\/12\/logoi.jpeg\" \/>\n\t<meta property=\"og:image:width\" content=\"1280\" \/>\n\t<meta property=\"og:image:height\" content=\"854\" \/>\n\t<meta property=\"og:image:type\" content=\"image\/jpeg\" \/>\n<meta name=\"twitter:card\" content=\"summary_large_image\" \/>\n<meta name=\"twitter:label1\" content=\"Est. reading time\" \/>\n\t<meta name=\"twitter:data1\" content=\"1 minute\" \/>\n<script type=\"application\/ld+json\" class=\"yoast-schema-graph\">{\"@context\":\"https:\/\/schema.org\",\"@graph\":[{\"@type\":\"WebPage\",\"@id\":\"https:\/\/futurelab-aachen.de\/en\/event\/philosophie-trifft-politik-philosophische-matinee\/\",\"url\":\"https:\/\/futurelab-aachen.de\/en\/event\/philosophie-trifft-politik-philosophische-matinee\/\",\"name\":\"Was ist V\u00f6lkermord? - Future Lab Aachen\",\"isPartOf\":{\"@id\":\"https:\/\/futurelab-aachen.de\/#website\"},\"primaryImageOfPage\":{\"@id\":\"https:\/\/futurelab-aachen.de\/en\/event\/philosophie-trifft-politik-philosophische-matinee\/#primaryimage\"},\"image\":{\"@id\":\"https:\/\/futurelab-aachen.de\/en\/event\/philosophie-trifft-politik-philosophische-matinee\/#primaryimage\"},\"thumbnailUrl\":\"https:\/\/futurelab-aachen.de\/wp-content\/uploads\/2015\/12\/logoi.jpeg\",\"datePublished\":\"2015-12-21T10:40:41+00:00\",\"breadcrumb\":{\"@id\":\"https:\/\/futurelab-aachen.de\/en\/event\/philosophie-trifft-politik-philosophische-matinee\/#breadcrumb\"},\"inLanguage\":\"en-US\",\"potentialAction\":[{\"@type\":\"ReadAction\",\"target\":[\"https:\/\/futurelab-aachen.de\/en\/event\/philosophie-trifft-politik-philosophische-matinee\/\"]}]},{\"@type\":\"ImageObject\",\"inLanguage\":\"en-US\",\"@id\":\"https:\/\/futurelab-aachen.de\/en\/event\/philosophie-trifft-politik-philosophische-matinee\/#primaryimage\",\"url\":\"https:\/\/futurelab-aachen.de\/wp-content\/uploads\/2015\/12\/logoi.jpeg\",\"contentUrl\":\"https:\/\/futurelab-aachen.de\/wp-content\/uploads\/2015\/12\/logoi.jpeg\",\"width\":1280,\"height\":854,\"caption\":\"LOGOI. Institut f\u00fcr Philosophie und Diskurs\"},{\"@type\":\"BreadcrumbList\",\"@id\":\"https:\/\/futurelab-aachen.de\/en\/event\/philosophie-trifft-politik-philosophische-matinee\/#breadcrumb\",\"itemListElement\":[{\"@type\":\"ListItem\",\"position\":1,\"name\":\"Startseite\",\"item\":\"https:\/\/futurelab-aachen.de\/en\/\"},{\"@type\":\"ListItem\",\"position\":2,\"name\":\"Veranstaltungen\",\"item\":\"https:\/\/futurelab-aachen.de\/event\/\"},{\"@type\":\"ListItem\",\"position\":3,\"name\":\"Was ist V\u00f6lkermord?\"}]},{\"@type\":\"WebSite\",\"@id\":\"https:\/\/futurelab-aachen.de\/#website\",\"url\":\"https:\/\/futurelab-aachen.de\/\",\"name\":\"Future Lab Aachen\",\"description\":\"Kunst des Fortschritts\",\"publisher\":{\"@id\":\"https:\/\/futurelab-aachen.de\/#organization\"},\"potentialAction\":[{\"@type\":\"SearchAction\",\"target\":{\"@type\":\"EntryPoint\",\"urlTemplate\":\"https:\/\/futurelab-aachen.de\/?s={search_term_string}\"},\"query-input\":{\"@type\":\"PropertyValueSpecification\",\"valueRequired\":true,\"valueName\":\"search_term_string\"}}],\"inLanguage\":\"en-US\"},{\"@type\":\"Organization\",\"@id\":\"https:\/\/futurelab-aachen.de\/#organization\",\"name\":\"Future Lab Aachen\",\"url\":\"https:\/\/futurelab-aachen.de\/\",\"logo\":{\"@type\":\"ImageObject\",\"inLanguage\":\"en-US\",\"@id\":\"https:\/\/futurelab-aachen.de\/#\/schema\/logo\/image\/\",\"url\":\"\",\"contentUrl\":\"\",\"caption\":\"Future Lab Aachen\"},\"image\":{\"@id\":\"https:\/\/futurelab-aachen.de\/#\/schema\/logo\/image\/\"}}]}<\/script>\n<!-- \/ Yoast SEO plugin. -->","yoast_head_json":{"title":"Was ist V\u00f6lkermord? - Future Lab Aachen","robots":{"index":"index","follow":"follow","max-snippet":"max-snippet:-1","max-image-preview":"max-image-preview:large","max-video-preview":"max-video-preview:-1"},"canonical":"https:\/\/futurelab-aachen.de\/en\/event\/philosophie-trifft-politik-philosophische-matinee\/","og_locale":"en_US","og_type":"article","og_title":"Was ist V\u00f6lkermord? - Future Lab Aachen","og_description":"Der V\u00f6lkermordbegriff und seine Probleme: Damit besch\u00e4ftigt sich die Reihe Philosophie trifft Politik \/ Philosophische Matinee heute: Die [&hellip;]","og_url":"https:\/\/futurelab-aachen.de\/en\/event\/philosophie-trifft-politik-philosophische-matinee\/","og_site_name":"Future Lab Aachen","og_image":[{"width":1280,"height":854,"url":"https:\/\/futurelab-aachen.de\/wp-content\/uploads\/2015\/12\/logoi.jpeg","type":"image\/jpeg"}],"twitter_card":"summary_large_image","twitter_misc":{"Est. reading time":"1 minute"},"schema":{"@context":"https:\/\/schema.org","@graph":[{"@type":"WebPage","@id":"https:\/\/futurelab-aachen.de\/en\/event\/philosophie-trifft-politik-philosophische-matinee\/","url":"https:\/\/futurelab-aachen.de\/en\/event\/philosophie-trifft-politik-philosophische-matinee\/","name":"Was ist V\u00f6lkermord? - Future Lab Aachen","isPartOf":{"@id":"https:\/\/futurelab-aachen.de\/#website"},"primaryImageOfPage":{"@id":"https:\/\/futurelab-aachen.de\/en\/event\/philosophie-trifft-politik-philosophische-matinee\/#primaryimage"},"image":{"@id":"https:\/\/futurelab-aachen.de\/en\/event\/philosophie-trifft-politik-philosophische-matinee\/#primaryimage"},"thumbnailUrl":"https:\/\/futurelab-aachen.de\/wp-content\/uploads\/2015\/12\/logoi.jpeg","datePublished":"2015-12-21T10:40:41+00:00","breadcrumb":{"@id":"https:\/\/futurelab-aachen.de\/en\/event\/philosophie-trifft-politik-philosophische-matinee\/#breadcrumb"},"inLanguage":"en-US","potentialAction":[{"@type":"ReadAction","target":["https:\/\/futurelab-aachen.de\/en\/event\/philosophie-trifft-politik-philosophische-matinee\/"]}]},{"@type":"ImageObject","inLanguage":"en-US","@id":"https:\/\/futurelab-aachen.de\/en\/event\/philosophie-trifft-politik-philosophische-matinee\/#primaryimage","url":"https:\/\/futurelab-aachen.de\/wp-content\/uploads\/2015\/12\/logoi.jpeg","contentUrl":"https:\/\/futurelab-aachen.de\/wp-content\/uploads\/2015\/12\/logoi.jpeg","width":1280,"height":854,"caption":"LOGOI. Institut f\u00fcr Philosophie und Diskurs"},{"@type":"BreadcrumbList","@id":"https:\/\/futurelab-aachen.de\/en\/event\/philosophie-trifft-politik-philosophische-matinee\/#breadcrumb","itemListElement":[{"@type":"ListItem","position":1,"name":"Startseite","item":"https:\/\/futurelab-aachen.de\/en\/"},{"@type":"ListItem","position":2,"name":"Veranstaltungen","item":"https:\/\/futurelab-aachen.de\/event\/"},{"@type":"ListItem","position":3,"name":"Was ist V\u00f6lkermord?"}]},{"@type":"WebSite","@id":"https:\/\/futurelab-aachen.de\/#website","url":"https:\/\/futurelab-aachen.de\/","name":"Future Lab Aachen","description":"Kunst des Fortschritts","publisher":{"@id":"https:\/\/futurelab-aachen.de\/#organization"},"potentialAction":[{"@type":"SearchAction","target":{"@type":"EntryPoint","urlTemplate":"https:\/\/futurelab-aachen.de\/?s={search_term_string}"},"query-input":{"@type":"PropertyValueSpecification","valueRequired":true,"valueName":"search_term_string"}}],"inLanguage":"en-US"},{"@type":"Organization","@id":"https:\/\/futurelab-aachen.de\/#organization","name":"Future Lab Aachen","url":"https:\/\/futurelab-aachen.de\/","logo":{"@type":"ImageObject","inLanguage":"en-US","@id":"https:\/\/futurelab-aachen.de\/#\/schema\/logo\/image\/","url":"","contentUrl":"","caption":"Future Lab Aachen"},"image":{"@id":"https:\/\/futurelab-aachen.de\/#\/schema\/logo\/image\/"}}]}},"_links":{"self":[{"href":"https:\/\/futurelab-aachen.de\/en\/wp-json\/wp\/v2\/tribe_events\/5263","targetHints":{"allow":["GET"]}}],"collection":[{"href":"https:\/\/futurelab-aachen.de\/en\/wp-json\/wp\/v2\/tribe_events"}],"about":[{"href":"https:\/\/futurelab-aachen.de\/en\/wp-json\/wp\/v2\/types\/tribe_events"}],"author":[{"embeddable":true,"href":"https:\/\/futurelab-aachen.de\/en\/wp-json\/wp\/v2\/users\/3"}],"version-history":[{"count":0,"href":"https:\/\/futurelab-aachen.de\/en\/wp-json\/wp\/v2\/tribe_events\/5263\/revisions"}],"wp:featuredmedia":[{"embeddable":true,"href":"https:\/\/futurelab-aachen.de\/en\/wp-json\/wp\/v2\/media\/2530"}],"wp:attachment":[{"href":"https:\/\/futurelab-aachen.de\/en\/wp-json\/wp\/v2\/media?parent=5263"}],"wp:term":[{"taxonomy":"post_tag","embeddable":true,"href":"https:\/\/futurelab-aachen.de\/en\/wp-json\/wp\/v2\/tags?post=5263"},{"taxonomy":"tribe_events_cat","embeddable":true,"href":"https:\/\/futurelab-aachen.de\/en\/wp-json\/wp\/v2\/tribe_events_cat?post=5263"}],"curies":[{"name":"wp","href":"https:\/\/api.w.org\/{rel}","templated":true}]}}

Was ist Völkermord?

<p>Der Völkermordbegriff und seine Probleme: Damit beschäftigt sich die Reihe Philosophie trifft Politik / Philosophische Matinee heute: Die systematische Vernichtung der Armenier im 1. Weltkrieg war ein namenloses Menschheitsverbrechen, das im Internationalen Recht jener Zeit keine Erwähnung fand und daher ungestraft blieb. Während des 2. Weltkriegs schlägt der polnische Jurist Raphael Lehmkin (1900-1959) unter Verweis auf die Vernichtung der europäischen Juden den Neologismus &#8220;Genozid&#8221; vor, der im Deutschen meist mit &#8216;Völkermord&#8217; wiedergegeben wird. In der &#8220;Konvention über die Verhütung und Bestrafung des Völkermordes&#8221; der Vereinten Nationen von 1948 wird dieses Menschheitsverbrechen erstmals rechtlich definiert und kriminalisiert. In der Folgezeit wird jedoch schnell klar, dass die Definition gravierende Mängel aufweist, die ihre Anwendung auf konkrete Fälle erschweren und den vernünftigen Sinn des Völkermordbegriffs selbst in Frage stellen.</p>
<p>Die philosophische Matinee lädt sowohl politisch als auch philosophisch Interessierte zum Nachdenken und Austauschen ein. Das Philosophische Institut sowie das Institut für Politische Wissenschaft der RWTH, die Volkshochschule, das Eine Welt Forum und “Logoi. Institut für Philosophie und Diskurs” beleuchten mit diesem Gemeinschaftsprojekt globale Themen wie Weltarmut, Menschenrechte und Verteilungsungerechtigkeit aus philosophischer Sicht.</p>
<p>Spezielle Vorkenntnisse sind nicht erforderlich. Die Philosophische Matinee richtet sich auch an philosophische Laien.</p>
<p>Eintritt frei!</p>

<p>Der Völkermordbegriff und seine Probleme: Damit beschäftigt sich die Reihe Philosophie trifft Politik / Philosophische Matinee heute: Die [&hellip;]</p>

<!-- This site is optimized with the Yoast SEO plugin v26.9 - https://yoast.com/product/yoast-seo-wordpress/ -->
<title>Was ist Völkermord? - Future Lab Aachen</title>
<meta name="robots" content="index, follow, max-snippet:-1, max-image-preview:large, max-video-preview:-1" />
<link rel="canonical" href="https://futurelab-aachen.de/en/event/philosophie-trifft-politik-philosophische-matinee/" />
<meta property="og:locale" content="en_US" />
<meta property="og:type" content="article" />
<meta property="og:title" content="Was ist Völkermord? - Future Lab Aachen" />
<meta property="og:description" content="Der Völkermordbegriff und seine Probleme: Damit beschäftigt sich die Reihe Philosophie trifft Politik / Philosophische Matinee heute: Die [&hellip;]" />
<meta property="og:url" content="https://futurelab-aachen.de/en/event/philosophie-trifft-politik-philosophische-matinee/" />
<meta property="og:site_name" content="Future Lab Aachen" />
<meta property="og:image" content="https://futurelab-aachen.de/wp-content/uploads/2015/12/logoi.jpeg" />
	<meta property="og:image:width" content="1280" />
	<meta property="og:image:height" content="854" />
	<meta property="og:image:type" content="image/jpeg" />
<meta name="twitter:card" content="summary_large_image" />
<meta name="twitter:label1" content="Est. reading time" />
	<meta name="twitter:data1" content="1 minute" />
<script type="application/ld+json" class="yoast-schema-graph">{"@context":"https://schema.org","@graph":[{"@type":"WebPage","@id":"https://futurelab-aachen.de/en/event/philosophie-trifft-politik-philosophische-matinee/","url":"https://futurelab-aachen.de/en/event/philosophie-trifft-politik-philosophische-matinee/","name":"Was ist Völkermord? - Future Lab Aachen","isPartOf":{"@id":"https://futurelab-aachen.de/#website"},"primaryImageOfPage":{"@id":"https://futurelab-aachen.de/en/event/philosophie-trifft-politik-philosophische-matinee/#primaryimage"},"image":{"@id":"https://futurelab-aachen.de/en/event/philosophie-trifft-politik-philosophische-matinee/#primaryimage"},"thumbnailUrl":"https://futurelab-aachen.de/wp-content/uploads/2015/12/logoi.jpeg","datePublished":"2015-12-21T10:40:41+00:00","breadcrumb":{"@id":"https://futurelab-aachen.de/en/event/philosophie-trifft-politik-philosophische-matinee/#breadcrumb"},"inLanguage":"en-US","potentialAction":[{"@type":"ReadAction","target":["https://futurelab-aachen.de/en/event/philosophie-trifft-politik-philosophische-matinee/"]}]},{"@type":"ImageObject","inLanguage":"en-US","@id":"https://futurelab-aachen.de/en/event/philosophie-trifft-politik-philosophische-matinee/#primaryimage","url":"https://futurelab-aachen.de/wp-content/uploads/2015/12/logoi.jpeg","contentUrl":"https://futurelab-aachen.de/wp-content/uploads/2015/12/logoi.jpeg","width":1280,"height":854,"caption":"LOGOI. Institut für Philosophie und Diskurs"},{"@type":"BreadcrumbList","@id":"https://futurelab-aachen.de/en/event/philosophie-trifft-politik-philosophische-matinee/#breadcrumb","itemListElement":[{"@type":"ListItem","position":1,"name":"Startseite","item":"https://futurelab-aachen.de/en/"},{"@type":"ListItem","position":2,"name":"Veranstaltungen","item":"https://futurelab-aachen.de/event/"},{"@type":"ListItem","position":3,"name":"Was ist Völkermord?"}]},{"@type":"WebSite","@id":"https://futurelab-aachen.de/#website","url":"https://futurelab-aachen.de/","name":"Future Lab Aachen","description":"Kunst des Fortschritts","publisher":{"@id":"https://futurelab-aachen.de/#organization"},"potentialAction":[{"@type":"SearchAction","target":{"@type":"EntryPoint","urlTemplate":"https://futurelab-aachen.de/?s={search_term_string}"},"query-input":{"@type":"PropertyValueSpecification","valueRequired":true,"valueName":"search_term_string"}}],"inLanguage":"en-US"},{"@type":"Organization","@id":"https://futurelab-aachen.de/#organization","name":"Future Lab Aachen","url":"https://futurelab-aachen.de/","logo":{"@type":"ImageObject","inLanguage":"en-US","@id":"https://futurelab-aachen.de/#/schema/logo/image/","url":"","contentUrl":"","caption":"Future Lab Aachen"},"image":{"@id":"https://futurelab-aachen.de/#/schema/logo/image/"}}]}</script>
<!-- / Yoast SEO plugin. -->

Was ist Völkermord? - Future Lab Aachen

Der Völkermordbegriff und seine Probleme: Damit beschäftigt sich die Reihe Philosophie trifft Politik / Philosophische Matinee heute: Die [&hellip;]

LOGOI. Institut für Philosophie und Diskurs
